{"id":718406,"date":"2025-08-27T18:07:55","date_gmt":"2025-08-27T15:07:55","guid":{"rendered":"https:\/\/roveyayinevi.com.tr\/index.php\/urun\/iz-2\/"},"modified":"2026-04-16T02:26:25","modified_gmt":"2026-04-15T23:26:25","slug":"iz-2","status":"publish","type":"product","link":"https:\/\/roveyayinevi.com.tr\/index.php\/urun\/iz-2\/","title":{"rendered":"\u0130z"},"content":{"rendered":"<p>Yollar kar\u0131\u015f\u0131yor, aile par\u00e7alan\u0131yor, \u00e7\u00f6l yan\u0131yor. Kapal\u0131 kap\u0131lar ard\u0131ndan s\u0131zan toz, ya\u015fam\u0131 tehdit ediyor. Dale ve Hoa, yirmili ya\u015flar\u0131n\u0131n ba\u015f\u0131ndaki idare etmesi zor o\u011fullar\u0131yla girdikleri m\u00fccadeleden bitap d\u00fc\u015fm\u00fc\u015f, bunal\u0131ml\u0131 g\u00fcnler ge\u00e7irmektedirler. Evlerinden ve kendilerinden biraz uzakla\u015fmak arzusuyla Meksika\u2019ya do\u011fru bir yolculu\u011fa \u00e7\u0131karlar. Huzurlu tatil hayalleri \u00e7\u00f6l\u00fcn cehennem s\u0131ca\u011f\u0131nda, adeta parampar\u00e7a olmu\u015f bir d\u00fcnyan\u0131n i\u00e7inde buharla\u015f\u0131r. Ya\u015famlar\u0131 tehlikeye d\u00fc\u015fer. \u015eair\/yazar Forrest Gander bu \u00e7a\u011fda\u015f roman\u0131n\u0131 yine \u015fiirsel bir dille ele alm\u0131\u015f. Yer yer ak\u0131\u015f\u0131 yava\u015flatma pahas\u0131na \u00e7ekti\u011fi \u00e7ok ayr\u0131nt\u0131l\u0131 ve capcanl\u0131 foto\u011fraflarla okurunun duyular\u0131n\u0131 zorlayarak a\u00e7\u0131yor.Beklenmedik anda tempo kazanarak okurunu pe\u015finden ko\u015fturan, soluk solu\u011fa b\u0131rakan roman\u0131yla Gander, bir dil sihirbaz\u0131 olarak \u00e7\u0131kt\u0131\u011f\u0131 yolda usta bir kurgucuya d\u00f6n\u00fc\u015f\u00fcyor. Forrest Gander 2019 y\u0131l\u0131 \u015fiir dal\u0131nda Pulitzer \u00d6d\u00fcl\u00fc sahibidir. \u0130z, yazar\u0131n \u015eair\u2019in Vedas\u0131\u2019ndan sonra T\u00fcrk\u00e7eye \u00e7evrilen ikinci roman\u0131. <\/p>\n","protected":false},"excerpt":{"rendered":"<p>Yollar kar\u0131\u015f\u0131yor, aile par\u00e7alan\u0131yor, \u00e7\u00f6l yan\u0131yor. Kapal\u0131 kap\u0131lar ard\u0131ndan s\u0131zan toz, ya\u015fam\u0131 tehdit ediyor. Dale ve Hoa, yirmili ya\u015flar\u0131n\u0131n ba\u015f\u0131ndaki idare etmesi zor o\u011fullar\u0131yla girdikleri m\u00fccadeleden<span class=\"excerpt-hellip\"> [\u2026]<\/span><\/p>\n","protected":false},"featured_media":0,"template":"","meta":{"_monsterinsights_skip_tracking":false,"_monsterinsights_sitenote_active":false,"_monsterinsights_sitenote_note":"","_monsterinsights_sitenote_category":0},"product_brand":[],"product_cat":[12291,12711],"product_tag":[],"class_list":{"0":"post-718406","1":"product","2":"type-product","3":"status-publish","5":"product_cat-edebiyat","6":"product_cat-roman-oyku","7":"pa_cilt-ciltsiz","8":"pa_tur-kitap","9":"pa_yayinevi-yapi-kredi-yayinlari","10":"pa_yazar-forrest-gander","12":"first","13":"instock","14":"sale","15":"shipping-taxable","16":"purchasable","17":"product-type-simple"},"_links":{"self":[{"href":"https:\/\/roveyayinevi.com.tr\/index.php\/wp-json\/wp\/v2\/product\/718406","targetHints":{"allow":["GET"]}}],"collection":[{"href":"https:\/\/roveyayinevi.com.tr\/index.php\/wp-json\/wp\/v2\/product"}],"about":[{"href":"https:\/\/roveyayinevi.com.tr\/index.php\/wp-json\/wp\/v2\/types\/product"}],"wp:attachment":[{"href":"https:\/\/roveyayinevi.com.tr\/index.php\/wp-json\/wp\/v2\/media?parent=718406"}],"wp:term":[{"taxonomy":"product_brand","embeddable":true,"href":"https:\/\/roveyayinevi.com.tr\/index.php\/wp-json\/wp\/v2\/product_brand?post=718406"},{"taxonomy":"product_cat","embeddable":true,"href":"https:\/\/roveyayinevi.com.tr\/index.php\/wp-json\/wp\/v2\/product_cat?post=718406"},{"taxonomy":"product_tag","embeddable":true,"href":"https:\/\/roveyayinevi.com.tr\/index.php\/wp-json\/wp\/v2\/product_tag?post=718406"}],"curies":[{"name":"wp","href":"https:\/\/api.w.org\/{rel}","templated":true}]}}