{"id":718402,"date":"2025-08-27T18:07:53","date_gmt":"2025-08-27T15:07:53","guid":{"rendered":"https:\/\/roveyayinevi.com.tr\/index.php\/urun\/herkes-orgu-orebilir\/"},"modified":"2026-04-16T02:26:25","modified_gmt":"2026-04-15T23:26:25","slug":"herkes-orgu-orebilir","status":"publish","type":"product","link":"https:\/\/roveyayinevi.com.tr\/index.php\/urun\/herkes-orgu-orebilir\/","title":{"rendered":"Herkes \u00d6rg\u00fc \u00d6rebilir"},"content":{"rendered":"<p>\u201cHerkes \u00d6rg\u00fc \u00d6rebilir\u201d \u00f6rg\u00fcye yeni ba\u015flayanlar\u0131n Teknik bilgileri kolayl\u0131kla \u00f6\u011frenebilece\u011fi bir kitap olmas\u0131n\u0131n yan\u0131 s\u0131ra bu i\u015fte yol katetmi\u015f tecr\u00fcbeli \u00f6rg\u00fcc\u00fcler i\u00e7in de yeni fikirleri ve \u015f\u0131k projeleri i\u00e7inde bar\u0131nd\u0131r\u0131yor. T\u00fcm bu bilgi hazinesinin haricinde t\u0131\u011f i\u015fi \u00f6rmeye y\u00f6nelik bir ba\u015flang\u0131\u00e7 program\u0131 da okuyucuya sunuluyor. Temel \u00f6rg\u00fc ve t\u0131\u011f i\u015fi \u00f6rg\u00fc becerileri i\u00e7in haz\u0131rlanm\u0131\u015f olan bu g\u00fczel ve pratik rehberde: Temel ara\u00e7 gere\u00e7, malzeme ve hem \u015fi\u015fle \u00f6rme hem de t\u0131\u011f ile \u00f6rme dilini kapsayan b\u00f6l\u00fcmler, Temel teknikleri g\u00f6steren foto\u011fraflanm\u0131\u015f ve resimlenmi\u015f \u00f6\u011fretici k\u0131s\u0131mlar, Acemisinden usta \u00f6rg\u00fcc\u00fcs\u00fcne kadar herkesi cezbeden; ad\u0131m ad\u0131m a\u00e7\u0131klamalar\u0131, en k\u0131sa h\u00e2li ile anlat\u0131lm\u0131\u015f modelleri ve izlenecek grafikleri ile bir dizi proje bulacaks\u0131n\u0131z. <\/p>\n","protected":false},"excerpt":{"rendered":"<p>\u201cHerkes \u00d6rg\u00fc \u00d6rebilir\u201d \u00f6rg\u00fcye yeni ba\u015flayanlar\u0131n Teknik bilgileri kolayl\u0131kla \u00f6\u011frenebilece\u011fi bir kitap olmas\u0131n\u0131n yan\u0131 s\u0131ra bu i\u015fte yol katetmi\u015f tecr\u00fcbeli \u00f6rg\u00fcc\u00fcler i\u00e7in de yeni fikirleri ve<span class=\"excerpt-hellip\"> [\u2026]<\/span><\/p>\n","protected":false},"featured_media":0,"template":"","meta":{"_monsterinsights_skip_tracking":false,"_monsterinsights_sitenote_active":false,"_monsterinsights_sitenote_note":"","_monsterinsights_sitenote_category":0},"product_brand":[],"product_cat":[28265,15563],"product_tag":[],"class_list":{"0":"post-718402","1":"product","2":"type-product","3":"status-publish","5":"product_cat-diger-hobi","6":"product_cat-hobi","7":"pa_cilt-ciltsiz","8":"pa_tur-kitap","9":"pa_yayinevi-profil-kitap","10":"pa_yazar-libby-summers-charlotte-gerlings","12":"first","13":"instock","14":"sale","15":"shipping-taxable","16":"purchasable","17":"product-type-simple"},"_links":{"self":[{"href":"https:\/\/roveyayinevi.com.tr\/index.php\/wp-json\/wp\/v2\/product\/718402","targetHints":{"allow":["GET"]}}],"collection":[{"href":"https:\/\/roveyayinevi.com.tr\/index.php\/wp-json\/wp\/v2\/product"}],"about":[{"href":"https:\/\/roveyayinevi.com.tr\/index.php\/wp-json\/wp\/v2\/types\/product"}],"wp:attachment":[{"href":"https:\/\/roveyayinevi.com.tr\/index.php\/wp-json\/wp\/v2\/media?parent=718402"}],"wp:term":[{"taxonomy":"product_brand","embeddable":true,"href":"https:\/\/roveyayinevi.com.tr\/index.php\/wp-json\/wp\/v2\/product_brand?post=718402"},{"taxonomy":"product_cat","embeddable":true,"href":"https:\/\/roveyayinevi.com.tr\/index.php\/wp-json\/wp\/v2\/product_cat?post=718402"},{"taxonomy":"product_tag","embeddable":true,"href":"https:\/\/roveyayinevi.com.tr\/index.php\/wp-json\/wp\/v2\/product_tag?post=718402"}],"curies":[{"name":"wp","href":"https:\/\/api.w.org\/{rel}","templated":true}]}}