{"id":718399,"date":"2025-08-27T18:07:51","date_gmt":"2025-08-27T15:07:51","guid":{"rendered":"https:\/\/roveyayinevi.com.tr\/index.php\/urun\/ehl-i-quran-olmak\/"},"modified":"2026-04-16T02:26:25","modified_gmt":"2026-04-15T23:26:25","slug":"ehl-i-quran-olmak","status":"publish","type":"product","link":"https:\/\/roveyayinevi.com.tr\/index.php\/urun\/ehl-i-quran-olmak\/","title":{"rendered":"Ehl-i Qur&#8217;an Olmak"},"content":{"rendered":"<p>G\u00fcn\u00fcm\u00fczde insanl\u0131k \u201c\u00c7a\u011fda\u015f C\u00e2hiliye\u201dnin ku\u015fatmas\u0131 ve \u201c\u00c7a\u011fda\u015f Firavunlar\u201d\u0131n zulm\u00fc alt\u0131nda ezilmekte, alabildi\u011fine s\u00f6m\u00fcr\u00fclmektedir. \u00c7o\u011funluk bunun fark\u0131nda bile de\u011fildir \u00e7\u00fcnki, t\u0131pk\u0131 mub\u00e2rekQur\u2019\u00e2n\u2019\u0131n bildirdi\u011fi gibi, \u201c\u00c7a\u011fda\u015f Firavunlar\u201d taraf\u0131ndan \u201captalla\u015ft\u0131r\u0131lm\u0131\u015f\u201d durumdad\u0131r. \u0130nsanl\u0131\u011f\u0131n gelece\u011fi, \u201cinsanl\u0131k i\u00e7in \u00e7\u0131kar\u0131lm\u0131\u015f en hayrl\u0131 \u00fcmmet\u201d olan \u0130zzetli \u00dcmmet-i Muhammed\u2019in \u00f6rnekli\u011fine muhta\u00e7t\u0131r. \u0130\u015fte bu y\u00fczdendir ki kendini M\u00fc\u2019min bir Musliman olarak alg\u0131layan ve tan\u0131mlayan herkes mutlaka \u00f6nce, t\u0131pk\u0131 bizim i\u00e7in \u201cen g\u00fczel \u00f6rnek\u201d olan Ras\u00fbl-i Ekrem (ASVS) gibi Ehl-i Qur\u2019\u00e2nolmak, y\u00e2ni Hakk ve Hak\u00eekat\u2019in bir \u201caile mensubu\u201d, \u201cHakk ve Hak\u00eekat\u2019e\u00eem\u00e2ndan kaynaklanan hayat kavray\u0131\u015f\u0131nda ve o hayat\u0131 o do\u011frultuda ya\u015fay\u0131\u015fta bir araya gelmi\u015f olan ki\u015fi ya da ki\u015filer\u201d, \u201cHakk ve Hak\u00eekat\u2019in ona g\u00f6n\u00fclden ba\u011fl\u0131 halk\u0131\u201d h\u00e2line gelmek zorundad\u0131r. G\u00fcn\u00fcm\u00fczde insanl\u0131k \u201c\u00c7a\u011fda\u015f C\u00e2hiliye\u201dnin ku\u015fatmas\u0131 ve \u201c\u00c7a\u011fda\u015f Firavunlar\u201d\u0131n zulm\u00fc alt\u0131nda ezilmekte, alabildi\u011fine s\u00f6m\u00fcr\u00fclmektedir. \u00c7o\u011funluk bunun fark\u0131nda bile de\u011fildir \u00e7\u00fcnki, t\u0131pk\u0131 mub\u00e2rekQur\u2019\u00e2n\u2019\u0131n bildirdi\u011fi gibi, \u201c\u00c7a\u011fda\u015f Firavunlar\u201d taraf\u0131ndan \u201captalla\u015ft\u0131r\u0131lm\u0131\u015f\u201d durumdad\u0131r. \u0130nsanl\u0131\u011f\u0131n gelece\u011fi, \u201cinsanl\u0131k i\u00e7in \u00e7\u0131kar\u0131lm\u0131\u015f en hayrl\u0131 \u00fcmmet\u201d olan \u0130zzetli \u00dcmmet-i Muhammed\u2019in \u00f6rnekli\u011fine muhta\u00e7t\u0131r. \u0130\u015fte bu y\u00fczdendir ki kendini M\u00fc\u2019min bir Musliman olarak alg\u0131layan ve tan\u0131mlayan herkes mutlaka \u00f6nce, t\u0131pk\u0131 bizim i\u00e7in \u201cen g\u00fczel \u00f6rnek\u201d olan Ras\u00fbl-i Ekrem (ASVS) gibi Ehl-i Qur\u2019\u00e2nolmak, y\u00e2ni Hakk ve Hak\u00eekat\u2019in bir \u201caile mensubu\u201d, \u201cHakk ve Hak\u00eekat\u2019e\u00eem\u00e2ndan kaynaklanan hayat kavray\u0131\u015f\u0131nda ve o hayat\u0131 o do\u011frultuda ya\u015fay\u0131\u015fta bir araya gelmi\u015f olan ki\u015fi ya da ki\u015filer\u201d, \u201cHakk ve Hak\u00eekat\u2019in ona g\u00f6n\u00fclden ba\u011fl\u0131 halk\u0131\u201d h\u00e2line gelmek zorundad\u0131r. <\/p>\n","protected":false},"excerpt":{"rendered":"<p>G\u00fcn\u00fcm\u00fczde insanl\u0131k \u201c\u00c7a\u011fda\u015f C\u00e2hiliye\u201dnin ku\u015fatmas\u0131 ve \u201c\u00c7a\u011fda\u015f Firavunlar\u201d\u0131n zulm\u00fc alt\u0131nda ezilmekte, alabildi\u011fine s\u00f6m\u00fcr\u00fclmektedir. \u00c7o\u011funluk bunun fark\u0131nda bile de\u011fildir \u00e7\u00fcnki, t\u0131pk\u0131 mub\u00e2rekQur\u2019\u00e2n\u2019\u0131n bildirdi\u011fi gibi, \u201c\u00c7a\u011fda\u015f Firavunlar\u201d taraf\u0131ndan<span class=\"excerpt-hellip\"> [\u2026]<\/span><\/p>\n","protected":false},"featured_media":0,"template":"","meta":{"_monsterinsights_skip_tracking":false,"_monsterinsights_sitenote_active":false,"_monsterinsights_sitenote_note":"","_monsterinsights_sitenote_category":0},"product_brand":[],"product_cat":[12718,12719],"product_tag":[],"class_list":{"0":"post-718399","1":"product","2":"type-product","3":"status-publish","5":"product_cat-din","6":"product_cat-islam","7":"pa_cilt-ciltsiz","8":"pa_tur-kitap","9":"pa_yayinevi-profil-kitap","10":"pa_yazar-munib-engin-noyan","12":"first","13":"instock","14":"sale","15":"shipping-taxable","16":"purchasable","17":"product-type-simple"},"_links":{"self":[{"href":"https:\/\/roveyayinevi.com.tr\/index.php\/wp-json\/wp\/v2\/product\/718399","targetHints":{"allow":["GET"]}}],"collection":[{"href":"https:\/\/roveyayinevi.com.tr\/index.php\/wp-json\/wp\/v2\/product"}],"about":[{"href":"https:\/\/roveyayinevi.com.tr\/index.php\/wp-json\/wp\/v2\/types\/product"}],"wp:attachment":[{"href":"https:\/\/roveyayinevi.com.tr\/index.php\/wp-json\/wp\/v2\/media?parent=718399"}],"wp:term":[{"taxonomy":"product_brand","embeddable":true,"href":"https:\/\/roveyayinevi.com.tr\/index.php\/wp-json\/wp\/v2\/product_brand?post=718399"},{"taxonomy":"product_cat","embeddable":true,"href":"https:\/\/roveyayinevi.com.tr\/index.php\/wp-json\/wp\/v2\/product_cat?post=718399"},{"taxonomy":"product_tag","embeddable":true,"href":"https:\/\/roveyayinevi.com.tr\/index.php\/wp-json\/wp\/v2\/product_tag?post=718399"}],"curies":[{"name":"wp","href":"https:\/\/api.w.org\/{rel}","templated":true}]}}