{"id":718396,"date":"2025-08-27T18:07:50","date_gmt":"2025-08-27T15:07:50","guid":{"rendered":"https:\/\/roveyayinevi.com.tr\/index.php\/urun\/kuresellesmenin-sosyoekonomik-boyutlari\/"},"modified":"2026-04-16T02:26:25","modified_gmt":"2026-04-15T23:26:25","slug":"kuresellesmenin-sosyoekonomik-boyutlari","status":"publish","type":"product","link":"https:\/\/roveyayinevi.com.tr\/index.php\/urun\/kuresellesmenin-sosyoekonomik-boyutlari\/","title":{"rendered":"K\u00fcreselle\u015fmenin  Sosyoekonomik Boyutlar\u0131"},"content":{"rendered":"<p>B\u0130R\u0130NC\u0130 B\u00d6L\u00dcM K\u00fcreselle\u015fme, \u0130novasyon, Yeni Ekonomi: D\u00fc\u015fen Verimlilik ve K\u00fcresel Ekonomideki \u00c7\u0131kt\u0131 \u0130\u00e7in Bir A\u00e7\u0131klama \u0130K\u0130NC\u0130 B\u00d6L\u00dcM K\u00fcreselle\u015fme ve Enflasyon: G-20 \u00dclkeleri \u0130\u00e7in Amprik Bir  Analiz \u00dc\u00c7\u00dcNC\u00dc B\u00d6L\u00dcM K\u00fcreselle\u015fme S\u00fcrecinde Cari Denge \u0130le Finansal Hesap Kalemleri \u0130li\u015fki: Ardl S\u0131n\u0131r Testi Yakla\u015f\u0131m\u0131 D\u00d6RD\u00dcNC\u00dc B\u00d6L\u00dcM  K\u00fcreselle\u015fmenin B\u00fct\u00e7e A\u00e7\u0131klar\u0131 ve Devletin Ekonomik Boyutuna Etkisi BE\u015e\u0130NC\u0130 B\u00d6L\u00dcM K\u00fcreselle\u015fme S\u00fcrecinde \u0130stihdam\u0131n Gelece\u011fi ALTINCI B\u00d6L\u00dcM K\u00fcreselle\u015fme S\u00fcrecinin Tar\u0131m Sekt\u00f6r\u00fcne Etkileri: Zorluklar-F\u0131rsatlar ve Geli\u015fmekte Olan Ekonomiler \u0130\u00e7in \u00d6nemi YED\u0130NC\u0130 B\u00d6L\u00dcM K\u00fcreselle\u015fen Ekonomik D\u00fczende G\u00f6\u00e7: Trc2 B\u00f6lgesi \u00d6rne\u011fi SEK\u0130Z\u0130NC\u0130 B\u00d6L\u00dcM K\u00fcreselle\u015fme ve Turizm: Makroekonomik Bir Analiz  DOKUZUNCU B\u00d6L\u00dcM K\u00fcresel Ekonomide Muhasebenin Rol\u00fc ONUNCU B\u00d6L\u00dcM  K\u00fcresel Marka ve \u00dcr\u00fcnlerde \u0130htiya\u00e7lara Dayal\u0131 Yakla\u015f\u0131m ONB\u0130R\u0130NC\u0130 B\u00d6L\u00dcM K\u00fcreselle\u015fme Ba\u011flam\u0131na Bankalarda Halkla \u0130li\u015fkiler Faaliyetleri <\/p>\n","protected":false},"excerpt":{"rendered":"<p>B\u0130R\u0130NC\u0130 B\u00d6L\u00dcM K\u00fcreselle\u015fme, \u0130novasyon, Yeni Ekonomi: D\u00fc\u015fen Verimlilik ve K\u00fcresel Ekonomideki \u00c7\u0131kt\u0131 \u0130\u00e7in Bir A\u00e7\u0131klama \u0130K\u0130NC\u0130 B\u00d6L\u00dcM K\u00fcreselle\u015fme ve Enflasyon: G-20 \u00dclkeleri \u0130\u00e7in Amprik Bir Analiz<span class=\"excerpt-hellip\"> [\u2026]<\/span><\/p>\n","protected":false},"featured_media":0,"template":"","meta":{"_monsterinsights_skip_tracking":false,"_monsterinsights_sitenote_active":false,"_monsterinsights_sitenote_note":"","_monsterinsights_sitenote_category":0},"product_brand":[],"product_cat":[13043,14381],"product_tag":[],"class_list":{"0":"post-718396","1":"product","2":"type-product","3":"status-publish","5":"product_cat-ekonomi","6":"product_cat-isletme-muhasebe-maliye","7":"pa_cilt-ciltsiz","8":"pa_tur-kitap","9":"pa_yayinevi-gazi-kitabevi","10":"pa_yazar-ayse-atilgan-yasa-mehmet-dag","12":"first","13":"instock","14":"sale","15":"shipping-taxable","16":"purchasable","17":"product-type-simple"},"_links":{"self":[{"href":"https:\/\/roveyayinevi.com.tr\/index.php\/wp-json\/wp\/v2\/product\/718396","targetHints":{"allow":["GET"]}}],"collection":[{"href":"https:\/\/roveyayinevi.com.tr\/index.php\/wp-json\/wp\/v2\/product"}],"about":[{"href":"https:\/\/roveyayinevi.com.tr\/index.php\/wp-json\/wp\/v2\/types\/product"}],"wp:attachment":[{"href":"https:\/\/roveyayinevi.com.tr\/index.php\/wp-json\/wp\/v2\/media?parent=718396"}],"wp:term":[{"taxonomy":"product_brand","embeddable":true,"href":"https:\/\/roveyayinevi.com.tr\/index.php\/wp-json\/wp\/v2\/product_brand?post=718396"},{"taxonomy":"product_cat","embeddable":true,"href":"https:\/\/roveyayinevi.com.tr\/index.php\/wp-json\/wp\/v2\/product_cat?post=718396"},{"taxonomy":"product_tag","embeddable":true,"href":"https:\/\/roveyayinevi.com.tr\/index.php\/wp-json\/wp\/v2\/product_tag?post=718396"}],"curies":[{"name":"wp","href":"https:\/\/api.w.org\/{rel}","templated":true}]}}

Küreselleşmenin  Sosyoekonomik Boyutları

<p>BİRİNCİ BÖLÜM Küreselleşme, İnovasyon, Yeni Ekonomi: Düşen Verimlilik ve Küresel Ekonomideki Çıktı İçin Bir Açıklama İKİNCİ BÖLÜM Küreselleşme ve Enflasyon: G-20 Ülkeleri İçin Amprik Bir  Analiz ÜÇÜNCÜ BÖLÜM Küreselleşme Sürecinde Cari Denge İle Finansal Hesap Kalemleri İlişki: Ardl Sınır Testi Yaklaşımı DÖRDÜNCÜ BÖLÜM  Küreselleşmenin Bütçe Açıkları ve Devletin Ekonomik Boyutuna Etkisi BEŞİNCİ BÖLÜM Küreselleşme Sürecinde İstihdamın Geleceği ALTINCI BÖLÜM Küreselleşme Sürecinin Tarım Sektörüne Etkileri: Zorluklar-Fırsatlar ve Gelişmekte Olan Ekonomiler İçin Önemi YEDİNCİ BÖLÜM Küreselleşen Ekonomik Düzende Göç: Trc2 Bölgesi Örneği SEKİZİNCİ BÖLÜM Küreselleşme ve Turizm: Makroekonomik Bir Analiz  DOKUZUNCU BÖLÜM Küresel Ekonomide Muhasebenin Rolü ONUNCU BÖLÜM  Küresel Marka ve Ürünlerde İhtiyaçlara Dayalı Yaklaşım ONBİRİNCİ BÖLÜM Küreselleşme Bağlamına Bankalarda Halkla İlişkiler Faaliyetleri </p>

<p>BİRİNCİ BÖLÜM Küreselleşme, İnovasyon, Yeni Ekonomi: Düşen Verimlilik ve Küresel Ekonomideki Çıktı İçin Bir Açıklama İKİNCİ BÖLÜM Küreselleşme ve Enflasyon: G-20 Ülkeleri İçin Amprik Bir Analiz<span class="excerpt-hellip"> […]</span></p>
