{"id":718392,"date":"2025-08-27T18:07:47","date_gmt":"2025-08-27T15:07:47","guid":{"rendered":"https:\/\/roveyayinevi.com.tr\/index.php\/urun\/assassins-creed-suikastcinin-inanci-7-kara-sancak\/"},"modified":"2026-04-16T02:26:25","modified_gmt":"2026-04-15T23:26:25","slug":"assassins-creed-suikastcinin-inanci-7-kara-sancak","status":"publish","type":"product","link":"https:\/\/roveyayinevi.com.tr\/index.php\/urun\/assassins-creed-suikastcinin-inanci-7-kara-sancak\/","title":{"rendered":"Assassin&#8217;s Creed: Suikast\u00e7\u0131n\u0131n \u0130nanc\u0131 7 &#8211; Kara Sancak"},"content":{"rendered":"<p>Hakikat Kanla Yaz\u0131lacak!\u201c\u0130\u015f \u00fczerindeki kukuletal\u0131 adam taraf\u0131ndan b\u00fcy\u00fclenmi\u015ftim. Etraf\u0131ndaki k\u0131y\u0131m\u0131 yok say\u0131p zaman\u0131n\u0131 kollayan ve sald\u0131rmay\u0131 bekleyen bu \u00f6l\u00fcm el\u00e7isi taraf\u0131ndan hipnotize edilmi\u015ftim.\u201dKorsanl\u0131\u011f\u0131n alt\u0131n \u00e7a\u011f\u0131 ya\u015fanmaktad\u0131r ve Yeni D\u00fcnya vaatlerle doludur. Bir t\u00fcccar\u0131n o\u011flu olan Edward Kenway k\u00fcstah biridir. G\u00fcnlerini zengin olmay\u0131 hayal ederek ge\u00e7irirken a\u00e7\u0131k denizlerdeki ihti\u015faml\u0131 hayat\u0131 merak etmeye ba\u015flar.Ailesinin evi sald\u0131r\u0131ya u\u011frad\u0131\u011f\u0131nda ka\u00e7maktan ba\u015fka \u015fans\u0131 kalmaz ve Kenway k\u0131sa s\u00fcrede kendi zaman\u0131n\u0131n en \u00f6l\u00fcmc\u00fcl korsanlar\u0131ndan biri haline gelir.Ancak a\u00e7g\u00f6zl\u00fcl\u00fck, h\u0131rs ve ihanet onun pe\u015fini b\u0131rakmaz. Korkun\u00e7 bir komplo su y\u00fcz\u00fcne \u00e7\u0131k\u0131nca, Kenway sahip oldu\u011fu her \u015feyi kaybetme tehlikesiyle kar\u015f\u0131 kar\u015f\u0131ya kal\u0131r ve intikam alma d\u00fcrt\u00fcs\u00fcyle harekete ge\u00e7er.<\/p>\n","protected":false},"excerpt":{"rendered":"<p>Hakikat Kanla Yaz\u0131lacak!\u201c\u0130\u015f \u00fczerindeki kukuletal\u0131 adam taraf\u0131ndan b\u00fcy\u00fclenmi\u015ftim. Etraf\u0131ndaki k\u0131y\u0131m\u0131 yok say\u0131p zaman\u0131n\u0131 kollayan ve sald\u0131rmay\u0131 bekleyen bu \u00f6l\u00fcm el\u00e7isi taraf\u0131ndan hipnotize edilmi\u015ftim.\u201dKorsanl\u0131\u011f\u0131n alt\u0131n \u00e7a\u011f\u0131 ya\u015fanmaktad\u0131r<span class=\"excerpt-hellip\"> [\u2026]<\/span><\/p>\n","protected":false},"featured_media":0,"template":"","meta":{"_monsterinsights_skip_tracking":false,"_monsterinsights_sitenote_active":false,"_monsterinsights_sitenote_note":"","_monsterinsights_sitenote_category":0},"product_brand":[],"product_cat":[12291,14777],"product_tag":[],"class_list":{"0":"post-718392","1":"product","2":"type-product","3":"status-publish","5":"product_cat-edebiyat","6":"product_cat-fantastik","7":"pa_cilt-ciltsiz","8":"pa_tur-kitap","9":"pa_yayinevi-epsilon-yayinlari","10":"pa_yazar-oliver-bowden","12":"first","13":"instock","14":"sale","15":"shipping-taxable","16":"purchasable","17":"product-type-simple"},"_links":{"self":[{"href":"https:\/\/roveyayinevi.com.tr\/index.php\/wp-json\/wp\/v2\/product\/718392","targetHints":{"allow":["GET"]}}],"collection":[{"href":"https:\/\/roveyayinevi.com.tr\/index.php\/wp-json\/wp\/v2\/product"}],"about":[{"href":"https:\/\/roveyayinevi.com.tr\/index.php\/wp-json\/wp\/v2\/types\/product"}],"wp:attachment":[{"href":"https:\/\/roveyayinevi.com.tr\/index.php\/wp-json\/wp\/v2\/media?parent=718392"}],"wp:term":[{"taxonomy":"product_brand","embeddable":true,"href":"https:\/\/roveyayinevi.com.tr\/index.php\/wp-json\/wp\/v2\/product_brand?post=718392"},{"taxonomy":"product_cat","embeddable":true,"href":"https:\/\/roveyayinevi.com.tr\/index.php\/wp-json\/wp\/v2\/product_cat?post=718392"},{"taxonomy":"product_tag","embeddable":true,"href":"https:\/\/roveyayinevi.com.tr\/index.php\/wp-json\/wp\/v2\/product_tag?post=718392"}],"curies":[{"name":"wp","href":"https:\/\/api.w.org\/{rel}","templated":true}]}}