{"id":718380,"date":"2025-08-27T18:07:40","date_gmt":"2025-08-27T15:07:40","guid":{"rendered":"https:\/\/roveyayinevi.com.tr\/index.php\/urun\/iki-cihan-aresinde\/"},"modified":"2026-04-16T02:26:25","modified_gmt":"2026-04-15T23:26:25","slug":"iki-cihan-aresinde","status":"publish","type":"product","link":"https:\/\/roveyayinevi.com.tr\/index.php\/urun\/iki-cihan-aresinde\/","title":{"rendered":"\u0130ki Cihan Aresinde"},"content":{"rendered":"<p>\u0130slam ve Bizans co\u011frafyalar\u0131 aras\u0131nda, sadece fiziksel olarak de\u011fil, siyasi ve k\u00fclt\u00fcrel olarak da iki d\u00fcnya aras\u0131nda bir u\u00e7 mevkiine yerle\u015fmi\u015f k\u00fc\u00e7\u00fck bir beyli\u011fin, kendisini d\u00fcnya M\u00fcsl\u00fcmanlar\u0131n\u0131n lideri ve Do\u011fu Roma \u0130mparatorlu\u011fu\u2019nun varisi olarak g\u00f6ren merkezile\u015fmi\u015f bir imparatorluk haline d\u00f6n\u00fc\u015fmesinin izini takip eden \u0130ki Cihan \u00c2resinde, Osmanl\u0131 \u0130mparatorlu\u011fu\u2019nun do\u011fu\u015funa dair \u00f6zg\u00fcn bir bak\u0131\u015f a\u00e7\u0131s\u0131 sunuyor. Cemal Kafadar bu kitab\u0131yla, hem Orta\u00e7a\u011f hem de modern tarih yaz\u0131c\u0131l\u0131\u011f\u0131n\u0131n kimi \u00f6nkabullerini yeniden inceleme konusu yaparak, Anadolu ve Balkanlardaki iktidar m\u00fccadelesinde etnik, kabilevi, dilsel, dini ve siyasi aidiyetlerin nas\u0131l kar\u0131\u015fm\u0131\u015f ve yeniden d\u00fczenlenmi\u015f oldu\u011funu g\u00f6steriyor. <\/p>\n","protected":false},"excerpt":{"rendered":"<p>\u0130slam ve Bizans co\u011frafyalar\u0131 aras\u0131nda, sadece fiziksel olarak de\u011fil, siyasi ve k\u00fclt\u00fcrel olarak da iki d\u00fcnya aras\u0131nda bir u\u00e7 mevkiine yerle\u015fmi\u015f k\u00fc\u00e7\u00fck bir beyli\u011fin, kendisini d\u00fcnya<span class=\"excerpt-hellip\"> [\u2026]<\/span><\/p>\n","protected":false},"featured_media":0,"template":"","meta":{"_monsterinsights_skip_tracking":false,"_monsterinsights_sitenote_active":false,"_monsterinsights_sitenote_note":"","_monsterinsights_sitenote_category":0},"product_brand":[],"product_cat":[12304,14138],"product_tag":[],"class_list":{"0":"post-718380","1":"product","2":"type-product","3":"status-publish","5":"product_cat-tarih","6":"product_cat-tarih-felsefesi","7":"pa_cilt-ciltsiz","8":"pa_tur-kitap","9":"pa_yayinevi-metis-yayinlari","10":"pa_yazar-cemal-kafadar","12":"first","13":"instock","14":"sale","15":"shipping-taxable","16":"purchasable","17":"product-type-simple"},"_links":{"self":[{"href":"https:\/\/roveyayinevi.com.tr\/index.php\/wp-json\/wp\/v2\/product\/718380","targetHints":{"allow":["GET"]}}],"collection":[{"href":"https:\/\/roveyayinevi.com.tr\/index.php\/wp-json\/wp\/v2\/product"}],"about":[{"href":"https:\/\/roveyayinevi.com.tr\/index.php\/wp-json\/wp\/v2\/types\/product"}],"wp:attachment":[{"href":"https:\/\/roveyayinevi.com.tr\/index.php\/wp-json\/wp\/v2\/media?parent=718380"}],"wp:term":[{"taxonomy":"product_brand","embeddable":true,"href":"https:\/\/roveyayinevi.com.tr\/index.php\/wp-json\/wp\/v2\/product_brand?post=718380"},{"taxonomy":"product_cat","embeddable":true,"href":"https:\/\/roveyayinevi.com.tr\/index.php\/wp-json\/wp\/v2\/product_cat?post=718380"},{"taxonomy":"product_tag","embeddable":true,"href":"https:\/\/roveyayinevi.com.tr\/index.php\/wp-json\/wp\/v2\/product_tag?post=718380"}],"curies":[{"name":"wp","href":"https:\/\/api.w.org\/{rel}","templated":true}]}}

İki Cihan Aresinde

<p>İslam ve Bizans coğrafyaları arasında, sadece fiziksel olarak değil, siyasi ve kültürel olarak da iki dünya arasında bir uç mevkiine yerleşmiş küçük bir beyliğin, kendisini dünya Müslümanlarının lideri ve Doğu Roma İmparatorluğu’nun varisi olarak gören merkezileşmiş bir imparatorluk haline dönüşmesinin izini takip eden İki Cihan Âresinde, Osmanlı İmparatorluğu’nun doğuşuna dair özgün bir bakış açısı sunuyor. Cemal Kafadar bu kitabıyla, hem Ortaçağ hem de modern tarih yazıcılığının kimi önkabullerini yeniden inceleme konusu yaparak, Anadolu ve Balkanlardaki iktidar mücadelesinde etnik, kabilevi, dilsel, dini ve siyasi aidiyetlerin nasıl karışmış ve yeniden düzenlenmiş olduğunu gösteriyor. </p>

<p>İslam ve Bizans coğrafyaları arasında, sadece fiziksel olarak değil, siyasi ve kültürel olarak da iki dünya arasında bir uç mevkiine yerleşmiş küçük bir beyliğin, kendisini dünya<span class="excerpt-hellip"> […]</span></p>
