{"id":718353,"date":"2025-08-27T18:07:22","date_gmt":"2025-08-27T15:07:22","guid":{"rendered":"https:\/\/roveyayinevi.com.tr\/index.php\/urun\/evimizde-dunyayi-ogreniyorum\/"},"modified":"2026-04-16T02:26:24","modified_gmt":"2026-04-15T23:26:24","slug":"evimizde-dunyayi-ogreniyorum","status":"publish","type":"product","link":"https:\/\/roveyayinevi.com.tr\/index.php\/urun\/evimizde-dunyayi-ogreniyorum\/","title":{"rendered":"Evimizde &#8211; D\u00fcnyay\u0131 \u00d6\u011freniyorum"},"content":{"rendered":"<p>\u0130kizler Sarp ile Alp, heyecandan yerlerinde duram\u0131yorlard\u0131. Ailecek yeni ve b\u00fcy\u00fck bir eve ta\u015f\u0131n\u0131yorlard\u0131. Ta\u015f\u0131nma s\u0131ras\u0131nda ve sonras\u0131nda neler oldu\u011funu merak ediyor musunuz? Evimizde; g\u00fcndelik hayatta kulland\u0131\u011f\u0131m\u0131z kelimeleri \u00e7ocuklara e\u011flenceli bir \u015fekilde anlat\u0131rken onlar\u0131n kelime hazinesine de katk\u0131 sa\u011flayacak.<\/p>\n","protected":false},"excerpt":{"rendered":"<p>\u0130kizler Sarp ile Alp, heyecandan yerlerinde duram\u0131yorlard\u0131. Ailecek yeni ve b\u00fcy\u00fck bir eve ta\u015f\u0131n\u0131yorlard\u0131. Ta\u015f\u0131nma s\u0131ras\u0131nda ve sonras\u0131nda neler oldu\u011funu merak ediyor musunuz? Evimizde; g\u00fcndelik hayatta<span class=\"excerpt-hellip\"> [\u2026]<\/span><\/p>\n","protected":false},"featured_media":0,"template":"","meta":{"_monsterinsights_skip_tracking":false,"_monsterinsights_sitenote_active":false,"_monsterinsights_sitenote_note":"","_monsterinsights_sitenote_category":0},"product_brand":[],"product_cat":[12274,12284],"product_tag":[],"class_list":{"0":"post-718353","1":"product","2":"type-product","3":"status-publish","5":"product_cat-cocuk-ve-genclik-kitaplari","6":"product_cat-hikayeler","7":"pa_cilt-ciltsiz","8":"pa_tur-kitap","9":"pa_yayinevi-is-bankasi-kultur-yayinlari","10":"pa_yazar-annette-neubauer","12":"first","13":"instock","14":"sale","15":"shipping-taxable","16":"purchasable","17":"product-type-simple"},"_links":{"self":[{"href":"https:\/\/roveyayinevi.com.tr\/index.php\/wp-json\/wp\/v2\/product\/718353","targetHints":{"allow":["GET"]}}],"collection":[{"href":"https:\/\/roveyayinevi.com.tr\/index.php\/wp-json\/wp\/v2\/product"}],"about":[{"href":"https:\/\/roveyayinevi.com.tr\/index.php\/wp-json\/wp\/v2\/types\/product"}],"wp:attachment":[{"href":"https:\/\/roveyayinevi.com.tr\/index.php\/wp-json\/wp\/v2\/media?parent=718353"}],"wp:term":[{"taxonomy":"product_brand","embeddable":true,"href":"https:\/\/roveyayinevi.com.tr\/index.php\/wp-json\/wp\/v2\/product_brand?post=718353"},{"taxonomy":"product_cat","embeddable":true,"href":"https:\/\/roveyayinevi.com.tr\/index.php\/wp-json\/wp\/v2\/product_cat?post=718353"},{"taxonomy":"product_tag","embeddable":true,"href":"https:\/\/roveyayinevi.com.tr\/index.php\/wp-json\/wp\/v2\/product_tag?post=718353"}],"curies":[{"name":"wp","href":"https:\/\/api.w.org\/{rel}","templated":true}]}}