{"id":718347,"date":"2025-08-27T18:07:18","date_gmt":"2025-08-27T15:07:18","guid":{"rendered":"https:\/\/roveyayinevi.com.tr\/index.php\/urun\/canavar-pesinde-58\/"},"modified":"2026-04-13T02:32:50","modified_gmt":"2026-04-12T23:32:50","slug":"canavar-pesinde-58","status":"publish","type":"product","link":"https:\/\/roveyayinevi.com.tr\/index.php\/urun\/canavar-pesinde-58\/","title":{"rendered":"Canavar Pe\u015finde 58"},"content":{"rendered":"<p>\u0130ki Ba\u015fl\u0131 Ahtapot VoltreksYepyeni Canavar Pe\u015finde maceras\u0131na ho\u015f geldiniz: Canavarlar\u0131n Efendisi \u0130yi Canavar Sepron\u2019un ba\u015f\u0131 dertteydi. \u00c7\u00fcnk\u00fc Malvel, korkun\u00e7 Ahtapot Canavar\u0131, Sepron\u2019u yok etmesi i\u00e7in g\u00f6ndermi\u015fti. E\u011fer Sepron \u00f6l\u00fcrse Malvel\u2019in, Avantia\u2019y\u0131 ele ge\u00e7irme plan\u0131 ger\u00e7ekle\u015febilirdi. Tom \u00e7ok ge\u00e7 olmadan Sepron\u2019u kurtarmal\u0131yd\u0131\u2026<\/p>\n","protected":false},"excerpt":{"rendered":"<p>\u0130ki Ba\u015fl\u0131 Ahtapot VoltreksYepyeni Canavar Pe\u015finde maceras\u0131na ho\u015f geldiniz: Canavarlar\u0131n Efendisi \u0130yi Canavar Sepron\u2019un ba\u015f\u0131 dertteydi. \u00c7\u00fcnk\u00fc Malvel, korkun\u00e7 Ahtapot Canavar\u0131, Sepron\u2019u yok etmesi i\u00e7in g\u00f6ndermi\u015fti.<span class=\"excerpt-hellip\"> [\u2026]<\/span><\/p>\n","protected":false},"featured_media":0,"template":"","meta":{"_monsterinsights_skip_tracking":false,"_monsterinsights_sitenote_active":false,"_monsterinsights_sitenote_note":"","_monsterinsights_sitenote_category":0},"product_brand":[],"product_cat":[12274,12284],"product_tag":[],"class_list":{"0":"post-718347","1":"product","2":"type-product","3":"status-publish","5":"product_cat-cocuk-ve-genclik-kitaplari","6":"product_cat-hikayeler","7":"pa_cilt-ciltsiz","8":"pa_tur-kitap","9":"pa_yayinevi-beyaz-balina-yayinlari","10":"pa_yazar-adam-blade","12":"first","13":"instock","14":"sale","15":"shipping-taxable","16":"purchasable","17":"product-type-simple"},"_links":{"self":[{"href":"https:\/\/roveyayinevi.com.tr\/index.php\/wp-json\/wp\/v2\/product\/718347","targetHints":{"allow":["GET"]}}],"collection":[{"href":"https:\/\/roveyayinevi.com.tr\/index.php\/wp-json\/wp\/v2\/product"}],"about":[{"href":"https:\/\/roveyayinevi.com.tr\/index.php\/wp-json\/wp\/v2\/types\/product"}],"wp:attachment":[{"href":"https:\/\/roveyayinevi.com.tr\/index.php\/wp-json\/wp\/v2\/media?parent=718347"}],"wp:term":[{"taxonomy":"product_brand","embeddable":true,"href":"https:\/\/roveyayinevi.com.tr\/index.php\/wp-json\/wp\/v2\/product_brand?post=718347"},{"taxonomy":"product_cat","embeddable":true,"href":"https:\/\/roveyayinevi.com.tr\/index.php\/wp-json\/wp\/v2\/product_cat?post=718347"},{"taxonomy":"product_tag","embeddable":true,"href":"https:\/\/roveyayinevi.com.tr\/index.php\/wp-json\/wp\/v2\/product_tag?post=718347"}],"curies":[{"name":"wp","href":"https:\/\/api.w.org\/{rel}","templated":true}]}}