{"id":718332,"date":"2025-08-27T18:07:07","date_gmt":"2025-08-27T15:07:07","guid":{"rendered":"https:\/\/roveyayinevi.com.tr\/index.php\/urun\/bogazicinde-saklambac\/"},"modified":"2026-04-05T02:31:34","modified_gmt":"2026-04-04T23:31:34","slug":"bogazicinde-saklambac","status":"publish","type":"product","link":"https:\/\/roveyayinevi.com.tr\/index.php\/urun\/bogazicinde-saklambac\/","title":{"rendered":"Bo\u011fazi\u00e7i&#8217;nde Saklamba\u00e7"},"content":{"rendered":"<p>\u0130stanbul\u2019la Saklamba\u00e7, \u015fimdi Bo\u011fazi\u00e7i\u2019nde s\u00fcr\u00fcyor! Ali, Emre ve Burcu, yar\u0131y\u0131l tatilinde ba\u015flad\u0131klar\u0131 \u0130stanbul&#8217;la Saklamba\u00e7\u2019\u0131, yaz gelince Bo\u011fazi\u00e7i&#8217;nde s\u00fcrd\u00fcr\u00fcyorlar. Bu oyun s\u0131ras\u0131nda, \u0130stanbul \u00e7ocuklara gizlerini aralarken i\u00e7ini de d\u00f6k\u00fcyor. Onlar\u0131 yaln\u0131zca s\u00f6ylenceleriyle, \u00f6yk\u00fcleriyle e\u011flendirip \u015fa\u015f\u0131rtm\u0131yor; kar\u015f\u0131la\u015ft\u0131\u011f\u0131 hoyratl\u0131klardan, bir \u015fehir olarak ya\u015fad\u0131\u011f\u0131 k\u0131rg\u0131nl\u0131k ve kayg\u0131lardan da s\u00f6z ediyor onlara. B\u00f6ylece \u00fc\u00e7 \u00e7ocuk, yaln\u0131zca d\u00fcnyan\u0131n en eski ve en g\u00fczel \u015fehirlerinden biri olan \u0130stanbul&#8217;u de\u011fil, birbirlerini ve kendilerini de daha iyi tan\u0131maya ba\u015fl\u0131yorlar.Mina Tansel\u2019in elli binden fazla okura ula\u015fan roman\u0131 \u0130stanbul\u2019la Saklamba\u00e7, yeni yerler ve ser\u00fcvenlerle, yaz g\u00fcne\u015finin alt\u0131nda, Bo\u011faz\u2019\u0131n serin sular\u0131nda devam ediyor!<\/p>\n","protected":false},"excerpt":{"rendered":"<p>\u0130stanbul\u2019la Saklamba\u00e7, \u015fimdi Bo\u011fazi\u00e7i\u2019nde s\u00fcr\u00fcyor! Ali, Emre ve Burcu, yar\u0131y\u0131l tatilinde ba\u015flad\u0131klar\u0131 \u0130stanbul&#8217;la Saklamba\u00e7\u2019\u0131, yaz gelince Bo\u011fazi\u00e7i&#8217;nde s\u00fcrd\u00fcr\u00fcyorlar. Bu oyun s\u0131ras\u0131nda, \u0130stanbul \u00e7ocuklara gizlerini aralarken i\u00e7ini<span class=\"excerpt-hellip\"> [\u2026]<\/span><\/p>\n","protected":false},"featured_media":0,"template":"","meta":{"_monsterinsights_skip_tracking":false,"_monsterinsights_sitenote_active":false,"_monsterinsights_sitenote_note":"","_monsterinsights_sitenote_category":0},"product_brand":[],"product_cat":[12274,12284],"product_tag":[],"class_list":{"0":"post-718332","1":"product","2":"type-product","3":"status-publish","5":"product_cat-cocuk-ve-genclik-kitaplari","6":"product_cat-hikayeler","7":"pa_cilt-ciltsiz","8":"pa_tur-kitap","9":"pa_yayinevi-can-cocuk-yayinlari","10":"pa_yazar-mina-tansel","12":"first","13":"instock","14":"sale","15":"shipping-taxable","16":"purchasable","17":"product-type-simple"},"_links":{"self":[{"href":"https:\/\/roveyayinevi.com.tr\/index.php\/wp-json\/wp\/v2\/product\/718332","targetHints":{"allow":["GET"]}}],"collection":[{"href":"https:\/\/roveyayinevi.com.tr\/index.php\/wp-json\/wp\/v2\/product"}],"about":[{"href":"https:\/\/roveyayinevi.com.tr\/index.php\/wp-json\/wp\/v2\/types\/product"}],"wp:attachment":[{"href":"https:\/\/roveyayinevi.com.tr\/index.php\/wp-json\/wp\/v2\/media?parent=718332"}],"wp:term":[{"taxonomy":"product_brand","embeddable":true,"href":"https:\/\/roveyayinevi.com.tr\/index.php\/wp-json\/wp\/v2\/product_brand?post=718332"},{"taxonomy":"product_cat","embeddable":true,"href":"https:\/\/roveyayinevi.com.tr\/index.php\/wp-json\/wp\/v2\/product_cat?post=718332"},{"taxonomy":"product_tag","embeddable":true,"href":"https:\/\/roveyayinevi.com.tr\/index.php\/wp-json\/wp\/v2\/product_tag?post=718332"}],"curies":[{"name":"wp","href":"https:\/\/api.w.org\/{rel}","templated":true}]}}