{"id":718328,"date":"2025-08-27T18:07:04","date_gmt":"2025-08-27T15:07:04","guid":{"rendered":"https:\/\/roveyayinevi.com.tr\/index.php\/urun\/stemden-stemya-teori-ve-uygulama\/"},"modified":"2026-04-16T02:26:24","modified_gmt":"2026-04-15T23:26:24","slug":"stemden-stemya-teori-ve-uygulama","status":"publish","type":"product","link":"https:\/\/roveyayinevi.com.tr\/index.php\/urun\/stemden-stemya-teori-ve-uygulama\/","title":{"rendered":"Stem&#8217;den Stem+&#8217;ya Teori ve Uygulama"},"content":{"rendered":"<p>T\u00fcrkiye\u2019nin teknolojiyi transfer eden de\u011fil, teknolojiyi \u00fcreten ve d\u00fcnya \u00e7ap\u0131nda rekabet g\u00fcc\u00fcne sahip bir \u00fclke konumuna gelmesi alan\u0131nda iyi yeti\u015fmi\u015f insan g\u00fcc\u00fcyle m\u00fcmk\u00fcnd\u00fcr. Bunu ger\u00e7ekle\u015ftirmek i\u00e7in g\u00fcn\u00fcm\u00fczde \u00f6\u011frencilerimizin veri toplamas\u0131 ve de\u011ferlendirmesi, problem \u00e7\u00f6zme becerilerinin art\u0131r\u0131lmas\u0131, bilgi ve becerilerle donat\u0131lmas\u0131 her zamankinden daha \u00f6nemli hale gelmi\u015ftir. Ba\u015far\u0131 sadece bildiklerimizle de\u011fil, bildiklerimizle neler yapabilece\u011fimizle de ilgilidir. Bu bak\u0131mdan fen, teknoloji, m\u00fchendislik ve matematik alanlar\u0131n\u0131n ba\u015f harflerinin k\u0131saltmas\u0131ndan olu\u015fan Stem (Science, Technology, Engineering and Mathematics) yenilik\u00e7i bir e\u011fitim yakla\u015f\u0131m\u0131d\u0131r. Gen\u00e7 n\u00fcfusun Stem alanlar\u0131ndaki ba\u015far\u0131 d\u00fczeyinin y\u00fckseltilmesi, analitik ve ele\u015ftirel d\u00fc\u015f\u00fcnme yetene\u011finin kazand\u0131r\u0131lmas\u0131 ve problem \u00e7\u00f6zme becerilerinin geli\u015ftirilmesi teknolojiyi \u00fcreten bir toplumun olu\u015fturulmas\u0131nda ba\u015frol\u00fc oynayacakt\u0131r. Stem alan\u0131nda mevcut eksikli\u011fi dolduraca\u011f\u0131na inand\u0131\u011f\u0131m bu eserin t\u00fcm \u00f6\u011frencilerimizin ufkunu a\u00e7aca\u011f\u0131na ve \u00fclkemiz bilimine katma de\u011fer sa\u011flayaca\u011f\u0131na inanc\u0131m tamd\u0131r.Prof. Dr. U\u011fur \u00c7evik\u00dclkeler ba\u015f d\u00f6nd\u00fcr\u00fcc\u00fc bir h\u0131zla geli\u015fmekte olan teknolojiye ve rekabete ayak uydurabilmek ad\u0131na bireylerin g\u00fcncel e\u011fitim modelleri ile yeti\u015fmesine b\u00fcy\u00fck \u00f6nem vermelidir. Bu noktada en b\u00fcy\u00fck g\u00f6rev \u015f\u00fcphesiz e\u011fitime ve \u00f6\u011fretime d\u00fc\u015fmektedir. Geleneksel e\u011fitim yakla\u015f\u0131mlar\u0131nda ayr\u0131 birer disiplin olarak verilen dersler bireylerin istenilen yeterliliklere sahip olmalar\u0131 i\u00e7in art\u0131k yeterli olmamaktad\u0131r. D\u00fc\u015f\u00fcnen, sorgulayan, bilgiyi do\u011fru zamanda ve do\u011fru yerde kullanarak yeni bir \u00fcr\u00fcn ortaya koyabilen veya daha genel olarak bir probleme \u00e7\u00f6z\u00fcm ortaya koyabilen, yenilik\u00e7i ve giri\u015fimci bireyler yeti\u015ftirebilmek yeni e\u011fitim y\u00f6nelimi olan \u201ctransdisipliner disiplinler \u00fcst\u00fc\u201d yakla\u015f\u0131mla m\u00fcmk\u00fcnd\u00fcr. Bu \u00e7al\u0131\u015fmalar\u0131n ba\u015f\u0131nda ise Stem e\u011fitimi gelmektedir. \u00dclkemizde h\u0131zla yayg\u0131nla\u015fan Stem e\u011fitimine kazand\u0131r\u0131lan bu kitap ba\u015fta \u00f6\u011fretmenlere olmak \u00fczere t\u00fcm e\u011fitimcilere hem teorik hem uygulama noktas\u0131nda \u00e7ok faydal\u0131 olacakt\u0131r.Do\u00e7. Dr. Mustafa Hilmi \u00c7olako\u011flu<\/p>\n","protected":false},"excerpt":{"rendered":"<p>T\u00fcrkiye\u2019nin teknolojiyi transfer eden de\u011fil, teknolojiyi \u00fcreten ve d\u00fcnya \u00e7ap\u0131nda rekabet g\u00fcc\u00fcne sahip bir \u00fclke konumuna gelmesi alan\u0131nda iyi yeti\u015fmi\u015f insan g\u00fcc\u00fcyle m\u00fcmk\u00fcnd\u00fcr. Bunu ger\u00e7ekle\u015ftirmek i\u00e7in<span class=\"excerpt-hellip\"> [\u2026]<\/span><\/p>\n","protected":false},"featured_media":0,"template":"","meta":{"_monsterinsights_skip_tracking":false,"_monsterinsights_sitenote_active":false,"_monsterinsights_sitenote_note":"","_monsterinsights_sitenote_category":0},"product_brand":[],"product_cat":[14787,13488],"product_tag":[],"class_list":{"0":"post-718328","1":"product","2":"type-product","3":"status-publish","5":"product_cat-diger-toplum-ve-insan","6":"product_cat-toplum-ve-insan","7":"pa_cilt-ciltsiz","8":"pa_tur-kitap","9":"pa_yayinevi-egiten-kitap","10":"pa_yazar-kolektif","12":"first","13":"instock","14":"sale","15":"shipping-taxable","16":"purchasable","17":"product-type-simple"},"_links":{"self":[{"href":"https:\/\/roveyayinevi.com.tr\/index.php\/wp-json\/wp\/v2\/product\/718328","targetHints":{"allow":["GET"]}}],"collection":[{"href":"https:\/\/roveyayinevi.com.tr\/index.php\/wp-json\/wp\/v2\/product"}],"about":[{"href":"https:\/\/roveyayinevi.com.tr\/index.php\/wp-json\/wp\/v2\/types\/product"}],"wp:attachment":[{"href":"https:\/\/roveyayinevi.com.tr\/index.php\/wp-json\/wp\/v2\/media?parent=718328"}],"wp:term":[{"taxonomy":"product_brand","embeddable":true,"href":"https:\/\/roveyayinevi.com.tr\/index.php\/wp-json\/wp\/v2\/product_brand?post=718328"},{"taxonomy":"product_cat","embeddable":true,"href":"https:\/\/roveyayinevi.com.tr\/index.php\/wp-json\/wp\/v2\/product_cat?post=718328"},{"taxonomy":"product_tag","embeddable":true,"href":"https:\/\/roveyayinevi.com.tr\/index.php\/wp-json\/wp\/v2\/product_tag?post=718328"}],"curies":[{"name":"wp","href":"https:\/\/api.w.org\/{rel}","templated":true}]}}