{"id":718317,"date":"2025-08-27T18:06:56","date_gmt":"2025-08-27T15:06:56","guid":{"rendered":"https:\/\/roveyayinevi.com.tr\/index.php\/urun\/islam-laiklik-ve-aydinlanma-savasi\/"},"modified":"2026-04-16T02:26:23","modified_gmt":"2026-04-15T23:26:23","slug":"islam-laiklik-ve-aydinlanma-savasi","status":"publish","type":"product","link":"https:\/\/roveyayinevi.com.tr\/index.php\/urun\/islam-laiklik-ve-aydinlanma-savasi\/","title":{"rendered":"\u0130slam, Laiklik ve Ayd\u0131nlanma Sava\u015f\u0131"},"content":{"rendered":"<p>\u0130slamiyet nas\u0131l bir toplum yap\u0131s\u0131 ve hangi de\u011ferler sistemi i\u00e7inde do\u011fdu?\u0130slam\u2019\u0131 Yunan felsefesiyle bulu\u015fturan ve bir k\u00fclt\u00fcr devrimine yol a\u00e7an \u00e7eviri ak\u0131m\u0131, hangi s\u0131n\u0131f temelinde ve ne gibi d\u00fcrt\u00fclerle ortaya \u00e7\u0131kt\u0131?Kuran\u2019\u0131 \u201cAllah\u2019\u0131n yarat\u0131lm\u0131\u015f s\u00f6z\u00fc kabul eden ve tarihselle\u015ftiren Mutezile mensuplar\u0131 ne istiyorlard\u0131? Abbasi d\u00f6neminde iktidar olan bu ayd\u0131nlanmac\u0131 ak\u0131m, Halife M\u00fctevekkil d\u00f6neminde nas\u0131l karanl\u0131\u011fa bo\u011fuldu? Bu \u015fekilde \u201ci\u00e7tihat kap\u0131s\u0131\u201dn\u0131n kapanmas\u0131, nas\u0131l 18. y\u00fczy\u0131ldan itibaren \u0130slam d\u00fcnyas\u0131n\u0131 s\u00f6m\u00fcrgele\u015fme s\u00fcrecine soktu?\u0130ran, Afganistan ve M\u0131s\u0131r\u2019da Cemaleddin Afgani, Hindistan\u2019da Seyit Ahmet Han s\u00f6m\u00fcrgecilikle hangi tezlerle sava\u015ft\u0131 ya da uzla\u015ft\u0131?G\u00f6reli olarak ba\u011f\u0131ms\u0131zl\u0131\u011f\u0131n\u0131 koruyan Osmanl\u0131 Devleti\u2019nde, y\u00f6netici z\u00fcmre nas\u0131l sek\u00fclerle\u015fme yoluna girdi? Ayn\u0131 \u015fekilde Yeni Osmanl\u0131lar\u0131n en parlak temsilcisi Nam\u0131k Kemal, din-devlet ili\u015fkileri ve \u201culusla\u015fma\u201d sorunlar\u0131nda ne gibi ilerici tezler savundu?Me\u015frutiyet\u2019te Mehmed Akif, Cumhuriyet d\u00f6neminde de Necip Faz\u0131l neden Nam\u0131k Kemal\u2019in de gerisinde kald\u0131 ve laik Cumhuriyet\u2019e cephe ald\u0131lar? Ve bug\u00fcn de AKP iktidar\u0131, Abd\u00fclhamid ve Necip Faz\u0131l referanslar\u0131 ile \u00fclkeyi hangi y\u00f6ne s\u00fcr\u00fckl\u00fcyor?\u0130\u015fte tarihin bu yol ayr\u0131m\u0131nda, bu sorular \u00fczerinde \u00e7a\u011fda\u015f ve bilimsel bir yakla\u015f\u0131mla d\u00fc\u015f\u00fcnmek ve tart\u0131\u015fmak isteyenler i\u00e7in \u00f6\u011fretici ve ufuk a\u00e7\u0131c\u0131 bir \u00e7al\u0131\u015fma. Taner Timur\u2019dan d\u00fcne, bug\u00fcne, \u0130slam-laiklik tart\u0131\u015fmalar\u0131n\u0131n \u00f6z\u00fcne dokunan yepyeni bir toplumbilim ve tarih metni, yine bir temel yap\u0131t!<\/p>\n","protected":false},"excerpt":{"rendered":"<p>\u0130slamiyet nas\u0131l bir toplum yap\u0131s\u0131 ve hangi de\u011ferler sistemi i\u00e7inde do\u011fdu?\u0130slam\u2019\u0131 Yunan felsefesiyle bulu\u015fturan ve bir k\u00fclt\u00fcr devrimine yol a\u00e7an \u00e7eviri ak\u0131m\u0131, hangi s\u0131n\u0131f temelinde ve<span class=\"excerpt-hellip\"> [\u2026]<\/span><\/p>\n","protected":false},"featured_media":0,"template":"","meta":{"_monsterinsights_skip_tracking":false,"_monsterinsights_sitenote_active":false,"_monsterinsights_sitenote_note":"","_monsterinsights_sitenote_category":0},"product_brand":[],"product_cat":[12389,12388],"product_tag":[],"class_list":{"0":"post-718317","1":"product","2":"type-product","3":"status-publish","5":"product_cat-diger-felsefe","6":"product_cat-felsefe","7":"pa_cilt-ciltsiz","8":"pa_tur-kitap","9":"pa_yayinevi-yordam-kitap","10":"pa_yazar-taner-timur","12":"first","13":"instock","14":"sale","15":"shipping-taxable","16":"purchasable","17":"product-type-simple"},"_links":{"self":[{"href":"https:\/\/roveyayinevi.com.tr\/index.php\/wp-json\/wp\/v2\/product\/718317","targetHints":{"allow":["GET"]}}],"collection":[{"href":"https:\/\/roveyayinevi.com.tr\/index.php\/wp-json\/wp\/v2\/product"}],"about":[{"href":"https:\/\/roveyayinevi.com.tr\/index.php\/wp-json\/wp\/v2\/types\/product"}],"wp:attachment":[{"href":"https:\/\/roveyayinevi.com.tr\/index.php\/wp-json\/wp\/v2\/media?parent=718317"}],"wp:term":[{"taxonomy":"product_brand","embeddable":true,"href":"https:\/\/roveyayinevi.com.tr\/index.php\/wp-json\/wp\/v2\/product_brand?post=718317"},{"taxonomy":"product_cat","embeddable":true,"href":"https:\/\/roveyayinevi.com.tr\/index.php\/wp-json\/wp\/v2\/product_cat?post=718317"},{"taxonomy":"product_tag","embeddable":true,"href":"https:\/\/roveyayinevi.com.tr\/index.php\/wp-json\/wp\/v2\/product_tag?post=718317"}],"curies":[{"name":"wp","href":"https:\/\/api.w.org\/{rel}","templated":true}]}}