{"id":718314,"date":"2025-08-27T18:06:54","date_gmt":"2025-08-27T15:06:54","guid":{"rendered":"https:\/\/roveyayinevi.com.tr\/index.php\/urun\/iki-ruya-dokuz-gercek\/"},"modified":"2026-04-16T02:26:23","modified_gmt":"2026-04-15T23:26:23","slug":"iki-ruya-dokuz-gercek","status":"publish","type":"product","link":"https:\/\/roveyayinevi.com.tr\/index.php\/urun\/iki-ruya-dokuz-gercek\/","title":{"rendered":"\u0130ki R\u00fcya Dokuz Ger\u00e7ek"},"content":{"rendered":"<p>Hakan B\u0131\u00e7akc\u0131\u2019dan, \u00fcrpertici, naif, ne\u015feli, h\u00fcz\u00fcnl\u00fc ve beynimizi yerinden \u00e7\u0131kar\u0131p tekrar takan bir roman.Ger\u00e7ek\u00e7i d\u00fc\u015fler ve d\u00fc\u015f gibi bulan\u0131k bir ger\u00e7eklik alg\u0131s\u0131 birbirine kar\u0131\u015ft\u0131. Kontrol, televizyon kumandalar\u0131ndan, platonik a\u015fk\u0131n diriltti\u011fi tesad\u00fcfi umudun eline ge\u00e7ti. Yeti\u015fkinli\u011fin y\u0131llar s\u00fcren karanl\u0131\u011f\u0131nda zaman\u0131n nas\u0131l ge\u00e7ti\u011fi anla\u015f\u0131lamad\u0131 ve zihin aradaki bo\u015fluklara girebilmek i\u00e7in direksiyonu gizemli bir yola, kirli ucuz bir otele, terk edilmi\u015f bir lunaparka k\u0131rd\u0131. D\u0131\u015far\u0131da \u0131s\u0131tmayan bir g\u00fcne\u015f, \u0131slatmayan bir ya\u011fmur, \u00fc\u015f\u00fctmeyen bir r\u00fczg\u00e2r vard\u0131&#8230;<\/p>\n","protected":false},"excerpt":{"rendered":"<p>Hakan B\u0131\u00e7akc\u0131\u2019dan, \u00fcrpertici, naif, ne\u015feli, h\u00fcz\u00fcnl\u00fc ve beynimizi yerinden \u00e7\u0131kar\u0131p tekrar takan bir roman.Ger\u00e7ek\u00e7i d\u00fc\u015fler ve d\u00fc\u015f gibi bulan\u0131k bir ger\u00e7eklik alg\u0131s\u0131 birbirine kar\u0131\u015ft\u0131. Kontrol, televizyon<span class=\"excerpt-hellip\"> [\u2026]<\/span><\/p>\n","protected":false},"featured_media":0,"template":"","meta":{"_monsterinsights_skip_tracking":false,"_monsterinsights_sitenote_active":false,"_monsterinsights_sitenote_note":"","_monsterinsights_sitenote_category":0},"product_brand":[],"product_cat":[12291,12711],"product_tag":[],"class_list":{"0":"post-718314","1":"product","2":"type-product","3":"status-publish","5":"product_cat-edebiyat","6":"product_cat-roman-oyku","7":"pa_cilt-ciltsiz","8":"pa_tur-kitap","9":"pa_yayinevi-kara-karga-yayinlari","10":"pa_yazar-hakan-bicakci","12":"first","13":"instock","14":"sale","15":"shipping-taxable","16":"purchasable","17":"product-type-simple"},"_links":{"self":[{"href":"https:\/\/roveyayinevi.com.tr\/index.php\/wp-json\/wp\/v2\/product\/718314","targetHints":{"allow":["GET"]}}],"collection":[{"href":"https:\/\/roveyayinevi.com.tr\/index.php\/wp-json\/wp\/v2\/product"}],"about":[{"href":"https:\/\/roveyayinevi.com.tr\/index.php\/wp-json\/wp\/v2\/types\/product"}],"wp:attachment":[{"href":"https:\/\/roveyayinevi.com.tr\/index.php\/wp-json\/wp\/v2\/media?parent=718314"}],"wp:term":[{"taxonomy":"product_brand","embeddable":true,"href":"https:\/\/roveyayinevi.com.tr\/index.php\/wp-json\/wp\/v2\/product_brand?post=718314"},{"taxonomy":"product_cat","embeddable":true,"href":"https:\/\/roveyayinevi.com.tr\/index.php\/wp-json\/wp\/v2\/product_cat?post=718314"},{"taxonomy":"product_tag","embeddable":true,"href":"https:\/\/roveyayinevi.com.tr\/index.php\/wp-json\/wp\/v2\/product_tag?post=718314"}],"curies":[{"name":"wp","href":"https:\/\/api.w.org\/{rel}","templated":true}]}}