{"id":718312,"date":"2025-08-27T18:06:52","date_gmt":"2025-08-27T15:06:52","guid":{"rendered":"https:\/\/roveyayinevi.com.tr\/index.php\/urun\/siyasal-kultur-ve-yontem\/"},"modified":"2026-04-16T02:26:23","modified_gmt":"2026-04-15T23:26:23","slug":"siyasal-kultur-ve-yontem","status":"publish","type":"product","link":"https:\/\/roveyayinevi.com.tr\/index.php\/urun\/siyasal-kultur-ve-yontem\/","title":{"rendered":"Siyasal K\u00fclt\u00fcr ve Y\u00f6ntem"},"content":{"rendered":"<p>T\u00fcrkiye\u2019de politik \u00e7a\u011fda\u015fla\u015fmay\u0131 incelemek \u00e7a\u011fda\u015f unsurlar\u0131 oldu\u011fu kadar \u00e7a\u011fda\u015f d\u00f6nemde devam etmekte olan geleneksel y\u00f6ntemleri ara\u015ft\u0131rmay\u0131 da kapsamaktad\u0131r. Klasik Osmanl\u0131 \u0130mparatorlu\u011fu y\u00fcksek d\u00fczeyde dinamik bir politik yap\u0131ya sahipti. Devlet \u00f6z\u00fcnde bir askeri kamp ve e\u011fitim kurumuydu ve din kurumlar\u0131 kesin bir bi\u00e7imde askeri-idari yap\u0131dan ayr\u0131 tutulmu\u015ftu. \u0130darenin ak\u0131lc\u0131l\u0131\u011f\u0131, resmi e\u011fitime ve askeri hizmetlere verilen \u00f6nem, geleneksel T\u00fcrk k\u00fclt\u00fcr\u00fcn\u00fcn \u00e7a\u011fda\u015f unsurlar\u0131yd\u0131. Bug\u00fcnk\u00fc T\u00fcrk toplumsal yap\u0131s\u0131 ise \u00fc\u00e7 grup ya da s\u0131n\u0131fa ayr\u0131larak \u00e7ok daha kolay anla\u015f\u0131l\u0131r bir alt-\u00fcst yap\u0131 kurgulam\u0131\u015ft\u0131r: e\u011fitilmi\u015f kentli s\u0131n\u0131f, kentsel alt s\u0131n\u0131f ve k\u0131rsal alt s\u0131n\u0131f. Bu \u00fc\u00e7 s\u0131n\u0131f\u0131n her biri de ayr\u0131 siyasal alt k\u00fclt\u00fcrlere ve dinsel geleneklere sahiplerdir. Bu, Bat\u0131\u2019daki laiklik anlay\u0131\u015f\u0131 ile T\u00fcrkiye\u2019deki laiklik anlay\u0131\u015f\u0131 ve y\u00f6ntemi aras\u0131ndaki farktan kaynaklanmaktad\u0131r. Bat\u0131l\u0131 pek \u00e7ok \u00fclkede laiklik anayasal bir h\u00fck\u00fcm olsa da yaln\u0131zca T\u00fcrkiye\u2019de de\u011fi\u015ftirilemez bir anayasa h\u00fckm\u00fcd\u00fcr ve ayr\u0131ca ceza kanununda da m\u00fceyyidesi bulunmaktad\u0131r. Siyasal ve dinsel ya\u015fam ne kadar birbirinden ayr\u0131 tutulmaya \u00e7al\u0131\u015f\u0131lsa da insan\u0131n do\u011fas\u0131 gere\u011fi tarih boyunca kol kola ilerlemi\u015flerdir. Bu kitap siyasal k\u00fclt\u00fcr\u00fcn y\u00f6ntembilimsel a\u00e7\u0131dan inan\u00e7 \u00fczerindeki hegemonyas\u0131na analitik bir bak\u0131\u015f a\u00e7\u0131s\u0131 sunarken, ayn\u0131 zamanda inanc\u0131n siyaset \u00fczerindeki belirleyicili\u011fi \u00fcst\u00fcne de kavramsal bir \u00e7\u00f6z\u00fcm \u00f6nermektedir. <\/p>\n","protected":false},"excerpt":{"rendered":"<p>T\u00fcrkiye\u2019de politik \u00e7a\u011fda\u015fla\u015fmay\u0131 incelemek \u00e7a\u011fda\u015f unsurlar\u0131 oldu\u011fu kadar \u00e7a\u011fda\u015f d\u00f6nemde devam etmekte olan geleneksel y\u00f6ntemleri ara\u015ft\u0131rmay\u0131 da kapsamaktad\u0131r. Klasik Osmanl\u0131 \u0130mparatorlu\u011fu y\u00fcksek d\u00fczeyde dinamik bir politik<span class=\"excerpt-hellip\"> [\u2026]<\/span><\/p>\n","protected":false},"featured_media":0,"template":"","meta":{"_monsterinsights_skip_tracking":false,"_monsterinsights_sitenote_active":false,"_monsterinsights_sitenote_note":"","_monsterinsights_sitenote_category":0},"product_brand":[],"product_cat":[13590,12337],"product_tag":[],"class_list":{"0":"post-718312","1":"product","2":"type-product","3":"status-publish","5":"product_cat-arastirma-inceleme-politika-siyaset","6":"product_cat-politika-siyaset","7":"pa_cilt-ciltsiz","8":"pa_tur-kitap","9":"pa_yayinevi-destek-yayinlari","10":"pa_yazar-aytunc-altindal","12":"first","13":"instock","14":"sale","15":"shipping-taxable","16":"purchasable","17":"product-type-simple"},"_links":{"self":[{"href":"https:\/\/roveyayinevi.com.tr\/index.php\/wp-json\/wp\/v2\/product\/718312","targetHints":{"allow":["GET"]}}],"collection":[{"href":"https:\/\/roveyayinevi.com.tr\/index.php\/wp-json\/wp\/v2\/product"}],"about":[{"href":"https:\/\/roveyayinevi.com.tr\/index.php\/wp-json\/wp\/v2\/types\/product"}],"wp:attachment":[{"href":"https:\/\/roveyayinevi.com.tr\/index.php\/wp-json\/wp\/v2\/media?parent=718312"}],"wp:term":[{"taxonomy":"product_brand","embeddable":true,"href":"https:\/\/roveyayinevi.com.tr\/index.php\/wp-json\/wp\/v2\/product_brand?post=718312"},{"taxonomy":"product_cat","embeddable":true,"href":"https:\/\/roveyayinevi.com.tr\/index.php\/wp-json\/wp\/v2\/product_cat?post=718312"},{"taxonomy":"product_tag","embeddable":true,"href":"https:\/\/roveyayinevi.com.tr\/index.php\/wp-json\/wp\/v2\/product_tag?post=718312"}],"curies":[{"name":"wp","href":"https:\/\/api.w.org\/{rel}","templated":true}]}}