{"id":718310,"date":"2025-08-27T18:06:51","date_gmt":"2025-08-27T15:06:51","guid":{"rendered":"https:\/\/roveyayinevi.com.tr\/index.php\/urun\/nazimi-oldurmek\/"},"modified":"2026-04-16T02:26:23","modified_gmt":"2026-04-15T23:26:23","slug":"nazimi-oldurmek","status":"publish","type":"product","link":"https:\/\/roveyayinevi.com.tr\/index.php\/urun\/nazimi-oldurmek\/","title":{"rendered":"Naz\u0131m\u2019\u0131 \u00d6ld\u00fcrmek"},"content":{"rendered":"<p>N\u00e2z\u0131m Hikmet hayat\u0131 dolu dolu ya\u015fam\u0131\u015f bir \u015fair. Onlarca y\u0131l s\u00fcren hapis ya\u015fam\u0131, i\u015fkenceler, as\u0131ls\u0131z su\u00e7lamalar, vatan haini ilan edilmesi ve en k\u00f6t\u00fcs\u00fc \u00e7ok sevdi\u011fi \u00fclkesinden ka\u00e7mak zorunda kal\u0131\u015f\u0131&#8230; Karaci\u011fer rahats\u0131zl\u0131klar\u0131 ve kalp krizleri ya\u015fam\u0131n\u0131n par\u00e7as\u0131 olmu\u015f. O bir inan\u00e7 ve a\u015fk \u015fairi&#8230; Kad\u0131nlar\u0131 seviyor, onlar i\u00e7in d\u00fcnyan\u0131n en g\u00fczel \u015fiirlerini yaz\u0131yor, \u00e7o\u011fu zaman da sevdiklerini terk ediyor. Moskova\u2019da yeni bir g\u00fcn ba\u015fl\u0131yor, tarih 3 Haziran 1963&#8230; 61 ya\u015f\u0131ndaki N\u00e2z\u0131m Hikmet gazete ve mektuplar\u0131n\u0131 almak i\u00e7in kap\u0131y\u0131 a\u00e7\u0131yor. Birden yere y\u0131k\u0131l\u0131yor. S\u0131rt\u0131na \u015fiddetle saplanan \u015fey b\u0131\u00e7ak da olabilir, kur\u015fun da&#8230; Y\u0131llarca o kur\u015funu d\u00fc\u015f\u00fcnm\u00fc\u015f, o b\u0131\u00e7ak darbesinden ka\u00e7m\u0131\u015f, hatta \u00fclkesini terk edi\u015fi de bundan. Ama katili g\u00f6remiyor, hi\u00e7bir yerde yok. \u00d6l\u00fcm kap\u0131s\u0131nda art\u0131k, bedeninin en hassas yerinde&#8230; Sanc\u0131lar\u0131n, ac\u0131lar\u0131n biri bitmeden di\u011feri ba\u015fl\u0131yor. Yerde yapayaln\u0131z&#8230; Evde Vera oldu\u011funa g\u00f6re kurtulabilir, onu hastaneye kald\u0131r\u0131r&#8230; Doksan dakika kar\u0131s\u0131n\u0131 bekliyor&#8230; Vera yok&#8230; Ac\u0131lar i\u00e7indeki N\u00e2z\u0131m\u2019\u0131n sevdi\u011fi kad\u0131nlar birer birer gelmeye ba\u015fl\u0131yorlar&#8230; O zaman anl\u0131yor ki, bu bir hesapla\u015fma&#8230; <\/p>\n","protected":false},"excerpt":{"rendered":"<p>N\u00e2z\u0131m Hikmet hayat\u0131 dolu dolu ya\u015fam\u0131\u015f bir \u015fair. Onlarca y\u0131l s\u00fcren hapis ya\u015fam\u0131, i\u015fkenceler, as\u0131ls\u0131z su\u00e7lamalar, vatan haini ilan edilmesi ve en k\u00f6t\u00fcs\u00fc \u00e7ok sevdi\u011fi \u00fclkesinden<span class=\"excerpt-hellip\"> [\u2026]<\/span><\/p>\n","protected":false},"featured_media":0,"template":"","meta":{"_monsterinsights_skip_tracking":false,"_monsterinsights_sitenote_active":false,"_monsterinsights_sitenote_note":"","_monsterinsights_sitenote_category":0},"product_brand":[],"product_cat":[12291,12711],"product_tag":[],"class_list":{"0":"post-718310","1":"product","2":"type-product","3":"status-publish","5":"product_cat-edebiyat","6":"product_cat-roman-oyku","7":"pa_cilt-ciltsiz","8":"pa_tur-kitap","9":"pa_yayinevi-destek-yayinlari","10":"pa_yazar-tuna-serim","12":"first","13":"instock","14":"sale","15":"shipping-taxable","16":"purchasable","17":"product-type-simple"},"_links":{"self":[{"href":"https:\/\/roveyayinevi.com.tr\/index.php\/wp-json\/wp\/v2\/product\/718310","targetHints":{"allow":["GET"]}}],"collection":[{"href":"https:\/\/roveyayinevi.com.tr\/index.php\/wp-json\/wp\/v2\/product"}],"about":[{"href":"https:\/\/roveyayinevi.com.tr\/index.php\/wp-json\/wp\/v2\/types\/product"}],"wp:attachment":[{"href":"https:\/\/roveyayinevi.com.tr\/index.php\/wp-json\/wp\/v2\/media?parent=718310"}],"wp:term":[{"taxonomy":"product_brand","embeddable":true,"href":"https:\/\/roveyayinevi.com.tr\/index.php\/wp-json\/wp\/v2\/product_brand?post=718310"},{"taxonomy":"product_cat","embeddable":true,"href":"https:\/\/roveyayinevi.com.tr\/index.php\/wp-json\/wp\/v2\/product_cat?post=718310"},{"taxonomy":"product_tag","embeddable":true,"href":"https:\/\/roveyayinevi.com.tr\/index.php\/wp-json\/wp\/v2\/product_tag?post=718310"}],"curies":[{"name":"wp","href":"https:\/\/api.w.org\/{rel}","templated":true}]}}