{"id":718300,"date":"2025-08-27T18:06:45","date_gmt":"2025-08-27T15:06:45","guid":{"rendered":"https:\/\/roveyayinevi.com.tr\/index.php\/urun\/berta-isla\/"},"modified":"2026-04-16T02:26:23","modified_gmt":"2026-04-15T23:26:23","slug":"berta-isla","status":"publish","type":"product","link":"https:\/\/roveyayinevi.com.tr\/index.php\/urun\/berta-isla\/","title":{"rendered":"Berta Isla"},"content":{"rendered":"<p>Berta Isla\u2019yla Tom\u00e1s Nevinson \u00e7ok gen\u00e7 ya\u015fta tan\u0131\u015f\u0131r Madrid\u2019de, k\u0131sa s\u00fcre sonra da hayatlar\u0131n\u0131 birlikte ge\u00e7irmeye karar verirler, ne ki ili\u015fkilerinin \u00f6nce kesintili ge\u00e7ece\u011fi, ard\u0131ndan da kopaca\u011f\u0131 ak\u0131llar\u0131na gelmez. Dil ve aksanlar\u0131 taklit etme konusunda inan\u0131lmaz bir yetene\u011fe sahip olan Tom\u00e1s Oxford\u2019da \u00f6\u011frenim g\u00f6rd\u00fc\u011f\u00fc s\u0131rada bu \u00f6zelli\u011fiyle \u201cKrall\u0131k\u201d\u0131n dikkatini \u00e7eker. Tam bu s\u0131ralarda, bir g\u00fcn, ba\u015f\u0131na gelenler hem onun hem de kar\u0131s\u0131 Berta\u2019n\u0131n gelece\u011fini belirleyecektir&#8230; Y\u0131l\u0131n Kitab\u0131\u201dEl Pa\u00eds \u201cMar\u00edas bu kitab\u0131yla e\u015fsiz bir bi\u00e7im yakalam\u0131\u015f.\u201d The Times Literary Supplement \u201cYa\u015fayan Avrupal\u0131 romanc\u0131lar i\u00e7inde Javier Mar\u00edas\u2019tan daha iyisi var m\u0131?\u201d Independent \u201cGer\u00e7ek ile ahlak\u0131 ac\u0131mas\u0131zca irdeleyen, \u015fa\u015f\u0131rt\u0131c\u0131, merak uyand\u0131ran bir hik\u00e2ye.\u201d The Guardian <\/p>\n","protected":false},"excerpt":{"rendered":"<p>Berta Isla\u2019yla Tom\u00e1s Nevinson \u00e7ok gen\u00e7 ya\u015fta tan\u0131\u015f\u0131r Madrid\u2019de, k\u0131sa s\u00fcre sonra da hayatlar\u0131n\u0131 birlikte ge\u00e7irmeye karar verirler, ne ki ili\u015fkilerinin \u00f6nce kesintili ge\u00e7ece\u011fi, ard\u0131ndan da<span class=\"excerpt-hellip\"> [\u2026]<\/span><\/p>\n","protected":false},"featured_media":0,"template":"","meta":{"_monsterinsights_skip_tracking":false,"_monsterinsights_sitenote_active":false,"_monsterinsights_sitenote_note":"","_monsterinsights_sitenote_category":0},"product_brand":[],"product_cat":[13661,12291],"product_tag":[],"class_list":{"0":"post-718300","1":"product","2":"type-product","3":"status-publish","5":"product_cat-diger-ulke-edebiyatlari","6":"product_cat-edebiyat","7":"pa_cilt-ciltsiz","8":"pa_tur-kitap","9":"pa_yayinevi-yapi-kredi-yayinlari","10":"pa_yazar-javier-marias","12":"first","13":"instock","14":"sale","15":"shipping-taxable","16":"purchasable","17":"product-type-simple"},"_links":{"self":[{"href":"https:\/\/roveyayinevi.com.tr\/index.php\/wp-json\/wp\/v2\/product\/718300","targetHints":{"allow":["GET"]}}],"collection":[{"href":"https:\/\/roveyayinevi.com.tr\/index.php\/wp-json\/wp\/v2\/product"}],"about":[{"href":"https:\/\/roveyayinevi.com.tr\/index.php\/wp-json\/wp\/v2\/types\/product"}],"wp:attachment":[{"href":"https:\/\/roveyayinevi.com.tr\/index.php\/wp-json\/wp\/v2\/media?parent=718300"}],"wp:term":[{"taxonomy":"product_brand","embeddable":true,"href":"https:\/\/roveyayinevi.com.tr\/index.php\/wp-json\/wp\/v2\/product_brand?post=718300"},{"taxonomy":"product_cat","embeddable":true,"href":"https:\/\/roveyayinevi.com.tr\/index.php\/wp-json\/wp\/v2\/product_cat?post=718300"},{"taxonomy":"product_tag","embeddable":true,"href":"https:\/\/roveyayinevi.com.tr\/index.php\/wp-json\/wp\/v2\/product_tag?post=718300"}],"curies":[{"name":"wp","href":"https:\/\/api.w.org\/{rel}","templated":true}]}}