{"id":718296,"date":"2025-08-27T18:06:42","date_gmt":"2025-08-27T15:06:42","guid":{"rendered":"https:\/\/roveyayinevi.com.tr\/index.php\/urun\/dunyayi-baslarina-yikacagiz\/"},"modified":"2026-04-13T02:32:49","modified_gmt":"2026-04-12T23:32:49","slug":"dunyayi-baslarina-yikacagiz","status":"publish","type":"product","link":"https:\/\/roveyayinevi.com.tr\/index.php\/urun\/dunyayi-baslarina-yikacagiz\/","title":{"rendered":"D\u00fcnyay\u0131 Ba\u015flar\u0131na Y\u0131kaca\u011f\u0131z"},"content":{"rendered":"<p>Bu \u00f6yk\u00fcleri okurken \u015funlar\u0131 d\u00fc\u015f\u00fcnebilirsiniz: \u201cOkudu\u011fum bir makale mi yoksa \u00f6yk\u00fc m\u00fc?\u201d \u201cBir film senaryosu mu, \u00f6yk\u00fc m\u00fc?\u201d \u201cBirbiriyle ba\u011flant\u0131l\u0131 bunca \u00f6yk\u00fc, yoksa bir roman\u0131n par\u00e7alar\u0131 m\u0131?\u201d \u201cKehanet mi, kurgu mu?\u201d Ya da yazar\u0131 hakk\u0131nda \u015f\u00f6yle \u015feyler: \u201cSilvan Alpo\u011fuz, T\u00fcrkiye\u2019nin ruhunu mu ar\u0131yor, yoksa buldu\u011funu mu iddia ediyor?\u201d \u201cYazar, ger\u00e7ekten gelecekte vuku bulacak bir isyan\u0131 m\u0131 anlat\u0131yor, yazd\u0131klar\u0131 a\u015fk ac\u0131s\u0131 \u00fczerine \u00e7e\u015fitlemelerden mi ibaret?\u201d \u201cAlpo\u011fuz, Dede Korkut\u2019a m\u0131 selam g\u00f6ndermi\u015f Calvino\u2019ya m\u0131? Atay\u2019a, Boris Vian\u2019a m\u0131? Metin Erksan\u2019a, Kant\u2019a m\u0131?\u201d Sevip sevmeyece\u011finize elbette ancak okuduktan sonra karar vereceksiniz ama bu sorular\u0131n hepsinin cevab\u0131 D\u00fcnyay\u0131 Ba\u015flar\u0131na Y\u0131kaca\u011f\u0131z ve Silvan Alpo\u011fuz i\u00e7in \u201cevet, ikisi de!\u201d Yetenekli bir yazar\u0131n elinden \u00e7\u0131kan her kurmaca eserde oldu\u011fu gibi. <\/p>\n","protected":false},"excerpt":{"rendered":"<p>Bu \u00f6yk\u00fcleri okurken \u015funlar\u0131 d\u00fc\u015f\u00fcnebilirsiniz: \u201cOkudu\u011fum bir makale mi yoksa \u00f6yk\u00fc m\u00fc?\u201d \u201cBir film senaryosu mu, \u00f6yk\u00fc m\u00fc?\u201d \u201cBirbiriyle ba\u011flant\u0131l\u0131 bunca \u00f6yk\u00fc, yoksa bir roman\u0131n par\u00e7alar\u0131<span class=\"excerpt-hellip\"> [\u2026]<\/span><\/p>\n","protected":false},"featured_media":0,"template":"","meta":{"_monsterinsights_skip_tracking":false,"_monsterinsights_sitenote_active":false,"_monsterinsights_sitenote_note":"","_monsterinsights_sitenote_category":0},"product_brand":[],"product_cat":[12291,12711],"product_tag":[],"class_list":{"0":"post-718296","1":"product","2":"type-product","3":"status-publish","5":"product_cat-edebiyat","6":"product_cat-roman-oyku","7":"pa_cilt-ciltsiz","8":"pa_tur-kitap","9":"pa_yayinevi-ketebe-yayinlari","10":"pa_yazar-silvan-alpoguz","12":"first","13":"instock","14":"sale","15":"shipping-taxable","16":"purchasable","17":"product-type-simple"},"_links":{"self":[{"href":"https:\/\/roveyayinevi.com.tr\/index.php\/wp-json\/wp\/v2\/product\/718296","targetHints":{"allow":["GET"]}}],"collection":[{"href":"https:\/\/roveyayinevi.com.tr\/index.php\/wp-json\/wp\/v2\/product"}],"about":[{"href":"https:\/\/roveyayinevi.com.tr\/index.php\/wp-json\/wp\/v2\/types\/product"}],"wp:attachment":[{"href":"https:\/\/roveyayinevi.com.tr\/index.php\/wp-json\/wp\/v2\/media?parent=718296"}],"wp:term":[{"taxonomy":"product_brand","embeddable":true,"href":"https:\/\/roveyayinevi.com.tr\/index.php\/wp-json\/wp\/v2\/product_brand?post=718296"},{"taxonomy":"product_cat","embeddable":true,"href":"https:\/\/roveyayinevi.com.tr\/index.php\/wp-json\/wp\/v2\/product_cat?post=718296"},{"taxonomy":"product_tag","embeddable":true,"href":"https:\/\/roveyayinevi.com.tr\/index.php\/wp-json\/wp\/v2\/product_tag?post=718296"}],"curies":[{"name":"wp","href":"https:\/\/api.w.org\/{rel}","templated":true}]}}