{"id":718295,"date":"2025-08-27T18:06:42","date_gmt":"2025-08-27T15:06:42","guid":{"rendered":"https:\/\/roveyayinevi.com.tr\/index.php\/urun\/sosyolojide-yasa-fikri\/"},"modified":"2026-04-16T02:26:23","modified_gmt":"2026-04-15T23:26:23","slug":"sosyolojide-yasa-fikri","status":"publish","type":"product","link":"https:\/\/roveyayinevi.com.tr\/index.php\/urun\/sosyolojide-yasa-fikri\/","title":{"rendered":"Sosyolojide Yasa Fikri"},"content":{"rendered":"<p>\u0130ki y\u00fczy\u0131la yak\u0131n sosyoloji tarihi dikkate al\u0131n\u0131rsa, i\u015fin ba\u015f\u0131nda s\u0131k\u0131 ve sert sosyal yasalar fikri h\u00e2kim bir fikir iken, bug\u00fcn \u00e7o\u011fu sosyolog esnek ve yumu\u015fak sosyal yasalar fikrine inanmaktad\u0131r. Hatta postmodernistler yasa fikrini t\u00fcmden rafa kald\u0131rm\u0131\u015f durumdad\u0131rlar. Onlar, yasalara dayal\u0131 sosyoloji kuramlar\u0131n\u0131 \u201cmeta-anlat\u0131lar\u201d olarak nitelemektedirler. Bir zamanlar pozitivist sosyologlar, spek\u00fclatif fikirleri \u201cmetafizik\u201d olarak nitelerken, \u015fimdilerde postmodernistler onlar\u0131n g\u00f6r\u00fc\u015flerini \u201cmeta-anlat\u0131\u201d olarak anlams\u0131z ve komik bulmaktad\u0131rlar. Pekiyi, ger\u00e7ekten de sosyolojide yasa fikri \u00e7\u00f6km\u00fc\u015f m\u00fcd\u00fcr? Yasalar yoksa, buna ra\u011fmen sosyoloji bir bilim olarak varl\u0131\u011f\u0131n\u0131 s\u00fcrd\u00fcrebilir mi? \u0130\u015fte bu \u00e7al\u0131\u015fma bu tart\u0131\u015fmal\u0131 konuya a\u00e7\u0131kl\u0131k getirmek amac\u0131yla kaleme al\u0131nm\u0131\u015ft\u0131r. Sosyolojideki yasa fikrini kronolojik bir \u015fekilde ele alan bu kitap, bu alandaki T\u00fcrk\u00e7e en yetkin eserlerden olma iddias\u0131n\u0131 ta\u015f\u0131maktad\u0131r. <\/p>\n","protected":false},"excerpt":{"rendered":"<p>\u0130ki y\u00fczy\u0131la yak\u0131n sosyoloji tarihi dikkate al\u0131n\u0131rsa, i\u015fin ba\u015f\u0131nda s\u0131k\u0131 ve sert sosyal yasalar fikri h\u00e2kim bir fikir iken, bug\u00fcn \u00e7o\u011fu sosyolog esnek ve yumu\u015fak sosyal<span class=\"excerpt-hellip\"> [\u2026]<\/span><\/p>\n","protected":false},"featured_media":0,"template":"","meta":{"_monsterinsights_skip_tracking":false,"_monsterinsights_sitenote_active":false,"_monsterinsights_sitenote_note":"","_monsterinsights_sitenote_category":0},"product_brand":[],"product_cat":[12351,12324],"product_tag":[],"class_list":{"0":"post-718295","1":"product","2":"type-product","3":"status-publish","5":"product_cat-siyaset-sosyolojisi","6":"product_cat-sosyoloji","7":"pa_cilt-ciltsiz","8":"pa_tur-kitap","9":"pa_yayinevi-ketebe-yayinlari","10":"pa_yazar-kadir-canatan","12":"first","13":"instock","14":"sale","15":"shipping-taxable","16":"purchasable","17":"product-type-simple"},"_links":{"self":[{"href":"https:\/\/roveyayinevi.com.tr\/index.php\/wp-json\/wp\/v2\/product\/718295","targetHints":{"allow":["GET"]}}],"collection":[{"href":"https:\/\/roveyayinevi.com.tr\/index.php\/wp-json\/wp\/v2\/product"}],"about":[{"href":"https:\/\/roveyayinevi.com.tr\/index.php\/wp-json\/wp\/v2\/types\/product"}],"wp:attachment":[{"href":"https:\/\/roveyayinevi.com.tr\/index.php\/wp-json\/wp\/v2\/media?parent=718295"}],"wp:term":[{"taxonomy":"product_brand","embeddable":true,"href":"https:\/\/roveyayinevi.com.tr\/index.php\/wp-json\/wp\/v2\/product_brand?post=718295"},{"taxonomy":"product_cat","embeddable":true,"href":"https:\/\/roveyayinevi.com.tr\/index.php\/wp-json\/wp\/v2\/product_cat?post=718295"},{"taxonomy":"product_tag","embeddable":true,"href":"https:\/\/roveyayinevi.com.tr\/index.php\/wp-json\/wp\/v2\/product_tag?post=718295"}],"curies":[{"name":"wp","href":"https:\/\/api.w.org\/{rel}","templated":true}]}}