{"id":718289,"date":"2025-08-27T18:06:38","date_gmt":"2025-08-27T15:06:38","guid":{"rendered":"https:\/\/roveyayinevi.com.tr\/index.php\/urun\/hz-peygamber-ve-futuvvet\/"},"modified":"2026-04-16T02:26:23","modified_gmt":"2026-04-15T23:26:23","slug":"hz-peygamber-ve-futuvvet","status":"publish","type":"product","link":"https:\/\/roveyayinevi.com.tr\/index.php\/urun\/hz-peygamber-ve-futuvvet\/","title":{"rendered":"Hz. Peygamber ve F\u00fct\u00fcvvet"},"content":{"rendered":"<p>Hz. Peygamber ve f\u00fct\u00fcvvet, f\u00fct\u00fcvvet te\u015fkilat\u0131n\u0131n tarih\u00e7esine genel bir bak\u0131\u015f, f\u00fct\u00fcvvet ve tasavvuf bulu\u015fmas\u0131, ilk sufilerde f\u00fct\u00fcvvet, T\u00fcrk edebiyat\u0131nda manzum f\u00fct\u00fcvvet-nameler gibi ba\u015fl\u0131k ve konular\u0131 ele alan bu eser, f\u00fct\u00fcvvet gelene\u011fimizi ihy\u00e2 yolunda bir ad\u0131m olarak de\u011ferlendirilebilir.\u201cAllah i\u00e7in cihat eden, gaza yapan, fetihler a\u00e7an, inan\u00e7lar\u0131 koruyup ya\u015fayanlar\u0131, zulme ve haks\u0131zl\u0131\u011fa kar\u015f\u0131 duranlar\u0131, nefsiyle m\u00fcc\u00e2dele ve m\u00fccahede ederek nefsini terbiye edenleri, ilim yolunda \u00e7al\u0131\u015fanlar\u0131, Hak i\u00e7in cihat edenleri, iyilik yap\u0131p iyilikleri daima art\u0131ran ve y\u00fccelten kimseleri Cenab-\u0131 Hak, Kur\u2019an-\u0131 Kerim\u2019de feta diye s\u0131fatland\u0131r\u0131yor.Kimdir feta? Feta, ideal insand\u0131r; Allah\u2019\u0131n (c.c.), Resul\u00fcn\u00fcn (s.a.v) ve Kur\u2019an\u2019\u0131n istemi\u015f oldu\u011fu bir  insand\u0131r. \u0130nsan deyip ge\u00e7meyelim! \u0130nsan, varl\u0131\u011f\u0131n h\u00fcl\u00e2sas\u0131d\u0131r. Tecellinin kemal derecesinde zuhur yeridir. \u0130nsan\u0131n g\u00f6nl\u00fc, varl\u0131\u011f\u0131n merkezidir. Her bir i\u015f bu merkezden cereyan eder, insan-\u0131 kamilin g\u00f6nl\u00fcnden \u00e7\u0131k\u0131p gelir.\u201dYavuz Selim Uzgur\u201cBir grup g\u00fcn\u00fcm\u00fcz Anadolu alpereni ve bac\u0131s\u0131 meydana gelmi\u015f, f\u00fct\u00fcvvet gelene\u011fimizi ihya yolunda elinizdeki bu eseri v\u00fccuda getirmi\u015fler. Ellerine, g\u00f6n\u00fcllerine, k\u0131l\u0131\u00e7lar\u0131na, yani kalemlerine sa\u011fl\u0131k diyorum. Bu m\u00fchim karde\u015flik gelene\u011fimizin devam\u0131 niy\u00e2z\u0131yla&#8230;\u201dMahmud Erol K\u0131l\u0131\u00e7<\/p>\n","protected":false},"excerpt":{"rendered":"<p>Hz. Peygamber ve f\u00fct\u00fcvvet, f\u00fct\u00fcvvet te\u015fkilat\u0131n\u0131n tarih\u00e7esine genel bir bak\u0131\u015f, f\u00fct\u00fcvvet ve tasavvuf bulu\u015fmas\u0131, ilk sufilerde f\u00fct\u00fcvvet, T\u00fcrk edebiyat\u0131nda manzum f\u00fct\u00fcvvet-nameler gibi ba\u015fl\u0131k ve konular\u0131 ele<span class=\"excerpt-hellip\"> [\u2026]<\/span><\/p>\n","protected":false},"featured_media":0,"template":"","meta":{"_monsterinsights_skip_tracking":false,"_monsterinsights_sitenote_active":false,"_monsterinsights_sitenote_note":"","_monsterinsights_sitenote_category":0},"product_brand":[],"product_cat":[12718,12719,15238],"product_tag":[],"class_list":{"0":"post-718289","1":"product","2":"type-product","3":"status-publish","5":"product_cat-din","6":"product_cat-islam","7":"product_cat-tasavvuf","8":"pa_cilt-ciltsiz","9":"pa_tur-kitap","10":"pa_yayinevi-nefes-yayincilik","11":"pa_yazar-kolektif","13":"first","14":"instock","15":"sale","16":"shipping-taxable","17":"purchasable","18":"product-type-simple"},"_links":{"self":[{"href":"https:\/\/roveyayinevi.com.tr\/index.php\/wp-json\/wp\/v2\/product\/718289","targetHints":{"allow":["GET"]}}],"collection":[{"href":"https:\/\/roveyayinevi.com.tr\/index.php\/wp-json\/wp\/v2\/product"}],"about":[{"href":"https:\/\/roveyayinevi.com.tr\/index.php\/wp-json\/wp\/v2\/types\/product"}],"wp:attachment":[{"href":"https:\/\/roveyayinevi.com.tr\/index.php\/wp-json\/wp\/v2\/media?parent=718289"}],"wp:term":[{"taxonomy":"product_brand","embeddable":true,"href":"https:\/\/roveyayinevi.com.tr\/index.php\/wp-json\/wp\/v2\/product_brand?post=718289"},{"taxonomy":"product_cat","embeddable":true,"href":"https:\/\/roveyayinevi.com.tr\/index.php\/wp-json\/wp\/v2\/product_cat?post=718289"},{"taxonomy":"product_tag","embeddable":true,"href":"https:\/\/roveyayinevi.com.tr\/index.php\/wp-json\/wp\/v2\/product_tag?post=718289"}],"curies":[{"name":"wp","href":"https:\/\/api.w.org\/{rel}","templated":true}]}}