{"id":718288,"date":"2025-08-27T18:06:37","date_gmt":"2025-08-27T15:06:37","guid":{"rendered":"https:\/\/roveyayinevi.com.tr\/index.php\/urun\/anyayi-beklerken\/"},"modified":"2026-04-16T02:26:23","modified_gmt":"2026-04-15T23:26:23","slug":"anyayi-beklerken","status":"publish","type":"product","link":"https:\/\/roveyayinevi.com.tr\/index.php\/urun\/anyayi-beklerken\/","title":{"rendered":"Anya&#8217;y\u0131 Beklerken"},"content":{"rendered":"<p>Sava\u015fa \u00e7ocuklar\u0131n g\u00f6z\u00fcnden bakmak\u2026 Sava\u015f At\u0131 kitab\u0131ndan tan\u0131d\u0131\u011f\u0131m\u0131z \u0130ngiliz yazar Michael Morpurgo\u2019nun kaleminden, h\u00fcmanist de\u011ferlerle yo\u011frulmu\u015f destans\u0131 bir dayan\u0131\u015fma \u00f6yk\u00fcs\u00fc: Anya\u2019y\u0131 Beklerken.On ya\u015f ve \u00fczeri her ya\u015ftan okurun y\u00fcre\u011fini titretecek bu s\u00fcr\u00fckleyici roman, sava\u015f ma\u011fduru \u00e7ocuklar\u0131n kaderini de\u011fi\u015ftirmek \u00fczere seferber olan k\u00fc\u00e7\u00fck bir kasaba halk\u0131n\u0131n ola\u011fan\u00fcst\u00fc m\u00fccadelesini konu ediniyor.Yak\u0131n gelecekte beyazperdede izleme f\u0131rsat\u0131 da bulaca\u011f\u0131m\u0131z Anya\u2019y\u0131 Beklerken, yaln\u0131zca \u0130kinci D\u00fcnya Sava\u015f\u0131\u2019n\u0131 ve bu s\u00fcre\u00e7te ya\u015fanan \u00e7arp\u0131c\u0131 bir ka\u00e7\u0131\u015f \u00f6yk\u00fcs\u00fc de\u011fil; sevgi, sadakat, cesaret ve k\u0131van\u00e7 dolu, e\u015fsiz bir dostluk hik\u00e2yesi anlat\u0131yor.Fransa-\u0130spanya s\u0131n\u0131r\u0131ndaki k\u00fc\u00e7\u00fck Lescun kasabas\u0131nda ya\u015fayan Jo, sava\u015fa u\u011furlad\u0131\u011f\u0131 babas\u0131n\u0131n \u00f6zlemiyle ba\u015fa \u00e7\u0131kmaya \u00e7al\u0131\u015f\u0131rken, okuldan artakalan zamanlar\u0131n\u0131 \u00e7obanl\u0131k yaparak ge\u00e7irir. G\u00fcn\u00fcn birinde Jo, da\u011fda buldu\u011fu ay\u0131 yavrusuna bakan gizemli bir adamla kar\u015f\u0131la\u015f\u0131r. Daha \u00f6nce bir yerlerde g\u00f6rd\u00fc\u011f\u00fcne emin oldu\u011fu bu adam\u0131n izini s\u00fcrmeye karar verince boyundan b\u00fcy\u00fck i\u015flere kalk\u0131\u015f\u0131r. Sava\u015f\u0131n yak\u0131c\u0131 etkilerinden ka\u00e7maya \u00e7al\u0131\u015fan bir d\u00fczine \u00e7ocu\u011fun kaderi, art\u0131k tamamen onun ellerindedir. \u00c7ocuklar\u0131n d\u00fc\u015f\u00fcn\u00fc kurdu\u011fu bar\u0131\u015f, kasaba s\u0131n\u0131r\u0131n\u0131n yan\u0131 ba\u015f\u0131ndaki da\u011flar\u0131n eteklerinden ge\u00e7mektedir. Ancak bu yol, bir grup r\u00fctbeli davetsiz misafir y\u00fcz\u00fcnden her zamankinden \u00e7ok daha tehlikeli bir h\u00e2l alm\u0131\u015ft\u0131r&#8230;Sinematografik \u00fcslubuyla kitapseverlerin zihinlerinde canlanan bu s\u00fcr\u00fckleyici roman, edebiyat otoritelerinin Morpurgo\u2019nun alametifarikas\u0131 olarak tescilledikleri do\u011fa ve sava\u015f temal\u0131 yap\u0131tlar\u0131n\u0131n en olgun meyvelerinden biri olarak an\u0131l\u0131yor.Sava\u015f ve bar\u0131\u015f gibi, insanl\u0131\u011f\u0131n yazg\u0131s\u0131na ve \u00fclkelerin tarihine y\u00f6n veren iki \u00f6nemli kavram\u0131 son derece incelikli bir yakla\u015f\u0131mla ele alan Anya\u2019y\u0131 Beklerken, ger\u00e7ek\u00e7i anlat\u0131m\u0131n\u0131n sat\u0131r aralar\u0131nda insan ili\u015fkileri, e\u015fitlik ve s\u0131n\u0131rlar hakk\u0131nda da uzun uzun d\u00fc\u015f\u00fcnd\u00fcr\u00fcyor.<\/p>\n","protected":false},"excerpt":{"rendered":"<p>Sava\u015fa \u00e7ocuklar\u0131n g\u00f6z\u00fcnden bakmak\u2026 Sava\u015f At\u0131 kitab\u0131ndan tan\u0131d\u0131\u011f\u0131m\u0131z \u0130ngiliz yazar Michael Morpurgo\u2019nun kaleminden, h\u00fcmanist de\u011ferlerle yo\u011frulmu\u015f destans\u0131 bir dayan\u0131\u015fma \u00f6yk\u00fcs\u00fc: Anya\u2019y\u0131 Beklerken.On ya\u015f ve \u00fczeri her<span class=\"excerpt-hellip\"> [\u2026]<\/span><\/p>\n","protected":false},"featured_media":0,"template":"","meta":{"_monsterinsights_skip_tracking":false,"_monsterinsights_sitenote_active":false,"_monsterinsights_sitenote_note":"","_monsterinsights_sitenote_category":0},"product_brand":[],"product_cat":[12274,12284],"product_tag":[],"class_list":{"0":"post-718288","1":"product","2":"type-product","3":"status-publish","5":"product_cat-cocuk-ve-genclik-kitaplari","6":"product_cat-hikayeler","7":"pa_cilt-ciltsiz","8":"pa_tur-kitap","9":"pa_yayinevi-tudem-yayinlari","10":"pa_yazar-michael-morpurgo","12":"first","13":"instock","14":"sale","15":"shipping-taxable","16":"purchasable","17":"product-type-simple"},"_links":{"self":[{"href":"https:\/\/roveyayinevi.com.tr\/index.php\/wp-json\/wp\/v2\/product\/718288","targetHints":{"allow":["GET"]}}],"collection":[{"href":"https:\/\/roveyayinevi.com.tr\/index.php\/wp-json\/wp\/v2\/product"}],"about":[{"href":"https:\/\/roveyayinevi.com.tr\/index.php\/wp-json\/wp\/v2\/types\/product"}],"wp:attachment":[{"href":"https:\/\/roveyayinevi.com.tr\/index.php\/wp-json\/wp\/v2\/media?parent=718288"}],"wp:term":[{"taxonomy":"product_brand","embeddable":true,"href":"https:\/\/roveyayinevi.com.tr\/index.php\/wp-json\/wp\/v2\/product_brand?post=718288"},{"taxonomy":"product_cat","embeddable":true,"href":"https:\/\/roveyayinevi.com.tr\/index.php\/wp-json\/wp\/v2\/product_cat?post=718288"},{"taxonomy":"product_tag","embeddable":true,"href":"https:\/\/roveyayinevi.com.tr\/index.php\/wp-json\/wp\/v2\/product_tag?post=718288"}],"curies":[{"name":"wp","href":"https:\/\/api.w.org\/{rel}","templated":true}]}}