{"id":718263,"date":"2025-08-27T18:06:20","date_gmt":"2025-08-27T15:06:20","guid":{"rendered":"https:\/\/roveyayinevi.com.tr\/index.php\/urun\/kafkas-cephesinde-tahliye-ve-sihhiye-hizmetleri\/"},"modified":"2025-10-14T05:11:58","modified_gmt":"2025-10-14T02:11:58","slug":"kafkas-cephesinde-tahliye-ve-sihhiye-hizmetleri","status":"publish","type":"product","link":"https:\/\/roveyayinevi.com.tr\/index.php\/urun\/kafkas-cephesinde-tahliye-ve-sihhiye-hizmetleri\/","title":{"rendered":"Kafkas Cephesinde Tahliye ve S\u0131hhiye Hizmetleri"},"content":{"rendered":"<p>Cepheler genelde bulunduklar\u0131 co\u011frafyan\u0131n ad\u0131yla an\u0131l\u0131r. Do\u011fu Anadolu&#8217;da meydana getirilen cepheye Kafkas Cephesi ad\u0131n\u0131n verilmesi y\u00f6netimde olan Osmanl\u0131 H\u00fck\u00fcmeti&#8217;nin siyasi hedeflerinin a\u011f\u0131rl\u0131\u011f\u0131ndan kaynaklanm\u0131\u015ft\u0131r. Hedefe zay\u0131flayan Anadolu T\u00fcrkl\u00fc\u011f\u00fcn\u00fc Kafkas ve T\u00fcrkistan T\u00fcrkl\u00fc\u011f\u00fc ile birle\u015ftrimek kaybedilen, topraklar\u0131 (Elviye-i Selase denilen \u00fc\u00e7 sancak , Kars-Ardahan ve Batum) tekrar Anayurda katmakt\u0131. K\u0131sacas\u0131 Kafkas Cephesi T\u00fcrk\u00e7\u00fcl\u00fck ak\u0131m\u0131n\u0131n askeri izd\u00fc\u015f\u00fcm\u00fcd\u00fcr. Moralsiz ve g\u00fc\u00e7s\u00fcz halka yeni bir ruh anlay\u0131\u015f\u0131 ve heyecan vermeyi hedefliyordu. Bat\u0131 kar\u015f\u0131s\u0131nda s\u00fcrekli kan kaybeden Anadolu T\u00fcrkleri i\u00e7in Kafkasya umudun ad\u0131 olmu\u015ftu. Sar\u0131kam\u0131\u015f bu d\u00fc\u015f\u00fcnceler \u00fczerine olu\u015fturulmu\u015ftur.<\/p>\n","protected":false},"excerpt":{"rendered":"<p>Cepheler genelde bulunduklar\u0131 co\u011frafyan\u0131n ad\u0131yla an\u0131l\u0131r. Do\u011fu Anadolu&#8217;da meydana getirilen cepheye Kafkas Cephesi ad\u0131n\u0131n verilmesi y\u00f6netimde olan Osmanl\u0131 H\u00fck\u00fcmeti&#8217;nin siyasi hedeflerinin a\u011f\u0131rl\u0131\u011f\u0131ndan kaynaklanm\u0131\u015ft\u0131r. Hedefe zay\u0131flayan Anadolu<span class=\"excerpt-hellip\"> [\u2026]<\/span><\/p>\n","protected":false},"featured_media":0,"template":"","meta":{"_monsterinsights_skip_tracking":false,"_monsterinsights_sitenote_active":false,"_monsterinsights_sitenote_note":"","_monsterinsights_sitenote_category":0},"product_brand":[],"product_cat":[12370,12304],"product_tag":[],"class_list":{"0":"post-718263","1":"product","2":"type-product","3":"status-publish","5":"product_cat-arastirma-inceleme","6":"product_cat-tarih","7":"pa_cilt-ciltsiz","8":"pa_tur-kitap","9":"pa_yayinevi-soncag-akademik-kitaplar","10":"pa_yazar-nurhan-aydin","12":"first","13":"instock","14":"sale","15":"shipping-taxable","16":"purchasable","17":"product-type-simple"},"_links":{"self":[{"href":"https:\/\/roveyayinevi.com.tr\/index.php\/wp-json\/wp\/v2\/product\/718263","targetHints":{"allow":["GET"]}}],"collection":[{"href":"https:\/\/roveyayinevi.com.tr\/index.php\/wp-json\/wp\/v2\/product"}],"about":[{"href":"https:\/\/roveyayinevi.com.tr\/index.php\/wp-json\/wp\/v2\/types\/product"}],"wp:attachment":[{"href":"https:\/\/roveyayinevi.com.tr\/index.php\/wp-json\/wp\/v2\/media?parent=718263"}],"wp:term":[{"taxonomy":"product_brand","embeddable":true,"href":"https:\/\/roveyayinevi.com.tr\/index.php\/wp-json\/wp\/v2\/product_brand?post=718263"},{"taxonomy":"product_cat","embeddable":true,"href":"https:\/\/roveyayinevi.com.tr\/index.php\/wp-json\/wp\/v2\/product_cat?post=718263"},{"taxonomy":"product_tag","embeddable":true,"href":"https:\/\/roveyayinevi.com.tr\/index.php\/wp-json\/wp\/v2\/product_tag?post=718263"}],"curies":[{"name":"wp","href":"https:\/\/api.w.org\/{rel}","templated":true}]}}