{"id":718249,"date":"2025-08-27T18:06:12","date_gmt":"2025-08-27T15:06:12","guid":{"rendered":"https:\/\/roveyayinevi.com.tr\/index.php\/urun\/turkiyede-egitimin-neoliberal-donusumu\/"},"modified":"2026-04-16T02:26:22","modified_gmt":"2026-04-15T23:26:22","slug":"turkiyede-egitimin-neoliberal-donusumu","status":"publish","type":"product","link":"https:\/\/roveyayinevi.com.tr\/index.php\/urun\/turkiyede-egitimin-neoliberal-donusumu\/","title":{"rendered":"T\u00fcrkiye&#8217;de E\u011fitimin Neoliberal D\u00f6n\u00fc\u015f\u00fcm\u00fc"},"content":{"rendered":"<p>Bu \u00f6nemli se\u00e7ki, alanda var olan literat\u00fcre \u00f6nemli bir katk\u0131 sa\u011flayacakt\u0131r. \u00c7al\u0131\u015fma, de\u011fi\u015fen ekonomik ko\u015fullar alt\u0131nda modernle\u015ftirici laikle\u015fme ve \u0130slam&#8217;\u0131n var olan dini geleneklerinin ideolojik \u00e7eki\u015fmesi sonucunda ortaya \u00e7\u0131kan i\u00e7sel k\u00fclt\u00fcrel ve politik \u00e7eli\u015fki ve \u00e7at\u0131\u015fmalarla m\u00fccadele etmek durumunda kalan bir ulus-devletin pedagojik etkilerine \u0131\u015f\u0131k tutacakt\u0131r. T\u00fcrkiye&#8217;de E\u011fitimin Neoliberal D\u00f6n\u00fc\u015f\u00fcm\u00fc, e\u011fitim alan\u0131nda farkl\u0131 akademik bak\u0131\u015f a\u00e7\u0131lar\u0131 sunarak, neoliberal politika ve uygulamalar\u0131n T\u00fcrkiye&#8217;deki e\u011fitim s\u00fcreci \u00fczerindeki etkisine \u00f6nemli, kapsay\u0131c\u0131 bir analiz sunmaktad\u0131r ki bu, s\u00f6m\u00fcrgecilik sonras\u0131 kayg\u0131larla yak\u0131ndan ili\u015fkili bir analizdir. (Peter Mayo) <\/p>\n","protected":false},"excerpt":{"rendered":"<p>Bu \u00f6nemli se\u00e7ki, alanda var olan literat\u00fcre \u00f6nemli bir katk\u0131 sa\u011flayacakt\u0131r. \u00c7al\u0131\u015fma, de\u011fi\u015fen ekonomik ko\u015fullar alt\u0131nda modernle\u015ftirici laikle\u015fme ve \u0130slam&#8217;\u0131n var olan dini geleneklerinin ideolojik \u00e7eki\u015fmesi<span class=\"excerpt-hellip\"> [\u2026]<\/span><\/p>\n","protected":false},"featured_media":0,"template":"","meta":{"_monsterinsights_skip_tracking":false,"_monsterinsights_sitenote_active":false,"_monsterinsights_sitenote_note":"","_monsterinsights_sitenote_category":0},"product_brand":[],"product_cat":[13590,12337],"product_tag":[],"class_list":{"0":"post-718249","1":"product","2":"type-product","3":"status-publish","5":"product_cat-arastirma-inceleme-politika-siyaset","6":"product_cat-politika-siyaset","7":"pa_cilt-ciltsiz","8":"pa_tur-kitap","9":"pa_yayinevi-toz-yayinlari","10":"pa_yazar-kemal-inal-guliz-akkaymak","12":"first","13":"instock","14":"sale","15":"shipping-taxable","16":"purchasable","17":"product-type-simple"},"_links":{"self":[{"href":"https:\/\/roveyayinevi.com.tr\/index.php\/wp-json\/wp\/v2\/product\/718249","targetHints":{"allow":["GET"]}}],"collection":[{"href":"https:\/\/roveyayinevi.com.tr\/index.php\/wp-json\/wp\/v2\/product"}],"about":[{"href":"https:\/\/roveyayinevi.com.tr\/index.php\/wp-json\/wp\/v2\/types\/product"}],"wp:attachment":[{"href":"https:\/\/roveyayinevi.com.tr\/index.php\/wp-json\/wp\/v2\/media?parent=718249"}],"wp:term":[{"taxonomy":"product_brand","embeddable":true,"href":"https:\/\/roveyayinevi.com.tr\/index.php\/wp-json\/wp\/v2\/product_brand?post=718249"},{"taxonomy":"product_cat","embeddable":true,"href":"https:\/\/roveyayinevi.com.tr\/index.php\/wp-json\/wp\/v2\/product_cat?post=718249"},{"taxonomy":"product_tag","embeddable":true,"href":"https:\/\/roveyayinevi.com.tr\/index.php\/wp-json\/wp\/v2\/product_tag?post=718249"}],"curies":[{"name":"wp","href":"https:\/\/api.w.org\/{rel}","templated":true}]}}