{"id":718247,"date":"2025-08-27T18:06:11","date_gmt":"2025-08-27T15:06:11","guid":{"rendered":"https:\/\/roveyayinevi.com.tr\/index.php\/urun\/diyasporada-kurt-gencliginin-kimlik-gelisimi\/"},"modified":"2026-04-16T02:26:22","modified_gmt":"2026-04-15T23:26:22","slug":"diyasporada-kurt-gencliginin-kimlik-gelisimi","status":"publish","type":"product","link":"https:\/\/roveyayinevi.com.tr\/index.php\/urun\/diyasporada-kurt-gencliginin-kimlik-gelisimi\/","title":{"rendered":"Diyasporada K\u00fcrt Gen\u00e7li\u011finin Kimlik Geli\u015fimi"},"content":{"rendered":"<p>G\u00f6\u00e7, bir yer de\u011fi\u015ftirme olarak &#8216;kopu\u015f&#8217; ve &#8216;yeniden b\u00fct\u00fcnle\u015fme&#8217; s\u00fcrecidir. Fakat bu iki s\u00fcre\u00e7ten \u00e7ok, g\u00f6\u00e7meni en \u00e7ok g\u00f6r\u00fcn\u00fcr k\u0131lan \u015fey, g\u00f6\u00e7menin ne &#8216;kopu\u015f&#8217;u ne de &#8216;b\u00fct\u00fcnle\u015fme&#8217;sidir. G\u00f6\u00e7men, daha \u00e7ok &#8216;arada kalma&#8217; ile bi\u00e7imlenen s\u0131n\u0131r ki\u015fili\u011fi ile g\u00f6r\u00fcn\u00fcrl\u00fck kazan\u0131r. Bu iki sandalye aras\u0131nda kalma (Zwischenzweistuhlen \u2013iki arada bir derede kalma, arada kalma) olgusu g\u00f6\u00e7 ara\u015ft\u0131rmac\u0131lar\u0131n\u0131n en \u00e7ok ilgi duyduklar\u0131 noktalardan biridir. Bu tart\u0131\u015fman\u0131n merkezinde, g\u00f6\u00e7menin iki k\u00fclt\u00fcr aras\u0131nda s\u0131k\u0131\u015fmas\u0131 ve bundan kaynakl\u0131 gerilimli bir alanda duru\u015fu olgusu yatar. Elinizdeki \u00e7al\u0131\u015fma, K\u00fcrt g\u00f6\u00e7men grubunun al\u0131c\u0131 toplumla girdi\u011fi ili\u015fkilerin incelenmesini sunmaktad\u0131r. Bu inceleme \u00e7er\u00e7evesinde, al\u0131c\u0131 toplum ve K\u00fcrt g\u00f6\u00e7men grubunun, g\u00f6\u00e7 konusunda farkl\u0131 s\u00f6ylemlere sahip olmalar\u0131 ve buna paralel olarak g\u00f6\u00e7e ili\u015fkin bilimsel yaz\u0131nda da farkl\u0131 sonu\u00e7 ve de\u011ferlendirmelerin bulunmas\u0131, farkl\u0131 bir yol izlenmesini gerektirmi\u015ftir. S\u00f6z konusu taraflar\u0131n g\u00f6\u00e7e ili\u015fkin ilgileri, belli fakt\u00f6rler (modernle\u015fme, kimlik, ulusa\u015f\u0131r\u0131 a\u011flar vb.) \u00fczerinden genel hatlar\u0131yla verilmi\u015f ve alan \u00e7al\u0131\u015fmas\u0131 da veriler \u00fczerinden de\u011ferlendirilmi\u015ftir. Bu fakt\u00f6rlerle s\u00f6z konusu g\u00f6\u00e7men toplumunun asimilasyon ve entegrasyon tart\u0131\u015fmalar\u0131ndaki yeri incelenmi\u015f ve gen\u00e7 ku\u015faklar\u0131n verdikleri kimliksel tepkimeler analiz edilmi\u015ftir.<\/p>\n","protected":false},"excerpt":{"rendered":"<p>G\u00f6\u00e7, bir yer de\u011fi\u015ftirme olarak &#8216;kopu\u015f&#8217; ve &#8216;yeniden b\u00fct\u00fcnle\u015fme&#8217; s\u00fcrecidir. Fakat bu iki s\u00fcre\u00e7ten \u00e7ok, g\u00f6\u00e7meni en \u00e7ok g\u00f6r\u00fcn\u00fcr k\u0131lan \u015fey, g\u00f6\u00e7menin ne &#8216;kopu\u015f&#8217;u ne de<span class=\"excerpt-hellip\"> [\u2026]<\/span><\/p>\n","protected":false},"featured_media":0,"template":"","meta":{"_monsterinsights_skip_tracking":false,"_monsterinsights_sitenote_active":false,"_monsterinsights_sitenote_note":"","_monsterinsights_sitenote_category":0},"product_brand":[],"product_cat":[12325,12324],"product_tag":[],"class_list":{"0":"post-718247","1":"product","2":"type-product","3":"status-publish","5":"product_cat-diger-sosyoloji","6":"product_cat-sosyoloji","7":"pa_cilt-ciltsiz","8":"pa_tur-kitap","9":"pa_yayinevi-toz-yayinlari","10":"pa_yazar-avdo-karatas","12":"first","13":"instock","14":"sale","15":"shipping-taxable","16":"purchasable","17":"product-type-simple"},"_links":{"self":[{"href":"https:\/\/roveyayinevi.com.tr\/index.php\/wp-json\/wp\/v2\/product\/718247","targetHints":{"allow":["GET"]}}],"collection":[{"href":"https:\/\/roveyayinevi.com.tr\/index.php\/wp-json\/wp\/v2\/product"}],"about":[{"href":"https:\/\/roveyayinevi.com.tr\/index.php\/wp-json\/wp\/v2\/types\/product"}],"wp:attachment":[{"href":"https:\/\/roveyayinevi.com.tr\/index.php\/wp-json\/wp\/v2\/media?parent=718247"}],"wp:term":[{"taxonomy":"product_brand","embeddable":true,"href":"https:\/\/roveyayinevi.com.tr\/index.php\/wp-json\/wp\/v2\/product_brand?post=718247"},{"taxonomy":"product_cat","embeddable":true,"href":"https:\/\/roveyayinevi.com.tr\/index.php\/wp-json\/wp\/v2\/product_cat?post=718247"},{"taxonomy":"product_tag","embeddable":true,"href":"https:\/\/roveyayinevi.com.tr\/index.php\/wp-json\/wp\/v2\/product_tag?post=718247"}],"curies":[{"name":"wp","href":"https:\/\/api.w.org\/{rel}","templated":true}]}}