{"id":718240,"date":"2025-08-27T18:06:07","date_gmt":"2025-08-27T15:06:07","guid":{"rendered":"https:\/\/roveyayinevi.com.tr\/index.php\/urun\/dinazor-kitaba-sigar-mi\/"},"modified":"2026-04-16T02:26:22","modified_gmt":"2026-04-15T23:26:22","slug":"dinazor-kitaba-sigar-mi","status":"publish","type":"product","link":"https:\/\/roveyayinevi.com.tr\/index.php\/urun\/dinazor-kitaba-sigar-mi\/","title":{"rendered":"Dinazor Kitaba S\u0131\u011far m\u0131?"},"content":{"rendered":"<p>S\u00fcper sorular\u0131n\u0131n cevaplar\u0131n\u0131 arayan Puti, k\u00fct\u00fcphanede yeni dostlar edinir, daha \u00f6nce ad\u0131n\u0131 bile bilmedi\u011fi hayvanlarla tan\u0131\u015f\u0131r. Ve k\u00fct\u00fcphanede gizemli bir odaya a\u00e7\u0131lan kap\u0131 oldu\u011funu \u00f6\u011frenir.   \u0130\u015fte \u015fimdi macera ba\u015fl\u0131yor! Bilgi Benim \u0130\u015fim Dizisi\u2019nin ikinci kitab\u0131 olan \u201cDinozor Kitaba S\u0131\u011far M\u0131?\u201d, okuma anlama ve ara\u015ft\u0131rma becerilerini geli\u015ftirmek amac\u0131yla haz\u0131rland\u0131.   Serideki her bir kitap, ait oldu\u011fu ya\u015f grubunun bilgi okuryazarl\u0131\u011f\u0131 kazan\u0131mlar\u0131n\u0131 desteklemektedir. Serinin her kitab\u0131 anaokulu ve ilkokulu etkinliklerinde kullanabilece\u011fi i\u00e7eri\u011fe sahiptir. <\/p>\n","protected":false},"excerpt":{"rendered":"<p>S\u00fcper sorular\u0131n\u0131n cevaplar\u0131n\u0131 arayan Puti, k\u00fct\u00fcphanede yeni dostlar edinir, daha \u00f6nce ad\u0131n\u0131 bile bilmedi\u011fi hayvanlarla tan\u0131\u015f\u0131r. Ve k\u00fct\u00fcphanede gizemli bir odaya a\u00e7\u0131lan kap\u0131 oldu\u011funu \u00f6\u011frenir. \u0130\u015fte<span class=\"excerpt-hellip\"> [\u2026]<\/span><\/p>\n","protected":false},"featured_media":0,"template":"","meta":{"_monsterinsights_skip_tracking":false,"_monsterinsights_sitenote_active":false,"_monsterinsights_sitenote_note":"","_monsterinsights_sitenote_category":0},"product_brand":[],"product_cat":[12274,12284],"product_tag":[],"class_list":{"0":"post-718240","1":"product","2":"type-product","3":"status-publish","5":"product_cat-cocuk-ve-genclik-kitaplari","6":"product_cat-hikayeler","7":"pa_cilt-ciltsiz","8":"pa_tur-kitap","9":"pa_yayinevi-ideal-kultur-yayincilik","10":"pa_yazar-osman-koc","12":"first","13":"instock","14":"sale","15":"shipping-taxable","16":"purchasable","17":"product-type-simple"},"_links":{"self":[{"href":"https:\/\/roveyayinevi.com.tr\/index.php\/wp-json\/wp\/v2\/product\/718240","targetHints":{"allow":["GET"]}}],"collection":[{"href":"https:\/\/roveyayinevi.com.tr\/index.php\/wp-json\/wp\/v2\/product"}],"about":[{"href":"https:\/\/roveyayinevi.com.tr\/index.php\/wp-json\/wp\/v2\/types\/product"}],"wp:attachment":[{"href":"https:\/\/roveyayinevi.com.tr\/index.php\/wp-json\/wp\/v2\/media?parent=718240"}],"wp:term":[{"taxonomy":"product_brand","embeddable":true,"href":"https:\/\/roveyayinevi.com.tr\/index.php\/wp-json\/wp\/v2\/product_brand?post=718240"},{"taxonomy":"product_cat","embeddable":true,"href":"https:\/\/roveyayinevi.com.tr\/index.php\/wp-json\/wp\/v2\/product_cat?post=718240"},{"taxonomy":"product_tag","embeddable":true,"href":"https:\/\/roveyayinevi.com.tr\/index.php\/wp-json\/wp\/v2\/product_tag?post=718240"}],"curies":[{"name":"wp","href":"https:\/\/api.w.org\/{rel}","templated":true}]}}