{"id":718238,"date":"2025-08-27T18:06:06","date_gmt":"2025-08-27T15:06:06","guid":{"rendered":"https:\/\/roveyayinevi.com.tr\/index.php\/urun\/yedi-ucuz-sey-uzerinden-dunya-tarihi\/"},"modified":"2026-04-16T02:26:22","modified_gmt":"2026-04-15T23:26:22","slug":"yedi-ucuz-sey-uzerinden-dunya-tarihi","status":"publish","type":"product","link":"https:\/\/roveyayinevi.com.tr\/index.php\/urun\/yedi-ucuz-sey-uzerinden-dunya-tarihi\/","title":{"rendered":"Yedi Ucuz \u015eey \u00dczerinden D\u00fcnya Tarihi"},"content":{"rendered":"<p>Yar\u0131m biny\u0131ll\u0131k s\u00f6m\u00fcrgeci kapitalizmin anatomisi say\u0131labilecek bu \u00e7al\u0131\u015fma, apa\u00e7\u0131k ortada durdu\u011fundan olsa gerek, \u00e7o\u011funlukla \u00f6nemsemedi\u011fimiz do\u011fa, para, emek, bak\u0131m, g\u0131da, enerji ve ya\u015fam\u0131n ucuzlat\u0131lmas\u0131yla kapitalizmin insanlarla ya\u015fam a\u011f\u0131 aras\u0131ndaki ili\u015fkileri nas\u0131l kontrol etti\u011finin izini s\u00fcr\u00fcyor.\u0130lk kapitalist \u00fcr\u00fcn \u015fekerin \u00fcretiminden kapitalist s\u0131n\u0131rlar\u0131n geni\u015flemesine uzanan s\u00fcre\u00e7te do\u011fa-toplum, kad\u0131n-erkek ikili\u011finin, s\u00f6m\u00fcrgecili\u011fin, \u0131rk\u00e7\u0131l\u0131\u011f\u0131n, yerli m\u00fccadelelerinin, sava\u015flar\u0131n, krizlerin, isyanlar\u0131n bu yedi ucuz \u015feyle ve birbirleriyle nas\u0131l ili\u015fkilendi\u011fini irdeleyen, g\u00fcn\u00fcm\u00fcz\u00fcn krizlerini ele alan \u00f6zg\u00fcn bir neoliberal ekonomi ele\u015ftirisi Yedi Ucuz \u015eey \u00dczerinden D\u00fcnya Tarihi bug\u00fcn bulundu\u011fumuz yere nas\u0131l geldi\u011fimizin ve daha adil, s\u00fcrd\u00fcr\u00fclebilir bir medeniyet i\u00e7in nas\u0131l ilerlememiz gerekti\u011finin ufuk a\u00e7\u0131c\u0131 bir anlat\u0131s\u0131.  \u201c\u00c7o\u011fu insan i\u00e7in gezegenin sonunu hayal etmek kapitalizmin sonunu hayal etmekten daha kolay\u201d   \u201cRaj Patel ve Jason W. Moore \u2018ucuzluk\u2019 ifadesini, a\u015f\u0131r\u0131 emek s\u00f6m\u00fcr\u00fcs\u00fcnden iklim de\u011fi\u015fikli\u011fine kadar uzanan, g\u00fcn\u00fcm\u00fcz\u00fcn en bask\u0131lay\u0131c\u0131 krizlerini anlamam\u0131za yard\u0131mc\u0131 olacak g\u00f6z al\u0131c\u0131, \u00f6zg\u00fcn bir merce\u011fe d\u00f6n\u00fc\u015ft\u00fcr\u00fcyor. Yazarlar, adalet i\u00e7in verdi\u011fimiz m\u00fccadelelerin birbirine nas\u0131l ba\u011fland\u0131\u011f\u0131n\u0131 g\u00f6stererek bizi bulundu\u011fumuz noktaya getiren sistemli g\u00fc\u00e7leri a\u00e7\u0131kl\u0131yor. Daha iyi bir d\u00fcnya kurmak i\u00e7in bir araya geleceksek bu kitap hevesimizi art\u0131r\u0131p yaymaya yarayacak \u00e7er\u00e7eveyi sunabilir.\u201d Naomi Klein<\/p>\n","protected":false},"excerpt":{"rendered":"<p>Yar\u0131m biny\u0131ll\u0131k s\u00f6m\u00fcrgeci kapitalizmin anatomisi say\u0131labilecek bu \u00e7al\u0131\u015fma, apa\u00e7\u0131k ortada durdu\u011fundan olsa gerek, \u00e7o\u011funlukla \u00f6nemsemedi\u011fimiz do\u011fa, para, emek, bak\u0131m, g\u0131da, enerji ve ya\u015fam\u0131n ucuzlat\u0131lmas\u0131yla kapitalizmin insanlarla<span class=\"excerpt-hellip\"> [\u2026]<\/span><\/p>\n","protected":false},"featured_media":0,"template":"","meta":{"_monsterinsights_skip_tracking":false,"_monsterinsights_sitenote_active":false,"_monsterinsights_sitenote_note":"","_monsterinsights_sitenote_category":0},"product_brand":[],"product_cat":[12305,12304],"product_tag":[],"class_list":{"0":"post-718238","1":"product","2":"type-product","3":"status-publish","5":"product_cat-dunya-tarihi","6":"product_cat-tarih","7":"pa_cilt-ciltsiz","8":"pa_tur-kitap","9":"pa_yayinevi-kolektif-kitap","10":"pa_yazar-raj-patel-jason-w-moore","12":"first","13":"instock","14":"sale","15":"shipping-taxable","16":"purchasable","17":"product-type-simple"},"_links":{"self":[{"href":"https:\/\/roveyayinevi.com.tr\/index.php\/wp-json\/wp\/v2\/product\/718238","targetHints":{"allow":["GET"]}}],"collection":[{"href":"https:\/\/roveyayinevi.com.tr\/index.php\/wp-json\/wp\/v2\/product"}],"about":[{"href":"https:\/\/roveyayinevi.com.tr\/index.php\/wp-json\/wp\/v2\/types\/product"}],"wp:attachment":[{"href":"https:\/\/roveyayinevi.com.tr\/index.php\/wp-json\/wp\/v2\/media?parent=718238"}],"wp:term":[{"taxonomy":"product_brand","embeddable":true,"href":"https:\/\/roveyayinevi.com.tr\/index.php\/wp-json\/wp\/v2\/product_brand?post=718238"},{"taxonomy":"product_cat","embeddable":true,"href":"https:\/\/roveyayinevi.com.tr\/index.php\/wp-json\/wp\/v2\/product_cat?post=718238"},{"taxonomy":"product_tag","embeddable":true,"href":"https:\/\/roveyayinevi.com.tr\/index.php\/wp-json\/wp\/v2\/product_tag?post=718238"}],"curies":[{"name":"wp","href":"https:\/\/api.w.org\/{rel}","templated":true}]}}