{"id":718237,"date":"2025-08-27T18:06:06","date_gmt":"2025-08-27T15:06:06","guid":{"rendered":"https:\/\/roveyayinevi.com.tr\/index.php\/urun\/lacanda-ask\/"},"modified":"2026-04-16T02:26:21","modified_gmt":"2026-04-15T23:26:21","slug":"lacanda-ask","status":"publish","type":"product","link":"https:\/\/roveyayinevi.com.tr\/index.php\/urun\/lacanda-ask\/","title":{"rendered":"Lacan\u2019da A\u015fk"},"content":{"rendered":"<p>Lacanc\u0131 psikanalist Bruce Fink bu kitab\u0131nda Lacan\u2019\u0131n a\u015fk\u0131 ayr\u0131nt\u0131l\u0131 bir bi\u00e7imde ele ald\u0131\u011f\u0131 VIII. Seminer Aktar\u0131m merkezinde, a\u015fk hakk\u0131nda kapsaml\u0131 bir psikanalitik \u00e7\u00f6z\u00fcmlemeye giri\u015fiyor. A\u015fk\u0131n \u00e7etrefilli manevralar\u0131n\u0131 simgesel, imgesel, ger\u00e7ek d\u00fczlemlerinde ele al\u0131rken, a\u00e7mazlar\u0131 ve paradokslar\u0131n\u0131 ele\u015ftirel bir Lacan yorumunda birle\u015ftiriyor. Fink a\u015fk\u0131n farkl\u0131 tarihsel d\u00f6nemlerde, farkl\u0131 k\u00fclt\u00fcrlerde ta\u015f\u0131d\u0131\u011f\u0131 anlamlar\u0131 edebiyattan, felsefeden, mitlerden, tragedyalardan \u00f6rneklerle g\u00f6sterirken, asl\u0131nda a\u015fk derken ne anlatmak istedi\u011fimize, a\u015fk kelimesinin anlam\u0131na dair ortak olan\u0131 bulmaya odaklan\u0131yor. A\u015fk \u00fcst\u00fcne psikanalitik bir kaz\u0131 \u00e7al\u0131\u015fmas\u0131 olan bu kitap okuru kendi a\u015fk patikas\u0131n\u0131 ke\u015ffetmeye davet ediyor. \u201cA\u015fk\u0131m\u0131z\u0131 ilan ederek, yani sevdi\u011fimize y\u00fcksek sesle dile getirerek, eksi\u011fimizi veririz. Kendimizde bir \u015feyin kay\u0131p oldu\u011funu, eksik bir varl\u0131k oldu\u011fumuzu, t\u00fcm varl\u0131\u011f\u0131m\u0131zla bir \u015feyi istedi\u011fimizi beyan ederiz. B\u00f6yle oldu\u011fu halde partnerimize varl\u0131k ve taml\u0131k hissi vermeyi ba\u015far\u0131r\u0131z. Asl\u0131nda (partnerimize) sahip olmad\u0131\u011f\u0131m\u0131z \u015feyi hediye ederiz. Daha do\u011frusu, bizde eksik olan \u015feyi bir ba\u015fka \u015feye \u00e7evirir, o ki\u015finin buna iyi bakmas\u0131n\u0131 isteriz. Bu \u00f6tekinin bizim eksi\u011fimize burun k\u0131v\u0131rmayaca\u011f\u0131n\u0131 ya da onu ayaklar\u0131 alt\u0131na almayaca\u011f\u0131n\u0131 umar\u0131z. A\u00e7\u0131k\u00e7as\u0131 baz\u0131 insanlar di\u011fer insanlar\u0131n onlar\u0131n varl\u0131ktaki-eksiklerini ya da eksik varl\u0131\u011f\u0131n\u0131 reddedece\u011finden o kadar korkarlar ki onu a\u00e7\u0131\u011fa \u00e7\u0131karmaya, g\u00f6stermeye, vermeye \u00e7ekinirler. Bu durum, sevgisini ilan ederken duyulan b\u00fct\u00fcn endi\u015felerle yak\u0131ndan ilgilidir: \u2018Seni seviyorum\u2019 demek \u2018Ben eksi\u011fim ve sen benim eksi\u011fime sesleniyorsun\u2019 demektir.\u201d<\/p>\n","protected":false},"excerpt":{"rendered":"<p>Lacanc\u0131 psikanalist Bruce Fink bu kitab\u0131nda Lacan\u2019\u0131n a\u015fk\u0131 ayr\u0131nt\u0131l\u0131 bir bi\u00e7imde ele ald\u0131\u011f\u0131 VIII. Seminer Aktar\u0131m merkezinde, a\u015fk hakk\u0131nda kapsaml\u0131 bir psikanalitik \u00e7\u00f6z\u00fcmlemeye giri\u015fiyor. A\u015fk\u0131n \u00e7etrefilli<span class=\"excerpt-hellip\"> [\u2026]<\/span><\/p>\n","protected":false},"featured_media":0,"template":"","meta":{"_monsterinsights_skip_tracking":false,"_monsterinsights_sitenote_active":false,"_monsterinsights_sitenote_note":"","_monsterinsights_sitenote_category":0},"product_brand":[],"product_cat":[12357],"product_tag":[],"class_list":{"0":"post-718237","1":"product","2":"type-product","3":"status-publish","5":"product_cat-psikoloji","6":"pa_cilt-ciltsiz","7":"pa_tur-kitap","8":"pa_yayinevi-kolektif-kitap","9":"pa_yazar-bruce-fink","11":"first","12":"instock","13":"sale","14":"shipping-taxable","15":"purchasable","16":"product-type-simple"},"_links":{"self":[{"href":"https:\/\/roveyayinevi.com.tr\/index.php\/wp-json\/wp\/v2\/product\/718237","targetHints":{"allow":["GET"]}}],"collection":[{"href":"https:\/\/roveyayinevi.com.tr\/index.php\/wp-json\/wp\/v2\/product"}],"about":[{"href":"https:\/\/roveyayinevi.com.tr\/index.php\/wp-json\/wp\/v2\/types\/product"}],"wp:attachment":[{"href":"https:\/\/roveyayinevi.com.tr\/index.php\/wp-json\/wp\/v2\/media?parent=718237"}],"wp:term":[{"taxonomy":"product_brand","embeddable":true,"href":"https:\/\/roveyayinevi.com.tr\/index.php\/wp-json\/wp\/v2\/product_brand?post=718237"},{"taxonomy":"product_cat","embeddable":true,"href":"https:\/\/roveyayinevi.com.tr\/index.php\/wp-json\/wp\/v2\/product_cat?post=718237"},{"taxonomy":"product_tag","embeddable":true,"href":"https:\/\/roveyayinevi.com.tr\/index.php\/wp-json\/wp\/v2\/product_tag?post=718237"}],"curies":[{"name":"wp","href":"https:\/\/api.w.org\/{rel}","templated":true}]}}