{"id":718236,"date":"2025-08-27T18:05:32","date_gmt":"2025-08-27T15:05:32","guid":{"rendered":"https:\/\/roveyayinevi.com.tr\/index.php\/urun\/arykanda-akropolisi-kutsal-alanlari-ve-kultleri\/"},"modified":"2026-04-16T02:26:21","modified_gmt":"2026-04-15T23:26:21","slug":"arykanda-akropolisi-kutsal-alanlari-ve-kultleri","status":"publish","type":"product","link":"https:\/\/roveyayinevi.com.tr\/index.php\/urun\/arykanda-akropolisi-kutsal-alanlari-ve-kultleri\/","title":{"rendered":"Arykanda Akropolisi Kutsal Alanlar\u0131 ve K\u00fcltleri"},"content":{"rendered":"<p>I\u015f\u0131k \u00dclkesi olarak da bilinen Lykia B\u00f6lgesi&#8217;nin bir kenti olan Arykanda,Antalya \u0130li,Finike \u0130l\u00e7esi,Arif K\u00f6y\u00fc s\u0131n\u0131rlar\u0131 i\u00e7erisinde yer almaktad\u0131r.Arykanda&#8217;daki arkeolojik kaz\u0131lar ,1971 y\u0131l\u0131nda Prof.Dr.Cevdet BAYBURTLUO\u011eLU ba\u015fkanl\u0131\u011f\u0131nda ba\u015flam\u0131\u015ft\u0131r.G\u00fcn\u00fcm\u00fcze kadar y\u00fcr\u00fct\u00fclen arkeolojik kaz\u0131larla kentin b\u00fcy\u00fck bir k\u0131sm\u0131 a\u00e7\u0131\u011fa \u00e7\u0131kar\u0131lm\u0131\u015ft\u0131r.&#8221;Arykanda&#8221; adl\u0131 yay\u0131n\u0131n 1.say\u0131s\u0131 olarak haz\u0131rlanan bu kitapta,kentin Akropolisi&#8217;ndeli kutsal alanlar ve k\u00fcltleri ele al\u0131nm\u0131\u015ft\u0131r.Akropolis&#8217;te ilk kaz\u0131lar 1980&#8217;lerde ger\u00e7ekle\u015ftirilmi\u015f ve bu \u00e7al\u0131\u015fmalar  2003 y\u0131l\u0131na kadar k\u0131sa aral\u0131klarla devam etmi\u015ftir.15 y\u0131l aradan sonra 2018 y\u0131l\u0131nda ise \u00e7al\u0131\u015fmalar yeniden ba\u015flat\u0131lm\u0131\u015ft\u0131r.Kitapta.Arykanda Akropolisi&#8217;nde yer alan Helios Tap\u0131na\u011f\u0131 ve Sebasteion mimari \u00f6zellikleri a\u00e7\u0131s\u0131ndan ele al\u0131narak yap\u0131 evreleriyle birlikte de\u011ferlendirilmi\u015ftir.S\u00f6z konusu bu yap\u0131lar\u0131n k\u00fcltsel ba\u011flant\u0131lar\u0131n\u0131 saptayabilmek amac\u0131yla her iki yap\u0131 i\u00e7erisinde ve \u00e7evresinde ele ge\u00e7en epigrafik,n\u00fcmismatik ve arkeolojik buluntular \u0131\u015f\u0131\u011f\u0131nda k\u00fcltleri de ele al\u0131nm\u0131\u015ft\u0131r.Bu de\u011ferlendirmeler sonucunda Akropolis&#8217;te yer alan kutsal alanlar\u0131n mimari \u00f6zellikleri ve k\u00fcltleri hakk\u0131nda d\u00fc\u015f\u00fcnce ve yorumlara ula\u015f\u0131lmaya \u00e7al\u0131\u015f\u0131lm\u0131\u015ft\u0131r.<\/p>\n","protected":false},"excerpt":{"rendered":"<p>I\u015f\u0131k \u00dclkesi olarak da bilinen Lykia B\u00f6lgesi&#8217;nin bir kenti olan Arykanda,Antalya \u0130li,Finike \u0130l\u00e7esi,Arif K\u00f6y\u00fc s\u0131n\u0131rlar\u0131 i\u00e7erisinde yer almaktad\u0131r.Arykanda&#8217;daki arkeolojik kaz\u0131lar ,1971 y\u0131l\u0131nda Prof.Dr.Cevdet BAYBURTLUO\u011eLU ba\u015fkanl\u0131\u011f\u0131nda ba\u015flam\u0131\u015ft\u0131r.G\u00fcn\u00fcm\u00fcze<span class=\"excerpt-hellip\"> [\u2026]<\/span><\/p>\n","protected":false},"featured_media":0,"template":"","meta":{"_monsterinsights_skip_tracking":false,"_monsterinsights_sitenote_active":false,"_monsterinsights_sitenote_note":"","_monsterinsights_sitenote_category":0},"product_brand":[],"product_cat":[52477,52478],"product_tag":[],"class_list":{"0":"post-718236","1":"product","2":"type-product","3":"status-publish","5":"product_cat-arastirma","6":"product_cat-arkeoloji","7":"pa_cilt-ciltli","8":"pa_tur-kitap","9":"pa_yayinevi-bilgin-kultur-sanat","10":"pa_yazar-hacer-sancaktar","12":"first","13":"instock","14":"sale","15":"shipping-taxable","16":"purchasable","17":"product-type-simple"},"_links":{"self":[{"href":"https:\/\/roveyayinevi.com.tr\/index.php\/wp-json\/wp\/v2\/product\/718236","targetHints":{"allow":["GET"]}}],"collection":[{"href":"https:\/\/roveyayinevi.com.tr\/index.php\/wp-json\/wp\/v2\/product"}],"about":[{"href":"https:\/\/roveyayinevi.com.tr\/index.php\/wp-json\/wp\/v2\/types\/product"}],"wp:attachment":[{"href":"https:\/\/roveyayinevi.com.tr\/index.php\/wp-json\/wp\/v2\/media?parent=718236"}],"wp:term":[{"taxonomy":"product_brand","embeddable":true,"href":"https:\/\/roveyayinevi.com.tr\/index.php\/wp-json\/wp\/v2\/product_brand?post=718236"},{"taxonomy":"product_cat","embeddable":true,"href":"https:\/\/roveyayinevi.com.tr\/index.php\/wp-json\/wp\/v2\/product_cat?post=718236"},{"taxonomy":"product_tag","embeddable":true,"href":"https:\/\/roveyayinevi.com.tr\/index.php\/wp-json\/wp\/v2\/product_tag?post=718236"}],"curies":[{"name":"wp","href":"https:\/\/api.w.org\/{rel}","templated":true}]}}