{"id":718232,"date":"2025-08-27T18:05:30","date_gmt":"2025-08-27T15:05:30","guid":{"rendered":"https:\/\/roveyayinevi.com.tr\/index.php\/urun\/on-dokuzuncu-yuzyilin-firtina-bulutu\/"},"modified":"2026-04-16T02:26:21","modified_gmt":"2026-04-15T23:26:21","slug":"on-dokuzuncu-yuzyilin-firtina-bulutu","status":"publish","type":"product","link":"https:\/\/roveyayinevi.com.tr\/index.php\/urun\/on-dokuzuncu-yuzyilin-firtina-bulutu\/","title":{"rendered":"On Dokuzuncu Y\u00fczy\u0131l\u0131n F\u0131rt\u0131na Bulutu"},"content":{"rendered":"<p>\u0130ngiltere\u2019de ya\u015fanan Sanayi Devrimi 19. y\u00fczy\u0131l entelekt\u00fcellerince nas\u0131l deneyimlendi? Devrimin ne gibi \u00e7evresel sonu\u00e7lar\u0131 oldu? O zamanlar \u0130ngiltere g\u00f6kleri nas\u0131ld\u0131? Bu g\u00f6kler, 19. y\u00fczy\u0131l sanat\u0131na nas\u0131l yans\u0131d\u0131? Nas\u0131l yans\u0131mal\u0131yd\u0131?Bir Victoria \u00c7a\u011f\u0131 entelekt\u00fceli olan sanat ele\u015ftirmeni, sanat tarih\u00e7isi, ressam, \u015fair, toplumbilimci, d\u00fc\u015f\u00fcn\u00fcr John Ruskin, Sanayi Devriminin sonu\u00e7lar\u0131n\u0131 \u00e7evresel y\u00f6nden ele alan ilk metinlerden birini ortaya koyuyor On Dokuzuncu Y\u00fczy\u0131l\u0131n F\u0131rt\u0131na Bulutu adl\u0131 \u00e7al\u0131\u015fmas\u0131nda. Ruskin\u2019in 1884-1885\u2019te Oxford \u00dcniversitesi\u2019nde verdi\u011fi derslerin notlar\u0131ndan olu\u015fan bu metin, d\u00f6nemin \u201cmusibet r\u00fczg\u00e2r\u0131n\u0131\u201d bir sanat tarih\u00e7isinin g\u00f6z\u00fcyle ve 19. y\u00fczy\u0131l g\u00f6zlemcili\u011fiyle ortaya koyuyor. Bu g\u00f6zlemleri, farkl\u0131 mek\u00e2nlar\u0131n g\u00f6kleriyle, b\u00fcy\u00fck ressamlar\u0131n eserleriyle, \u015fiirle ve antik\u00e7a\u011f metinleriyle harmanl\u0131yor.Estetik, ele\u015ftirel ve ilham verici; kendi ifadesiyle, \u201cg\u00f6ky\u00fcz\u00fcn\u00fcn i\u015faretlerine\u201d etkisi ol(a)masa da, zaman\u0131n i\u015faretlerini etkilemi\u015f bir eser On Dokuzuncu Y\u00fczy\u0131l\u0131n F\u0131rt\u0131na Bulutu.<\/p>\n","protected":false},"excerpt":{"rendered":"<p>\u0130ngiltere\u2019de ya\u015fanan Sanayi Devrimi 19. y\u00fczy\u0131l entelekt\u00fcellerince nas\u0131l deneyimlendi? Devrimin ne gibi \u00e7evresel sonu\u00e7lar\u0131 oldu? O zamanlar \u0130ngiltere g\u00f6kleri nas\u0131ld\u0131? Bu g\u00f6kler, 19. y\u00fczy\u0131l sanat\u0131na nas\u0131l<span class=\"excerpt-hellip\"> [\u2026]<\/span><\/p>\n","protected":false},"featured_media":0,"template":"","meta":{"_monsterinsights_skip_tracking":false,"_monsterinsights_sitenote_active":false,"_monsterinsights_sitenote_note":"","_monsterinsights_sitenote_category":0},"product_brand":[],"product_cat":[12408,14197],"product_tag":[],"class_list":{"0":"post-718232","1":"product","2":"type-product","3":"status-publish","5":"product_cat-sanat","6":"product_cat-sanat-tarihi","7":"pa_cilt-ciltsiz","8":"pa_tur-kitap","9":"pa_yayinevi-vakifbank-kultur-yayinlari","10":"pa_yazar-john-ruskin","12":"first","13":"instock","14":"sale","15":"shipping-taxable","16":"purchasable","17":"product-type-simple"},"_links":{"self":[{"href":"https:\/\/roveyayinevi.com.tr\/index.php\/wp-json\/wp\/v2\/product\/718232","targetHints":{"allow":["GET"]}}],"collection":[{"href":"https:\/\/roveyayinevi.com.tr\/index.php\/wp-json\/wp\/v2\/product"}],"about":[{"href":"https:\/\/roveyayinevi.com.tr\/index.php\/wp-json\/wp\/v2\/types\/product"}],"wp:attachment":[{"href":"https:\/\/roveyayinevi.com.tr\/index.php\/wp-json\/wp\/v2\/media?parent=718232"}],"wp:term":[{"taxonomy":"product_brand","embeddable":true,"href":"https:\/\/roveyayinevi.com.tr\/index.php\/wp-json\/wp\/v2\/product_brand?post=718232"},{"taxonomy":"product_cat","embeddable":true,"href":"https:\/\/roveyayinevi.com.tr\/index.php\/wp-json\/wp\/v2\/product_cat?post=718232"},{"taxonomy":"product_tag","embeddable":true,"href":"https:\/\/roveyayinevi.com.tr\/index.php\/wp-json\/wp\/v2\/product_tag?post=718232"}],"curies":[{"name":"wp","href":"https:\/\/api.w.org\/{rel}","templated":true}]}}