{"id":718229,"date":"2025-08-27T18:05:28","date_gmt":"2025-08-27T15:05:28","guid":{"rendered":"https:\/\/roveyayinevi.com.tr\/index.php\/urun\/balikcilar\/"},"modified":"2026-04-16T02:26:21","modified_gmt":"2026-04-15T23:26:21","slug":"balikcilar","status":"publish","type":"product","link":"https:\/\/roveyayinevi.com.tr\/index.php\/urun\/balikcilar\/","title":{"rendered":"Bal\u0131k\u00e7\u0131lar"},"content":{"rendered":"<p>On dokuzuncu y\u00fczy\u0131l Rus edebiyat\u0131n\u0131n alt\u0131n \u00e7a\u011f\u0131n\u0131n en parlak isimlerinden biri kabul edilen ve Rusya\u2019n\u0131n ilk k\u00f6y edebiyat\u0131 yazarlar\u0131ndan olan DmitriGrigorovi\u00e7, Bal\u0131k\u00e7\u0131lar adl\u0131 roman\u0131yla ilk defa T\u00fcrk\u00e7ede. Rusya\u2019n\u0131n bir bal\u0131k\u00e7\u0131 k\u00f6y\u00fcnde ya\u015fayan ihtiyar GlebSavini\u00e7 ile ailesinin hik\u00e2yesini konu edinen Bal\u0131k\u00e7\u0131lar\u2019da k\u00fc\u00e7\u00fck ve basit insanlar\u0131n ba\u015f\u0131ndan ge\u00e7en olaylara tan\u0131k oluyoruz. Ak\u0131c\u0131, anla\u015f\u0131l\u0131r bir dille kaleme al\u0131nan bu dramatik dozu y\u00fcksek roman, ellerinde sevgi, dayan\u0131\u015fma ve dostluktan ba\u015fka payla\u015fabilecek pek de bir \u015feyi bulunmayan k\u00fc\u00e7\u00fck insanlar\u0131n, Dostoyevski\u2019nin tabiriyle \u201cinsanc\u0131klar\u201d\u0131n etkileyici bir anlat\u0131s\u0131. Bal\u0131k\u00e7\u0131lar, aksi bir adam olan GlebSavini\u00e7\u2019i, onun uzak akrabas\u0131 Akim Amcay\u0131 ve onun evlatl\u0131k o\u011flunu (Gri\u015fka) da kabul ederek b\u00fcy\u00fctt\u00fc\u011f\u00fc \u00e7ekirdek ailesinin hik\u00e2yesinin etraf\u0131nda, 1850\u2019lerin Rusya\u2019s\u0131ndaki g\u00fcndelik hayat\u0131n tarihine de \u0131\u015f\u0131k tutan bir Rus klasi\u011fi&#8230; <\/p>\n","protected":false},"excerpt":{"rendered":"<p>On dokuzuncu y\u00fczy\u0131l Rus edebiyat\u0131n\u0131n alt\u0131n \u00e7a\u011f\u0131n\u0131n en parlak isimlerinden biri kabul edilen ve Rusya\u2019n\u0131n ilk k\u00f6y edebiyat\u0131 yazarlar\u0131ndan olan DmitriGrigorovi\u00e7, Bal\u0131k\u00e7\u0131lar adl\u0131 roman\u0131yla ilk defa<span class=\"excerpt-hellip\"> [\u2026]<\/span><\/p>\n","protected":false},"featured_media":0,"template":"","meta":{"_monsterinsights_skip_tracking":false,"_monsterinsights_sitenote_active":false,"_monsterinsights_sitenote_note":"","_monsterinsights_sitenote_category":0},"product_brand":[],"product_cat":[12291,12711],"product_tag":[],"class_list":{"0":"post-718229","1":"product","2":"type-product","3":"status-publish","5":"product_cat-edebiyat","6":"product_cat-roman-oyku","7":"pa_cilt-ciltsiz","8":"pa_tur-kitap","9":"pa_yayinevi-vakifbank-kultur-yayinlari","10":"pa_yazar-dmitri-vasilyevic-grigorovic","12":"first","13":"instock","14":"sale","15":"shipping-taxable","16":"purchasable","17":"product-type-simple"},"_links":{"self":[{"href":"https:\/\/roveyayinevi.com.tr\/index.php\/wp-json\/wp\/v2\/product\/718229","targetHints":{"allow":["GET"]}}],"collection":[{"href":"https:\/\/roveyayinevi.com.tr\/index.php\/wp-json\/wp\/v2\/product"}],"about":[{"href":"https:\/\/roveyayinevi.com.tr\/index.php\/wp-json\/wp\/v2\/types\/product"}],"wp:attachment":[{"href":"https:\/\/roveyayinevi.com.tr\/index.php\/wp-json\/wp\/v2\/media?parent=718229"}],"wp:term":[{"taxonomy":"product_brand","embeddable":true,"href":"https:\/\/roveyayinevi.com.tr\/index.php\/wp-json\/wp\/v2\/product_brand?post=718229"},{"taxonomy":"product_cat","embeddable":true,"href":"https:\/\/roveyayinevi.com.tr\/index.php\/wp-json\/wp\/v2\/product_cat?post=718229"},{"taxonomy":"product_tag","embeddable":true,"href":"https:\/\/roveyayinevi.com.tr\/index.php\/wp-json\/wp\/v2\/product_tag?post=718229"}],"curies":[{"name":"wp","href":"https:\/\/api.w.org\/{rel}","templated":true}]}}