{"id":718228,"date":"2025-08-27T18:05:27","date_gmt":"2025-08-27T15:05:27","guid":{"rendered":"https:\/\/roveyayinevi.com.tr\/index.php\/urun\/kuresel-roman\/"},"modified":"2026-04-16T02:26:21","modified_gmt":"2026-04-15T23:26:21","slug":"kuresel-roman","status":"publish","type":"product","link":"https:\/\/roveyayinevi.com.tr\/index.php\/urun\/kuresel-roman\/","title":{"rendered":"K\u00fcresel Roman"},"content":{"rendered":"<p>Edebiyat ele\u015ftirmeni Adam Kirsch, K\u00fcresel Roman adl\u0131 bu hacmi k\u00fc\u00e7\u00fck, fakat kapsam ve iddias\u0131 b\u00fcy\u00fck \u00e7al\u0131\u015fmas\u0131nda milli edebiyat ve milli k\u00fclt\u00fcr anlat\u0131lar\u0131n\u0131n kar\u015f\u0131s\u0131nda y\u00fckselen yeni bir t\u00fcr\u00fc ele al\u0131yor ve edebiyat incelemelerine yeni bir kavram arma\u011fan ediyor: \u201ck\u00fcresel roman.\u201d Peki, bir roman\u0131 k\u00fcreselle\u015ftiren \u015fey nedir? Bu sorunun cevab\u0131 i\u00e7in, Kirsch, k\u00fcresel yazar olarak g\u00f6rd\u00fc\u011f\u00fc ve aralar\u0131nda k\u0131\u015fk\u0131rt\u0131c\u0131 benzerlikler buldu\u011fu yedi \u00fcnl\u00fc yazar\u0131 ele al\u0131yor: T\u00fcrkiye\u2019den Orhan Pamuk, Japonya\u2019dan HarukiMurakami, \u015eili\u2019den RobertoBola\u00f1o, Nijerya\u2019dan ChimamandaNgoziAdichie, Pakistan\u2019dan Mohsin Hamid, Kanada\u2019dan Margaret Atwood, Fransa\u2019dan MichelHouellebecq ve \u0130talya\u2019dan Elena Ferrante. <\/p>\n","protected":false},"excerpt":{"rendered":"<p>Edebiyat ele\u015ftirmeni Adam Kirsch, K\u00fcresel Roman adl\u0131 bu hacmi k\u00fc\u00e7\u00fck, fakat kapsam ve iddias\u0131 b\u00fcy\u00fck \u00e7al\u0131\u015fmas\u0131nda milli edebiyat ve milli k\u00fclt\u00fcr anlat\u0131lar\u0131n\u0131n kar\u015f\u0131s\u0131nda y\u00fckselen yeni bir<span class=\"excerpt-hellip\"> [\u2026]<\/span><\/p>\n","protected":false},"featured_media":0,"template":"","meta":{"_monsterinsights_skip_tracking":false,"_monsterinsights_sitenote_active":false,"_monsterinsights_sitenote_note":"","_monsterinsights_sitenote_category":0},"product_brand":[],"product_cat":[13072,12291],"product_tag":[],"class_list":{"0":"post-718228","1":"product","2":"type-product","3":"status-publish","5":"product_cat-arastirma-inceleme-referans","6":"product_cat-edebiyat","7":"pa_cilt-ciltsiz","8":"pa_tur-kitap","9":"pa_yayinevi-vakifbank-kultur-yayinlari","10":"pa_yazar-adam-kirsch","12":"first","13":"instock","14":"sale","15":"shipping-taxable","16":"purchasable","17":"product-type-simple"},"_links":{"self":[{"href":"https:\/\/roveyayinevi.com.tr\/index.php\/wp-json\/wp\/v2\/product\/718228","targetHints":{"allow":["GET"]}}],"collection":[{"href":"https:\/\/roveyayinevi.com.tr\/index.php\/wp-json\/wp\/v2\/product"}],"about":[{"href":"https:\/\/roveyayinevi.com.tr\/index.php\/wp-json\/wp\/v2\/types\/product"}],"wp:attachment":[{"href":"https:\/\/roveyayinevi.com.tr\/index.php\/wp-json\/wp\/v2\/media?parent=718228"}],"wp:term":[{"taxonomy":"product_brand","embeddable":true,"href":"https:\/\/roveyayinevi.com.tr\/index.php\/wp-json\/wp\/v2\/product_brand?post=718228"},{"taxonomy":"product_cat","embeddable":true,"href":"https:\/\/roveyayinevi.com.tr\/index.php\/wp-json\/wp\/v2\/product_cat?post=718228"},{"taxonomy":"product_tag","embeddable":true,"href":"https:\/\/roveyayinevi.com.tr\/index.php\/wp-json\/wp\/v2\/product_tag?post=718228"}],"curies":[{"name":"wp","href":"https:\/\/api.w.org\/{rel}","templated":true}]}}