{"id":718222,"date":"2025-08-27T18:05:24","date_gmt":"2025-08-27T15:05:24","guid":{"rendered":"https:\/\/roveyayinevi.com.tr\/index.php\/urun\/cocuklar-icin-akilli-cihaz-tasarimi\/"},"modified":"2026-04-16T02:26:21","modified_gmt":"2026-04-15T23:26:21","slug":"cocuklar-icin-akilli-cihaz-tasarimi","status":"publish","type":"product","link":"https:\/\/roveyayinevi.com.tr\/index.php\/urun\/cocuklar-icin-akilli-cihaz-tasarimi\/","title":{"rendered":"\u00c7ocuklar \u0130\u00e7in Ak\u0131ll\u0131 Cihaz Tasar\u0131m\u0131"},"content":{"rendered":"<p>\u00c7ocuklar i\u00e7in ak\u0131ll\u0131 cihaz tasar\u0131m\u0131 kitab\u0131, \u00e7ocuklar ve her ya\u015f seviyesinden bu konuya ilgi duyan ba\u015flang\u0131\u00e7 seviyesindeki ki\u015filer i\u00e7in haz\u0131rlanm\u0131\u015ft\u0131r. Okuyucular bu kitap ile birlikte, arduino ve g\u00f6rsel blok programlama ile etraflar\u0131ndaki fiziksel d\u00fcnya ile etkile\u015fmek i\u00e7in kod yazacakt\u0131r. Kendi ak\u0131ll\u0131 cihaz\u0131n\u0131 tasarlayabilecek, etraf\u0131nda kulland\u0131\u011f\u0131 bir\u00e7ok ak\u0131ll\u0131 cihaz\u0131n \u00e7al\u0131\u015fma mant\u0131\u011f\u0131n\u0131 anlayacak, teknolojinin sadece t\u00fcketmek i\u00e7in de\u011fil \u00fcretmek i\u00e7in de elveri\u015fli bir ortam oldu\u011funu uygulamalarla deneyerek \u00f6\u011frenecektir.<\/p>\n","protected":false},"excerpt":{"rendered":"<p>\u00c7ocuklar i\u00e7in ak\u0131ll\u0131 cihaz tasar\u0131m\u0131 kitab\u0131, \u00e7ocuklar ve her ya\u015f seviyesinden bu konuya ilgi duyan ba\u015flang\u0131\u00e7 seviyesindeki ki\u015filer i\u00e7in haz\u0131rlanm\u0131\u015ft\u0131r. Okuyucular bu kitap ile birlikte, arduino<span class=\"excerpt-hellip\"> [\u2026]<\/span><\/p>\n","protected":false},"featured_media":0,"template":"","meta":{"_monsterinsights_skip_tracking":false,"_monsterinsights_sitenote_active":false,"_monsterinsights_sitenote_note":"","_monsterinsights_sitenote_category":0},"product_brand":[],"product_cat":[13829,12274],"product_tag":[],"class_list":{"0":"post-718222","1":"product","2":"type-product","3":"status-publish","5":"product_cat-bilimsel-kitaplar","6":"product_cat-cocuk-ve-genclik-kitaplari","7":"pa_cilt-ciltsiz","8":"pa_tur-kitap","9":"pa_yayinevi-odtu-gelistirme-vakfi-yayincilik","10":"pa_yazar-selcuk-ozdemir-fatma-keskinkilic","12":"first","13":"instock","14":"sale","15":"shipping-taxable","16":"purchasable","17":"product-type-simple"},"_links":{"self":[{"href":"https:\/\/roveyayinevi.com.tr\/index.php\/wp-json\/wp\/v2\/product\/718222","targetHints":{"allow":["GET"]}}],"collection":[{"href":"https:\/\/roveyayinevi.com.tr\/index.php\/wp-json\/wp\/v2\/product"}],"about":[{"href":"https:\/\/roveyayinevi.com.tr\/index.php\/wp-json\/wp\/v2\/types\/product"}],"wp:attachment":[{"href":"https:\/\/roveyayinevi.com.tr\/index.php\/wp-json\/wp\/v2\/media?parent=718222"}],"wp:term":[{"taxonomy":"product_brand","embeddable":true,"href":"https:\/\/roveyayinevi.com.tr\/index.php\/wp-json\/wp\/v2\/product_brand?post=718222"},{"taxonomy":"product_cat","embeddable":true,"href":"https:\/\/roveyayinevi.com.tr\/index.php\/wp-json\/wp\/v2\/product_cat?post=718222"},{"taxonomy":"product_tag","embeddable":true,"href":"https:\/\/roveyayinevi.com.tr\/index.php\/wp-json\/wp\/v2\/product_tag?post=718222"}],"curies":[{"name":"wp","href":"https:\/\/api.w.org\/{rel}","templated":true}]}}