{"id":718218,"date":"2025-08-27T18:05:21","date_gmt":"2025-08-27T15:05:21","guid":{"rendered":"https:\/\/roveyayinevi.com.tr\/index.php\/urun\/kurgusuz-ve-yasanmamis\/"},"modified":"2026-04-16T02:26:21","modified_gmt":"2026-04-15T23:26:21","slug":"kurgusuz-ve-yasanmamis","status":"publish","type":"product","link":"https:\/\/roveyayinevi.com.tr\/index.php\/urun\/kurgusuz-ve-yasanmamis\/","title":{"rendered":"Kurgusuz ve Ya\u015fanmam\u0131\u015f"},"content":{"rendered":"<p>\u015eiirin te\u011fetinden d\u00fczyaz\u0131ya, hayattan yaz\u0131ya, dilden d\u00fc\u015f\u00fcnceye uzanan; ters ak\u0131nt\u0131larla, sert r\u00fczg\u00e2rlarla kar\u015f\u0131la\u015ft\u0131\u011f\u0131nda hayata ve dile geri d\u00f6nen; birbirini yans\u0131tan metinlerle \u00f6r\u00fcl\u00fc g\u00fczerg\u00e2hlar aras\u0131nda kendinin ve gelece\u011fin pe\u015finde ko\u015fan ge\u00e7mi\u015f zaman anlat\u0131lar\u0131\u2026<\/p>\n","protected":false},"excerpt":{"rendered":"<p>\u015eiirin te\u011fetinden d\u00fczyaz\u0131ya, hayattan yaz\u0131ya, dilden d\u00fc\u015f\u00fcnceye uzanan; ters ak\u0131nt\u0131larla, sert r\u00fczg\u00e2rlarla kar\u015f\u0131la\u015ft\u0131\u011f\u0131nda hayata ve dile geri d\u00f6nen; birbirini yans\u0131tan metinlerle \u00f6r\u00fcl\u00fc g\u00fczerg\u00e2hlar aras\u0131nda kendinin ve<span class=\"excerpt-hellip\"> [\u2026]<\/span><\/p>\n","protected":false},"featured_media":0,"template":"","meta":{"_monsterinsights_skip_tracking":false,"_monsterinsights_sitenote_active":false,"_monsterinsights_sitenote_note":"","_monsterinsights_sitenote_category":0},"product_brand":[],"product_cat":[12777,12291],"product_tag":[],"class_list":{"0":"post-718218","1":"product","2":"type-product","3":"status-publish","5":"product_cat-deneme","6":"product_cat-edebiyat","7":"pa_cilt-ciltsiz","8":"pa_tur-kitap","9":"pa_yayinevi-sel-yayincilik","10":"pa_yazar-isik-erguden","12":"first","13":"instock","14":"sale","15":"shipping-taxable","16":"purchasable","17":"product-type-simple"},"_links":{"self":[{"href":"https:\/\/roveyayinevi.com.tr\/index.php\/wp-json\/wp\/v2\/product\/718218","targetHints":{"allow":["GET"]}}],"collection":[{"href":"https:\/\/roveyayinevi.com.tr\/index.php\/wp-json\/wp\/v2\/product"}],"about":[{"href":"https:\/\/roveyayinevi.com.tr\/index.php\/wp-json\/wp\/v2\/types\/product"}],"wp:attachment":[{"href":"https:\/\/roveyayinevi.com.tr\/index.php\/wp-json\/wp\/v2\/media?parent=718218"}],"wp:term":[{"taxonomy":"product_brand","embeddable":true,"href":"https:\/\/roveyayinevi.com.tr\/index.php\/wp-json\/wp\/v2\/product_brand?post=718218"},{"taxonomy":"product_cat","embeddable":true,"href":"https:\/\/roveyayinevi.com.tr\/index.php\/wp-json\/wp\/v2\/product_cat?post=718218"},{"taxonomy":"product_tag","embeddable":true,"href":"https:\/\/roveyayinevi.com.tr\/index.php\/wp-json\/wp\/v2\/product_tag?post=718218"}],"curies":[{"name":"wp","href":"https:\/\/api.w.org\/{rel}","templated":true}]}}