{"id":718201,"date":"2025-08-27T18:05:11","date_gmt":"2025-08-27T15:05:11","guid":{"rendered":"https:\/\/roveyayinevi.com.tr\/index.php\/urun\/iletisim-hakki-ve-yeni-medya-tehditler-ve-olanaklar\/"},"modified":"2026-04-16T02:26:21","modified_gmt":"2026-04-15T23:26:21","slug":"iletisim-hakki-ve-yeni-medya-tehditler-ve-olanaklar","status":"publish","type":"product","link":"https:\/\/roveyayinevi.com.tr\/index.php\/urun\/iletisim-hakki-ve-yeni-medya-tehditler-ve-olanaklar\/","title":{"rendered":"\u0130leti\u015fim Hakk\u0131 ve Yeni Medya Tehditler ve Olanaklar"},"content":{"rendered":"<p>Frans\u0131z Devrimi&#8217;nden g\u00fcn\u00fcm\u00fcze, Thomas Paine, J. Stuart Mill ve nice Ayd\u0131nlanma filozofu ve d\u00fc\u015f\u00fcn\u00fcr\u00fc ifade \u00f6zg\u00fcrl\u00fc\u011f\u00fcn\u00fcn \u00e7er\u00e7evesini ve s\u0131n\u0131rlar\u0131n\u0131 \u00e7izmeye ve bu \u00f6zg\u00fcrl\u00fc\u011f\u00fc temellendirmeye \u00e7al\u0131\u015fm\u0131\u015ft\u0131r. Monar\u015filerin hakim oldu\u011fu d\u00fcnyada bu hakk\u0131 talep etmek en radikal giri\u015fimler aras\u0131nda yer al\u0131yordu. Zira ifade \u00f6zg\u00fcrl\u00fc\u011f\u00fc, ayn\u0131 zamanda burjuva demokrasinin gere\u011fi olarak halk\u0131n &#8221; kendilerini idare edecekleri se\u00e7mesinin yan\u0131nda, se\u00e7ilenler fena davran\u0131rl\u0131rsa onlar\u0131 ba\u015f\u0131ndan atmay\u0131&#8221; dagaranti alt\u0131na alan haklatdan birisiydi. Anck ilerleyen zaman i\u00e7inde ifade \u00f6zg\u00fcrl\u00fc\u011f\u00fc tek ba\u015f\u0131na demokratik bir sistem i\u00e7in yeterli olmamaya ba\u015flad\u0131, buna &#8221; ileti\u015fim \u00f6zg\u00fcrl\u00fc\u011f\u00fc&#8221;n\u00fcn de eklenmesi gerekti.G\u00fcn\u00fcm\u00fczde ileti\u015fim \u00f6zg\u00fcrl\u00fc\u011f\u00fc, d\u00fc\u015f\u00fcnd\u00fcklerini ifade etmenin yan\u0131nda, ki\u015finin hayat\u0131yla ilgili \u00f6nemi bilgilere sa\u011fl\u0131kl\u0131 bir bi\u00e7imde eri\u015febilme \u00f6zg\u00fcrl\u00fc\u011f\u00fcn\u00fc de kaps\u0131yor. Bu ve buna benzer konular\u0131 ele almay\u0131 ama\u00e7layan bu derlemede yeni ileti\u015fim teknolojilerinin yaratt\u0131\u011f\u0131 olanaklar ve tehditleri bir arada de\u011ferlendirmek hedefleniyor.<\/p>\n","protected":false},"excerpt":{"rendered":"<p>Frans\u0131z Devrimi&#8217;nden g\u00fcn\u00fcm\u00fcze, Thomas Paine, J. Stuart Mill ve nice Ayd\u0131nlanma filozofu ve d\u00fc\u015f\u00fcn\u00fcr\u00fc ifade \u00f6zg\u00fcrl\u00fc\u011f\u00fcn\u00fcn \u00e7er\u00e7evesini ve s\u0131n\u0131rlar\u0131n\u0131 \u00e7izmeye ve bu \u00f6zg\u00fcrl\u00fc\u011f\u00fc temellendirmeye \u00e7al\u0131\u015fm\u0131\u015ft\u0131r. Monar\u015filerin<span class=\"excerpt-hellip\"> [\u2026]<\/span><\/p>\n","protected":false},"featured_media":0,"template":"","meta":{"_monsterinsights_skip_tracking":false,"_monsterinsights_sitenote_active":false,"_monsterinsights_sitenote_note":"","_monsterinsights_sitenote_category":0},"product_brand":[],"product_cat":[15983,13488],"product_tag":[],"class_list":{"0":"post-718201","1":"product","2":"type-product","3":"status-publish","5":"product_cat-iletisim-ve-medya","6":"product_cat-toplum-ve-insan","7":"pa_cilt-ciltsiz","8":"pa_tur-kitap","9":"pa_yayinevi-umag-yayinevi","10":"pa_yazar-kolektif","12":"first","13":"instock","14":"sale","15":"shipping-taxable","16":"purchasable","17":"product-type-simple"},"_links":{"self":[{"href":"https:\/\/roveyayinevi.com.tr\/index.php\/wp-json\/wp\/v2\/product\/718201","targetHints":{"allow":["GET"]}}],"collection":[{"href":"https:\/\/roveyayinevi.com.tr\/index.php\/wp-json\/wp\/v2\/product"}],"about":[{"href":"https:\/\/roveyayinevi.com.tr\/index.php\/wp-json\/wp\/v2\/types\/product"}],"wp:attachment":[{"href":"https:\/\/roveyayinevi.com.tr\/index.php\/wp-json\/wp\/v2\/media?parent=718201"}],"wp:term":[{"taxonomy":"product_brand","embeddable":true,"href":"https:\/\/roveyayinevi.com.tr\/index.php\/wp-json\/wp\/v2\/product_brand?post=718201"},{"taxonomy":"product_cat","embeddable":true,"href":"https:\/\/roveyayinevi.com.tr\/index.php\/wp-json\/wp\/v2\/product_cat?post=718201"},{"taxonomy":"product_tag","embeddable":true,"href":"https:\/\/roveyayinevi.com.tr\/index.php\/wp-json\/wp\/v2\/product_tag?post=718201"}],"curies":[{"name":"wp","href":"https:\/\/api.w.org\/{rel}","templated":true}]}}