{"id":718196,"date":"2025-08-27T18:05:08","date_gmt":"2025-08-27T15:05:08","guid":{"rendered":"https:\/\/roveyayinevi.com.tr\/index.php\/urun\/cocuklar-icin-gitar-metodu-renklerle-gitar-ogreniyorum\/"},"modified":"2026-04-16T02:26:21","modified_gmt":"2026-04-15T23:26:21","slug":"cocuklar-icin-gitar-metodu-renklerle-gitar-ogreniyorum","status":"publish","type":"product","link":"https:\/\/roveyayinevi.com.tr\/index.php\/urun\/cocuklar-icin-gitar-metodu-renklerle-gitar-ogreniyorum\/","title":{"rendered":"\u00c7ocuklar \u0130\u00e7in Gitar Metodu &#8211; Renklerle Gitar \u00d6\u011freniyorum"},"content":{"rendered":"<p>\u00c7ocuklar \u0130\u00e7in Gitar Metodu; \u00e7ocuklar\u0131n gitar e\u011fitimine ba\u015flamas\u0131 i\u00e7in haz\u0131rlanm\u0131l \u00f6nemli bir kaynakt\u0131r.Renkli notalar,tablat\u00fcr sistemi,\u00e7ocuk \u015fark\u0131lar\u0131 ve pop\u00fcler \u015fark\u0131lar sayesinde \u00e7ocuklar s\u0131k\u0131lmadan gitar \u00e7almas\u0131n\u0131 \u00f6\u011frenecek.Ne\u015feli hayali karakterler Pima ve Pena ise anlat\u0131m ve tavsiyeleriyle gitar yolculuklar\u0131nda onlarla beraber olacak.   Yazar Hakk\u0131nda:Gazi \u00dcniversitesi ,M\u00fczik \u00d6\u011fretmenli\u011fi b\u00f6l\u00fcm\u00fc mezunu olan Musa \u00c7ET\u0130NER,y\u0131llard\u0131r verdi\u011fi gitar derslerinden kazand\u0131\u011f\u0131 tecr\u00fcbe ile bu kitab\u0131 haz\u0131rlam\u0131\u015f ve sizlerin be\u011fenisine sunmu\u015ftur. Yazar\u0131n di\u011fer kitaplar\u0131: -Gitar \u00d6\u011freniyorum-Temel Gitar E\u011fitim Metodu  -Gitar \u0130le Pop\u00fcler \u015eark\u0131lar-Gitar Repertuar\u0131 <\/p>\n","protected":false},"excerpt":{"rendered":"<p>\u00c7ocuklar \u0130\u00e7in Gitar Metodu; \u00e7ocuklar\u0131n gitar e\u011fitimine ba\u015flamas\u0131 i\u00e7in haz\u0131rlanm\u0131l \u00f6nemli bir kaynakt\u0131r.Renkli notalar,tablat\u00fcr sistemi,\u00e7ocuk \u015fark\u0131lar\u0131 ve pop\u00fcler \u015fark\u0131lar sayesinde \u00e7ocuklar s\u0131k\u0131lmadan gitar \u00e7almas\u0131n\u0131 \u00f6\u011frenecek.Ne\u015feli hayali<span class=\"excerpt-hellip\"> [\u2026]<\/span><\/p>\n","protected":false},"featured_media":0,"template":"","meta":{"_monsterinsights_skip_tracking":false,"_monsterinsights_sitenote_active":false,"_monsterinsights_sitenote_note":"","_monsterinsights_sitenote_category":0},"product_brand":[],"product_cat":[12274,12649],"product_tag":[],"class_list":{"0":"post-718196","1":"product","2":"type-product","3":"status-publish","5":"product_cat-cocuk-ve-genclik-kitaplari","6":"product_cat-hobi-muzik","7":"pa_cilt-ciltsiz","8":"pa_tur-kitap","9":"pa_yayinevi-beste-yayinlari","10":"pa_yazar-musa-cetiner","12":"first","13":"instock","14":"sale","15":"shipping-taxable","16":"purchasable","17":"product-type-simple"},"_links":{"self":[{"href":"https:\/\/roveyayinevi.com.tr\/index.php\/wp-json\/wp\/v2\/product\/718196","targetHints":{"allow":["GET"]}}],"collection":[{"href":"https:\/\/roveyayinevi.com.tr\/index.php\/wp-json\/wp\/v2\/product"}],"about":[{"href":"https:\/\/roveyayinevi.com.tr\/index.php\/wp-json\/wp\/v2\/types\/product"}],"wp:attachment":[{"href":"https:\/\/roveyayinevi.com.tr\/index.php\/wp-json\/wp\/v2\/media?parent=718196"}],"wp:term":[{"taxonomy":"product_brand","embeddable":true,"href":"https:\/\/roveyayinevi.com.tr\/index.php\/wp-json\/wp\/v2\/product_brand?post=718196"},{"taxonomy":"product_cat","embeddable":true,"href":"https:\/\/roveyayinevi.com.tr\/index.php\/wp-json\/wp\/v2\/product_cat?post=718196"},{"taxonomy":"product_tag","embeddable":true,"href":"https:\/\/roveyayinevi.com.tr\/index.php\/wp-json\/wp\/v2\/product_tag?post=718196"}],"curies":[{"name":"wp","href":"https:\/\/api.w.org\/{rel}","templated":true}]}}