{"id":718179,"date":"2025-08-27T18:04:56","date_gmt":"2025-08-27T15:04:56","guid":{"rendered":"https:\/\/roveyayinevi.com.tr\/index.php\/urun\/her-yonuyle-kopek-egitim\/"},"modified":"2026-04-16T02:26:20","modified_gmt":"2026-04-15T23:26:20","slug":"her-yonuyle-kopek-egitim","status":"publish","type":"product","link":"https:\/\/roveyayinevi.com.tr\/index.php\/urun\/her-yonuyle-kopek-egitim\/","title":{"rendered":"Her Y\u00f6n\u00fcyle K\u00f6pek E\u011fitim"},"content":{"rendered":"<p>Her Y\u00f6n\u00fcyle K\u00f6pek E\u011fitimi kitab\u0131nda K\u00f6pek \u00dcniversitesi\u2019nin kurucusu Gerilyn Bielakiewicz, k\u00f6peklerin davran\u0131\u015f problemlerini \u00e7\u00f6z\u00fcmleyebilmeniz ve k\u00f6pe\u011finize her t\u00fcrl\u00fc beceriyi \u00f6\u011fretebilmeniz i\u00e7in size rehberlik ediyor. K\u00f6pe\u011finiz, bitip t\u00fckenmeyen enerjisini d\u0131\u015far\u0131 \u00e7\u0131karacak f\u0131rsatlar yaratman\u0131z i\u00e7in size g\u00fcveniyor. Siz de onlar\u0131 e\u011flendirecek ve farkl\u0131 beceriler kazand\u0131racak yollar\u0131 g\u00f6stermemiz i\u00e7in bize g\u00fcvenin! Sad\u0131k dostlar\u0131n\u0131za borcunuzu \u00f6demek istiyorsan\u0131z onlara beceri kazand\u0131rmak, en sa\u011fl\u0131kl\u0131 ve do\u011fru yollarla e\u011fitim vermek art\u0131k elinizde. K\u00f6pe\u011finizle ilgili \u00f6d\u00fcllendirme ve cezaland\u0131rma y\u00f6ntemlerini, yarat\u0131c\u0131 oyunlar\u0131 ve k\u00f6pe\u011finizle ilgili kar\u015f\u0131la\u015fabilece\u011finiz her t\u00fcrl\u00fc soru ve bu sorular\u0131n cevab\u0131n\u0131 Her Y\u00f6n\u00fcyle K\u00f6pek E\u011fitimi kitab\u0131nda \u00e7ok kolay bulabileceksiniz! Kitap i\u00e7inde \u201cEk Bilgi\u201d, \u201c\u00d6nemli\u201d, \u201cDikkat\u201d ve \u201cSorular\u201d ba\u015fl\u0131kl\u0131 k\u00fc\u00e7\u00fck notlar g\u00f6receksiniz. Bu, konuyla ilgili bilgiye ula\u015fman\u0131n siz okuyucular\u0131m\u0131z i\u00e7in k\u0131sa bir yolu. K\u00f6pe\u011finizin sizin sayenizde; co\u015fkulu, etkili, e\u011flenceli ve e\u011fitimli olmas\u0131n\u0131 istiyorsan\u0131z Her Y\u00f6n\u00fcyle K\u00f6pek E\u011fitimi size \u00e7ok yard\u0131mc\u0131 olacak! <\/p>\n","protected":false},"excerpt":{"rendered":"<p>Her Y\u00f6n\u00fcyle K\u00f6pek E\u011fitimi kitab\u0131nda K\u00f6pek \u00dcniversitesi\u2019nin kurucusu Gerilyn Bielakiewicz, k\u00f6peklerin davran\u0131\u015f problemlerini \u00e7\u00f6z\u00fcmleyebilmeniz ve k\u00f6pe\u011finize her t\u00fcrl\u00fc beceriyi \u00f6\u011fretebilmeniz i\u00e7in size rehberlik ediyor. K\u00f6pe\u011finiz, bitip<span class=\"excerpt-hellip\"> [\u2026]<\/span><\/p>\n","protected":false},"featured_media":0,"template":"","meta":{"_monsterinsights_skip_tracking":false,"_monsterinsights_sitenote_active":false,"_monsterinsights_sitenote_note":"","_monsterinsights_sitenote_category":0},"product_brand":[],"product_cat":[21076,15563],"product_tag":[],"class_list":{"0":"post-718179","1":"product","2":"type-product","3":"status-publish","5":"product_cat-hayvan-bakimi-ve-egitimi","6":"product_cat-hobi","7":"pa_cilt-ciltsiz","8":"pa_tur-kitap","9":"pa_yayinevi-akil-celen-kitaplar","10":"pa_yazar-gerilyn-j-bielakiewicz","12":"first","13":"instock","14":"sale","15":"shipping-taxable","16":"purchasable","17":"product-type-simple"},"_links":{"self":[{"href":"https:\/\/roveyayinevi.com.tr\/index.php\/wp-json\/wp\/v2\/product\/718179","targetHints":{"allow":["GET"]}}],"collection":[{"href":"https:\/\/roveyayinevi.com.tr\/index.php\/wp-json\/wp\/v2\/product"}],"about":[{"href":"https:\/\/roveyayinevi.com.tr\/index.php\/wp-json\/wp\/v2\/types\/product"}],"wp:attachment":[{"href":"https:\/\/roveyayinevi.com.tr\/index.php\/wp-json\/wp\/v2\/media?parent=718179"}],"wp:term":[{"taxonomy":"product_brand","embeddable":true,"href":"https:\/\/roveyayinevi.com.tr\/index.php\/wp-json\/wp\/v2\/product_brand?post=718179"},{"taxonomy":"product_cat","embeddable":true,"href":"https:\/\/roveyayinevi.com.tr\/index.php\/wp-json\/wp\/v2\/product_cat?post=718179"},{"taxonomy":"product_tag","embeddable":true,"href":"https:\/\/roveyayinevi.com.tr\/index.php\/wp-json\/wp\/v2\/product_tag?post=718179"}],"curies":[{"name":"wp","href":"https:\/\/api.w.org\/{rel}","templated":true}]}}