{"id":718177,"date":"2025-08-27T18:04:55","date_gmt":"2025-08-27T15:04:55","guid":{"rendered":"https:\/\/roveyayinevi.com.tr\/index.php\/urun\/bilinmeyenden-otekiye\/"},"modified":"2026-04-16T02:26:20","modified_gmt":"2026-04-15T23:26:20","slug":"bilinmeyenden-otekiye","status":"publish","type":"product","link":"https:\/\/roveyayinevi.com.tr\/index.php\/urun\/bilinmeyenden-otekiye\/","title":{"rendered":"Bilinmeyenden \u00d6tekiye"},"content":{"rendered":"<p>D\u00fcnya tarihine bak\u0131ld\u0131\u011f\u0131nda \u00fclkelerin ve toplumlar\u0131n kaderini bi\u00e7imlendiren temel unsurlardan biri olmu\u015ftur ideolojiler. S\u0131n\u0131rlar\u0131n \u00f6tesini anlayabilmek, ba\u011f kurabilmek ad\u0131na ortaya \u00e7\u0131kan oryantalizm ve Sanayi Devrimi\u2019nin ard\u0131ndan i\u015flevselli\u011fini kaybetmesine ra\u011fmen Rusya\u2019n\u0131n uzun soluklu Kafkas politikas\u0131na y\u00f6n veren itici bir g\u00fc\u00e7 olmu\u015ftur. D\u00fcnya devletleri aras\u0131nda kendine yer edinmek isteyen Rusya, ticaret yollar\u0131na ve ham maddeye h\u00e2kim olma amac\u0131yla Kafkasya\u2019y\u0131 i\u015fgal etmi\u015f, \u201c\u00f6teki\u201d olarak g\u00f6rd\u00fc\u011f\u00fc bu co\u011frafyan\u0131n imparatorlu\u011fa ait bir vatan topra\u011f\u0131na d\u00f6n\u00fc\u015ft\u00fcr\u00fclmesi i\u00e7in yo\u011fun bir \u00e7aba sarf etmi\u015ftir. Disiplinler aras\u0131 bir bak\u0131\u015f a\u00e7\u0131s\u0131n\u0131n \u00fcr\u00fcn\u00fc olan Bilinmeyenden \u2018\u00d6teki\u2019ye: Rusya\u2019n\u0131n Kafkaska\u2019y\u0131 i\u015fgalinde Oryantalizm Etkisi kitab\u0131, Rus d\u00fc\u015f\u00fcnce sisteminin Do\u011fuya olan bak\u0131\u015f a\u00e7\u0131s\u0131n\u0131 irdelerken ayn\u0131 zamanda Avrupa\u2019dan ithal edilen akademik bir bilim dal\u0131 olan oryantalizmin ve oryantalizm \u00e7al\u0131\u015fmalar\u0131n\u0131n imparatorluk Rusya\u2019s\u0131n\u0131n ama\u00e7lar\u0131 do\u011frultusunda Kafkasya\u2019da ger\u00e7ekle\u015ftirdi\u011fi sistematik istila hareketleri ile aras\u0131ndaki ili\u015fkiyi tan\u0131mlamaktad\u0131r. <\/p>\n","protected":false},"excerpt":{"rendered":"<p>D\u00fcnya tarihine bak\u0131ld\u0131\u011f\u0131nda \u00fclkelerin ve toplumlar\u0131n kaderini bi\u00e7imlendiren temel unsurlardan biri olmu\u015ftur ideolojiler. S\u0131n\u0131rlar\u0131n \u00f6tesini anlayabilmek, ba\u011f kurabilmek ad\u0131na ortaya \u00e7\u0131kan oryantalizm ve Sanayi Devrimi\u2019nin ard\u0131ndan<span class=\"excerpt-hellip\"> [\u2026]<\/span><\/p>\n","protected":false},"featured_media":0,"template":"","meta":{"_monsterinsights_skip_tracking":false,"_monsterinsights_sitenote_active":false,"_monsterinsights_sitenote_note":"","_monsterinsights_sitenote_category":0},"product_brand":[],"product_cat":[12370,12304],"product_tag":[],"class_list":{"0":"post-718177","1":"product","2":"type-product","3":"status-publish","5":"product_cat-arastirma-inceleme","6":"product_cat-tarih","7":"pa_cilt-ciltsiz","8":"pa_tur-kitap","9":"pa_yayinevi-ideal-kultur-yayincilik","10":"pa_yazar-mertcan-akan","12":"first","13":"instock","14":"sale","15":"shipping-taxable","16":"purchasable","17":"product-type-simple"},"_links":{"self":[{"href":"https:\/\/roveyayinevi.com.tr\/index.php\/wp-json\/wp\/v2\/product\/718177","targetHints":{"allow":["GET"]}}],"collection":[{"href":"https:\/\/roveyayinevi.com.tr\/index.php\/wp-json\/wp\/v2\/product"}],"about":[{"href":"https:\/\/roveyayinevi.com.tr\/index.php\/wp-json\/wp\/v2\/types\/product"}],"wp:attachment":[{"href":"https:\/\/roveyayinevi.com.tr\/index.php\/wp-json\/wp\/v2\/media?parent=718177"}],"wp:term":[{"taxonomy":"product_brand","embeddable":true,"href":"https:\/\/roveyayinevi.com.tr\/index.php\/wp-json\/wp\/v2\/product_brand?post=718177"},{"taxonomy":"product_cat","embeddable":true,"href":"https:\/\/roveyayinevi.com.tr\/index.php\/wp-json\/wp\/v2\/product_cat?post=718177"},{"taxonomy":"product_tag","embeddable":true,"href":"https:\/\/roveyayinevi.com.tr\/index.php\/wp-json\/wp\/v2\/product_tag?post=718177"}],"curies":[{"name":"wp","href":"https:\/\/api.w.org\/{rel}","templated":true}]}}