{"id":718162,"date":"2025-08-27T18:04:46","date_gmt":"2025-08-27T15:04:46","guid":{"rendered":"https:\/\/roveyayinevi.com.tr\/index.php\/urun\/19-yuzyil-siyasi-tarihi-1789-1914-ciltli\/"},"modified":"2026-04-16T02:26:20","modified_gmt":"2026-04-15T23:26:20","slug":"19-yuzyil-siyasi-tarihi-1789-1914-ciltli","status":"publish","type":"product","link":"https:\/\/roveyayinevi.com.tr\/index.php\/urun\/19-yuzyil-siyasi-tarihi-1789-1914-ciltli\/","title":{"rendered":"19.Y\u00fczy\u0131l Siyasi Tarihi 1789-1914 (Ciltli)"},"content":{"rendered":"<p>Frans\u0131z \u0130htilali\u2019nin do\u011furdu\u011fu sonu\u00e7lar, insanl\u0131\u011f\u0131n siyasal tarihi bak\u0131m\u0131ndan bir d\u00f6n\u00fcm noktas\u0131 te\u015fkil eder. \u00c7\u00fcnk\u00fc Frans\u0131z \u0130htilali, ne R\u00f6nesans\u2019\u0131n ne de Reformasyon\u2019un hedef almad\u0131\u011f\u0131 bir alanda patlak vermi\u015f ve do\u011frudan do\u011fruya siyasal d\u00fczene h\u00fccum ederek, onu y\u0131karak, siyasal d\u00fczenin ve siyasal m\u00fcesseselerin yepyeni bir anlay\u0131\u015f\u0131n\u0131 ortaya koymu\u015ftur. Bu yeni anlay\u0131\u015f, 21. y\u00fczy\u0131la girmeye haz\u0131rland\u0131\u011f\u0131m\u0131z g\u00fcn\u00fcm\u00fczde de siyasal kavram ve m\u00fcesseselerin de temelini te\u015fkil etmektedir.\u201d Prof. Dr. Fahir Armao\u011flu \u00d6mr\u00fcn\u00fc hem T\u00fcrk hem de d\u00fcnya siyasi tarihine adam\u0131\u015f bilim insanlar\u0131m\u0131zdan Fahir Armao\u011flu\u2019nun aram\u0131zdan ayr\u0131l\u0131\u015f\u0131n\u0131n 21. y\u0131l\u0131nday\u0131z. Siyasi tarih alan\u0131nda kaynak te\u015fkil eden eserleriyle hocam\u0131z her zaman aram\u0131zda. Daha \u00f6nce ne\u015fretti\u011fimiz 20. Y\u00fczy\u0131l Siyas\u00ee Tarihi (1914-1915) adl\u0131 eserini tamamlayacak mahiyetteki 19. Y\u00fczy\u0131l Siyas\u00ee Tarihi (1789-1914) ilk bak\u0131\u015fta hemen anla\u015f\u0131laca\u011f\u0131 gibi benzerine rastlanmayacak bir derinlik sunuyor.Frans\u0131z \u0130htilali\u2019nden \u00f6nce Avrupa\u2019n\u0131n ve Osmanl\u0131 \u0130mparatorlu\u011fu\u2019nun genel durumu, ihtilallin siyas\u00ee ve toplumsal getirileri, 1815-1848 y\u0131llar\u0131 aras\u0131nda etkisi gittik\u00e7e hissedilen mutlakiyet\u00e7ilik, h\u00fcrriyet\u00e7ilik ve milliyet\u00e7ilik gibi fikir ak\u0131mlar\u0131n\u0131n neticeleri, Avrupa\u2019da ya\u015fanan 1830 ve 1848 ihtilalleri, Osmanl\u0131 \u0130mparatorlu\u011fu ile Avrupa diplomasisi aras\u0131nda ya\u015fananlar, Avrupa siyasetinin iki yeni unsuru olan \u0130talya ve Almanya kurulu\u015f a\u015famalar\u0131,  Alman \u00fcst\u00fcnl\u00fc\u011f\u00fcyle gelen \u00fc\u00e7l\u00fc ittifak ve 1877-1878 Sava\u015f\u0131\u2019ndan Balkan Sava\u015f\u0131\u2019n\u0131n sonuna dek Osmanl\u0131 \u0130mparatorlu\u011fu\u2019ndaki asker\u00ee ve siyas\u00ee geli\u015fmeler, Amerika ve Uzakdo\u011fu\u2019daki ba\u011f\u0131ms\u0131zl\u0131k m\u00fccadeleleri; 19. Y\u00fczy\u0131l Siyas\u00ee Tarihi\u2019nin muhteviyat\u0131n\u0131 olu\u015fturuyor.19. Y\u00fczy\u0131l Siyas\u00ee Tarihi (1789-1914), \u00f6\u011frencisinden e\u011fitimcisine herkes i\u00e7in \u00f6zel bir kaynak\u2026<\/p>\n","protected":false},"excerpt":{"rendered":"<p>Frans\u0131z \u0130htilali\u2019nin do\u011furdu\u011fu sonu\u00e7lar, insanl\u0131\u011f\u0131n siyasal tarihi bak\u0131m\u0131ndan bir d\u00f6n\u00fcm noktas\u0131 te\u015fkil eder. \u00c7\u00fcnk\u00fc Frans\u0131z \u0130htilali, ne R\u00f6nesans\u2019\u0131n ne de Reformasyon\u2019un hedef almad\u0131\u011f\u0131 bir alanda patlak<span class=\"excerpt-hellip\"> [\u2026]<\/span><\/p>\n","protected":false},"featured_media":0,"template":"","meta":{"_monsterinsights_skip_tracking":false,"_monsterinsights_sitenote_active":false,"_monsterinsights_sitenote_note":"","_monsterinsights_sitenote_category":0},"product_brand":[],"product_cat":[12305,12304],"product_tag":[],"class_list":{"0":"post-718162","1":"product","2":"type-product","3":"status-publish","5":"product_cat-dunya-tarihi","6":"product_cat-tarih","7":"pa_cilt-ciltli","8":"pa_tur-kitap","9":"pa_yayinevi-kronik-kitap","10":"pa_yazar-fahir-armaoglu","12":"first","13":"instock","14":"sale","15":"shipping-taxable","16":"purchasable","17":"product-type-simple"},"_links":{"self":[{"href":"https:\/\/roveyayinevi.com.tr\/index.php\/wp-json\/wp\/v2\/product\/718162","targetHints":{"allow":["GET"]}}],"collection":[{"href":"https:\/\/roveyayinevi.com.tr\/index.php\/wp-json\/wp\/v2\/product"}],"about":[{"href":"https:\/\/roveyayinevi.com.tr\/index.php\/wp-json\/wp\/v2\/types\/product"}],"wp:attachment":[{"href":"https:\/\/roveyayinevi.com.tr\/index.php\/wp-json\/wp\/v2\/media?parent=718162"}],"wp:term":[{"taxonomy":"product_brand","embeddable":true,"href":"https:\/\/roveyayinevi.com.tr\/index.php\/wp-json\/wp\/v2\/product_brand?post=718162"},{"taxonomy":"product_cat","embeddable":true,"href":"https:\/\/roveyayinevi.com.tr\/index.php\/wp-json\/wp\/v2\/product_cat?post=718162"},{"taxonomy":"product_tag","embeddable":true,"href":"https:\/\/roveyayinevi.com.tr\/index.php\/wp-json\/wp\/v2\/product_tag?post=718162"}],"curies":[{"name":"wp","href":"https:\/\/api.w.org\/{rel}","templated":true}]}}

19.Yüzyıl Siyasi Tarihi 1789-1914 (Ciltli)

<p>Fransız İhtilali’nin doğurduğu sonuçlar, insanlığın siyasal tarihi bakımından bir dönüm noktası teşkil eder. Çünkü Fransız İhtilali, ne Rönesans’ın ne de Reformasyon’un hedef almadığı bir alanda patlak vermiş ve doğrudan doğruya siyasal düzene hücum ederek, onu yıkarak, siyasal düzenin ve siyasal müesseselerin yepyeni bir anlayışını ortaya koymuştur. Bu yeni anlayış, 21. yüzyıla girmeye hazırlandığımız günümüzde de siyasal kavram ve müesseselerin de temelini teşkil etmektedir.” Prof. Dr. Fahir Armaoğlu Ömrünü hem Türk hem de dünya siyasi tarihine adamış bilim insanlarımızdan Fahir Armaoğlu’nun aramızdan ayrılışının 21. yılındayız. Siyasi tarih alanında kaynak teşkil eden eserleriyle hocamız her zaman aramızda. Daha önce neşrettiğimiz 20. Yüzyıl Siyasî Tarihi (1914-1915) adlı eserini tamamlayacak mahiyetteki 19. Yüzyıl Siyasî Tarihi (1789-1914) ilk bakışta hemen anlaşılacağı gibi benzerine rastlanmayacak bir derinlik sunuyor.Fransız İhtilali’nden önce Avrupa’nın ve Osmanlı İmparatorluğu’nun genel durumu, ihtilallin siyasî ve toplumsal getirileri, 1815-1848 yılları arasında etkisi gittikçe hissedilen mutlakiyetçilik, hürriyetçilik ve milliyetçilik gibi fikir akımlarının neticeleri, Avrupa’da yaşanan 1830 ve 1848 ihtilalleri, Osmanlı İmparatorluğu ile Avrupa diplomasisi arasında yaşananlar, Avrupa siyasetinin iki yeni unsuru olan İtalya ve Almanya kuruluş aşamaları,  Alman üstünlüğüyle gelen üçlü ittifak ve 1877-1878 Savaşı’ndan Balkan Savaşı’nın sonuna dek Osmanlı İmparatorluğu’ndaki askerî ve siyasî gelişmeler, Amerika ve Uzakdoğu’daki bağımsızlık mücadeleleri; 19. Yüzyıl Siyasî Tarihi’nin muhteviyatını oluşturuyor.19. Yüzyıl Siyasî Tarihi (1789-1914), öğrencisinden eğitimcisine herkes için özel bir kaynak…</p>

<p>Fransız İhtilali’nin doğurduğu sonuçlar, insanlığın siyasal tarihi bakımından bir dönüm noktası teşkil eder. Çünkü Fransız İhtilali, ne Rönesans’ın ne de Reformasyon’un hedef almadığı bir alanda patlak<span class="excerpt-hellip"> […]</span></p>
