{"id":718160,"date":"2025-08-27T18:04:45","date_gmt":"2025-08-27T15:04:45","guid":{"rendered":"https:\/\/roveyayinevi.com.tr\/index.php\/urun\/istiklal-harbimizde-enver-pasa-ve-ittihat-ve-terakki-erkani-2\/"},"modified":"2026-04-16T02:26:20","modified_gmt":"2026-04-15T23:26:20","slug":"istiklal-harbimizde-enver-pasa-ve-ittihat-ve-terakki-erkani-2","status":"publish","type":"product","link":"https:\/\/roveyayinevi.com.tr\/index.php\/urun\/istiklal-harbimizde-enver-pasa-ve-ittihat-ve-terakki-erkani-2\/","title":{"rendered":"\u0130stiklal Harbimizde Enver Pa\u015fa ve \u0130ttihat ve Terakki Erkan\u0131"},"content":{"rendered":"<p>\u201c\u0130stikl\u00e2l Harbi\u2019nde Enver Pa\u015fa etraf\u0131nda dahi hayli entrikalar \u00e7evrildi. Vesikalar ile g\u00f6r\u00fclecektir ki b\u00fct\u00fcn bu i\u015flerde haric\u00ee eller, mill\u00ee harek\u00e2t\u0131m\u0131z\u0131 muvaffakiyetsizli\u011fe s\u00fcr\u00fcklemek i\u00e7in m\u00fcthi\u015f [oyunlar] oynam\u0131\u015flard\u0131r.\u201dK\u00e2z\u0131m KarabekirT\u00fcrk tarihinin en dirayetli ve ferasetli askerlerinden biri olan K\u00e2z\u0131m Karabekir, yaln\u0131z cephe hatt\u0131ndaki m\u00fccadelesiyle de\u011fil yazd\u0131\u011f\u0131 eserlerle de ses getirmi\u015f isimlerden biridir.\u201cHayat\u0131m\u201d adl\u0131 eserinde \u00e7ocukluk ve ilk gen\u00e7lik y\u0131llar\u0131nda tan\u0131k oldu\u011fu olaylar\u0131 anlatan Karabekir, \u201c\u0130ttihat ve Terakki Cemiyeti\u201d adl\u0131 eserinde de Osmanl\u0131 \u0130mparatorlu\u011funun son d\u00f6nemine damga vuran \u0130ttihat ve Terakki Cemiyeti\u2019nin kurulu\u015f ve y\u00fckseli\u015f s\u00fcrecinde ya\u015fananlar\u0131 g\u00f6zler \u00f6n\u00fcne sermi\u015ftir. \u201c\u0130stiklal Harbimizde Enver Pa\u015fa ve \u0130ttihat ve Terakki Erk\u00e2n\u0131\u201d ad\u0131yla yay\u0131nlad\u0131\u011f\u0131m\u0131z bu \u00fc\u00e7\u00fcnc\u00fc eserinde ise Karabekir, \u0130ttihat ve Terakki\u2019nin lider kadrosu ile Enver Pa\u015fa\u2019n\u0131n Mill\u00ee M\u00fccadele d\u00f6nemindeki s\u00f6ylem ve eylemlerini ele almaktad\u0131r.M\u00fctareke sonras\u0131ndaki vaziyetin izah\u0131yla ba\u015flayan kitap, \u0130ttihat\u00e7\u0131 liderlerin \u00fclke d\u0131\u015f\u0131na \u00e7\u0131kt\u0131ktan sonraki faaliyetleri ve bu faaliyetler kar\u015f\u0131s\u0131nda Ankara H\u00fck\u00fbmeti\u2019nin tavr\u0131 \u00fczerinde duruyor. Kitapta Enver Pa\u015fa\u2019y\u0131 merkez alan bir anlat\u0131m \u00fcslubu benimseyen Karabekir, bununla beraber, ayn\u0131 d\u00f6nemde yurt i\u00e7inde ya\u015fananlar\u0131 da kilit isimler \u00fczerinden okuyuculara aktar\u0131yor. Kitap, Karabekir\u2019in Anadolu\u2019ya ge\u00e7me imk\u00e2n\u0131 bulamayan Enver Pa\u015fa\u2019n\u0131n \u00f6l\u00fcm\u00fcne kadar ya\u015fad\u0131klar\u0131 hakk\u0131ndaki tespitleriyle son buluyor.\u0130stikl\u00e2l Harbimizde Enver Pa\u015fa ve \u0130ttihat ve Terakki Erk\u00e2n\u0131, olaylar\u0131 ad\u0131m ad\u0131m izleyen ve y\u00fcksek analiz becerisiyle yorumlayan K\u00e2z\u0131m Karabekir Pa\u015fa\u2019n\u0131n elinden \u00e7\u0131km\u0131\u015f de\u011ferli bir kaynak\u2026 <\/p>\n","protected":false},"excerpt":{"rendered":"<p>\u201c\u0130stikl\u00e2l Harbi\u2019nde Enver Pa\u015fa etraf\u0131nda dahi hayli entrikalar \u00e7evrildi. Vesikalar ile g\u00f6r\u00fclecektir ki b\u00fct\u00fcn bu i\u015flerde haric\u00ee eller, mill\u00ee harek\u00e2t\u0131m\u0131z\u0131 muvaffakiyetsizli\u011fe s\u00fcr\u00fcklemek i\u00e7in m\u00fcthi\u015f [oyunlar] oynam\u0131\u015flard\u0131r.\u201dK\u00e2z\u0131m<span class=\"excerpt-hellip\"> [\u2026]<\/span><\/p>\n","protected":false},"featured_media":0,"template":"","meta":{"_monsterinsights_skip_tracking":false,"_monsterinsights_sitenote_active":false,"_monsterinsights_sitenote_note":"","_monsterinsights_sitenote_category":0},"product_brand":[],"product_cat":[12304,13650],"product_tag":[],"class_list":{"0":"post-718160","1":"product","2":"type-product","3":"status-publish","5":"product_cat-tarih","6":"product_cat-turk-tarihi-arastirmalari","7":"pa_cilt-ciltsiz","8":"pa_tur-kitap","9":"pa_yayinevi-kronik-kitap","10":"pa_yazar-kazim-karabekir","12":"first","13":"instock","14":"sale","15":"shipping-taxable","16":"purchasable","17":"product-type-simple"},"_links":{"self":[{"href":"https:\/\/roveyayinevi.com.tr\/index.php\/wp-json\/wp\/v2\/product\/718160","targetHints":{"allow":["GET"]}}],"collection":[{"href":"https:\/\/roveyayinevi.com.tr\/index.php\/wp-json\/wp\/v2\/product"}],"about":[{"href":"https:\/\/roveyayinevi.com.tr\/index.php\/wp-json\/wp\/v2\/types\/product"}],"wp:attachment":[{"href":"https:\/\/roveyayinevi.com.tr\/index.php\/wp-json\/wp\/v2\/media?parent=718160"}],"wp:term":[{"taxonomy":"product_brand","embeddable":true,"href":"https:\/\/roveyayinevi.com.tr\/index.php\/wp-json\/wp\/v2\/product_brand?post=718160"},{"taxonomy":"product_cat","embeddable":true,"href":"https:\/\/roveyayinevi.com.tr\/index.php\/wp-json\/wp\/v2\/product_cat?post=718160"},{"taxonomy":"product_tag","embeddable":true,"href":"https:\/\/roveyayinevi.com.tr\/index.php\/wp-json\/wp\/v2\/product_tag?post=718160"}],"curies":[{"name":"wp","href":"https:\/\/api.w.org\/{rel}","templated":true}]}}

İstiklal Harbimizde Enver Paşa ve İttihat ve Terakki Erkanı

<p>“İstiklâl Harbi’nde Enver Paşa etrafında dahi hayli entrikalar çevrildi. Vesikalar ile görülecektir ki bütün bu işlerde haricî eller, millî harekâtımızı muvaffakiyetsizliğe sürüklemek için müthiş [oyunlar] oynamışlardır.”Kâzım KarabekirTürk tarihinin en dirayetli ve ferasetli askerlerinden biri olan Kâzım Karabekir, yalnız cephe hattındaki mücadelesiyle değil yazdığı eserlerle de ses getirmiş isimlerden biridir.“Hayatım” adlı eserinde çocukluk ve ilk gençlik yıllarında tanık olduğu olayları anlatan Karabekir, “İttihat ve Terakki Cemiyeti” adlı eserinde de Osmanlı İmparatorluğunun son dönemine damga vuran İttihat ve Terakki Cemiyeti’nin kuruluş ve yükseliş sürecinde yaşananları gözler önüne sermiştir. “İstiklal Harbimizde Enver Paşa ve İttihat ve Terakki Erkânı” adıyla yayınladığımız bu üçüncü eserinde ise Karabekir, İttihat ve Terakki’nin lider kadrosu ile Enver Paşa’nın Millî Mücadele dönemindeki söylem ve eylemlerini ele almaktadır.Mütareke sonrasındaki vaziyetin izahıyla başlayan kitap, İttihatçı liderlerin ülke dışına çıktıktan sonraki faaliyetleri ve bu faaliyetler karşısında Ankara Hükûmeti’nin tavrı üzerinde duruyor. Kitapta Enver Paşa’yı merkez alan bir anlatım üslubu benimseyen Karabekir, bununla beraber, aynı dönemde yurt içinde yaşananları da kilit isimler üzerinden okuyuculara aktarıyor. Kitap, Karabekir’in Anadolu’ya geçme imkânı bulamayan Enver Paşa’nın ölümüne kadar yaşadıkları hakkındaki tespitleriyle son buluyor.İstiklâl Harbimizde Enver Paşa ve İttihat ve Terakki Erkânı, olayları adım adım izleyen ve yüksek analiz becerisiyle yorumlayan Kâzım Karabekir Paşa’nın elinden çıkmış değerli bir kaynak… </p>

<p>“İstiklâl Harbi’nde Enver Paşa etrafında dahi hayli entrikalar çevrildi. Vesikalar ile görülecektir ki bütün bu işlerde haricî eller, millî harekâtımızı muvaffakiyetsizliğe sürüklemek için müthiş [oyunlar] oynamışlardır.”Kâzım<span class="excerpt-hellip"> […]</span></p>
