{"id":718158,"date":"2025-08-27T18:04:44","date_gmt":"2025-08-27T15:04:44","guid":{"rendered":"https:\/\/roveyayinevi.com.tr\/index.php\/urun\/kutadgu-bilige-gore-turk-hukumdarlik-sanati\/"},"modified":"2026-04-16T02:26:20","modified_gmt":"2026-04-15T23:26:20","slug":"kutadgu-bilige-gore-turk-hukumdarlik-sanati","status":"publish","type":"product","link":"https:\/\/roveyayinevi.com.tr\/index.php\/urun\/kutadgu-bilige-gore-turk-hukumdarlik-sanati\/","title":{"rendered":"Kutadgu Bilig&#8217;e G\u00f6re T\u00fcrk H\u00fck\u00fcmdarl\u0131k Sanat\u0131"},"content":{"rendered":"<p>T\u00fcrk devlet tasavvurunda h\u00e2kimiyetin men\u015fei ve me\u015fruiyeti nas\u0131l tan\u0131mlan\u0131yordu? \u0130lk T\u00fcrk devletlerindeki h\u00e2kimiyet anlay\u0131\u015f\u0131 nas\u0131ld\u0131? Merkeziyet\u00e7i devlet anlay\u0131\u015f\u0131yla ne ama\u00e7lan\u0131yordu? T\u00fcrk h\u00fck\u00fcmdarlar\u0131n\u0131n genel \u00f6zellikleri neydi? F\u00e2r\u00e2b\u00ee ve Niz\u00e2m\u00fc\u2019l-m\u00fclk\u2019e g\u00f6re bir h\u00fck\u00fcmdarda olmas\u0131 gereken \u00f6zellikler nelerdi? Kutadgu Bilig, T\u00fcrk h\u00fck\u00fcmdarl\u0131k sanat\u0131na dair neler s\u00f6yl\u00fcyor?T\u00fcrk tarih\u00e7ilerinin ba\u015fvurdu\u011fu en \u00f6nemli metinlerin ba\u015f\u0131nda gelen Kutadgu Bilig, yaln\u0131z edeb\u00ee \u00f6zellikleriyle de\u011fil i\u00e7erdi\u011fi konular itibar\u0131yla da olduk\u00e7a \u00f6nemli bir eserdir. T\u00fcrk\u00e7enin bar\u0131nd\u0131rd\u0131\u011f\u0131 dil zenginli\u011fini sunmas\u0131yla her okuru hayran b\u0131rakan Kutadgu Bilig; T\u00fcrk k\u00fclt\u00fcr ve medeniyetini, devlet ve idare felsefesini, toplumsal ve ekonomik ya\u015fam\u0131n\u0131, din\u00ee ve tecr\u00fcb\u00ee hayat\u0131n\u0131 en derin ve hassas y\u00f6nleriyle sunmaktad\u0131r.Daha \u00f6nce yay\u0131nevimiz taraf\u0131ndan ne\u015fredilen Kutadgu Bilig\u2019e G\u00f6re T\u00fcrk Sava\u015f Sanat\u0131 adl\u0131 \u00e7al\u0131\u015fmas\u0131yla kadim T\u00fcrk d\u00fc\u015f\u00fcncesindeki sava\u015f prensiplerini Kutadgu Bilig \u0131\u015f\u0131\u011f\u0131nda g\u00f6stermi\u015f olan Erkan G\u00f6ksu, bu kez yine ayn\u0131 kaynaktan beslenerek T\u00fcrklerin h\u00fck\u00fcmdarl\u0131k anlay\u0131\u015f\u0131n\u0131 ve prensiplerini ortaya d\u00f6k\u00fcyor. Eserde, t\u0131pk\u0131 sava\u015f bahsinde oldu\u011fu gibi T\u00fcrklerin h\u00fck\u00fcmdarl\u0131\u011f\u0131 da bir sanat olarak kabul ettikleri ve hakimiyeti bu \u015fekilde icra ettikleri ortaya \u00e7\u0131k\u0131yor. T\u00fcrk k\u00fclt\u00fcr\u00fcn\u00fcn mazisi, h\u00e2li ve istikb\u00e2li hakk\u0131ndaki yorumlar\u0131n izah\u0131ndan sonra \u201cmutluluk veren bilgi mi yoksa devleti idare etme ya da h\u00fck\u00fcmdarl\u0131k bilgisi mi?\u201d sorusunu da g\u00fcndeme ta\u015f\u0131yor.Kutadgu Bilig\u2019e G\u00f6re T\u00fcrk H\u00fck\u00fcmdarl\u0131k Sanat\u0131, G\u00f6ksu\u2019nun kaleminden T\u00fcrklerin hangi vazge\u00e7ilmez esaslar do\u011frultusunda h\u00fckmettiklerini g\u00f6zler \u00f6n\u00fcne seren bir ba\u015fucu eseri\u2026<\/p>\n","protected":false},"excerpt":{"rendered":"<p>T\u00fcrk devlet tasavvurunda h\u00e2kimiyetin men\u015fei ve me\u015fruiyeti nas\u0131l tan\u0131mlan\u0131yordu? \u0130lk T\u00fcrk devletlerindeki h\u00e2kimiyet anlay\u0131\u015f\u0131 nas\u0131ld\u0131? Merkeziyet\u00e7i devlet anlay\u0131\u015f\u0131yla ne ama\u00e7lan\u0131yordu? T\u00fcrk h\u00fck\u00fcmdarlar\u0131n\u0131n genel \u00f6zellikleri neydi? F\u00e2r\u00e2b\u00ee<span class=\"excerpt-hellip\"> [\u2026]<\/span><\/p>\n","protected":false},"featured_media":0,"template":"","meta":{"_monsterinsights_skip_tracking":false,"_monsterinsights_sitenote_active":false,"_monsterinsights_sitenote_note":"","_monsterinsights_sitenote_category":0},"product_brand":[],"product_cat":[12304,13650],"product_tag":[],"class_list":{"0":"post-718158","1":"product","2":"type-product","3":"status-publish","5":"product_cat-tarih","6":"product_cat-turk-tarihi-arastirmalari","7":"pa_cilt-ciltsiz","8":"pa_tur-kitap","9":"pa_yayinevi-kronik-kitap","10":"pa_yazar-erkan-goksu","12":"first","13":"instock","14":"sale","15":"shipping-taxable","16":"purchasable","17":"product-type-simple"},"_links":{"self":[{"href":"https:\/\/roveyayinevi.com.tr\/index.php\/wp-json\/wp\/v2\/product\/718158","targetHints":{"allow":["GET"]}}],"collection":[{"href":"https:\/\/roveyayinevi.com.tr\/index.php\/wp-json\/wp\/v2\/product"}],"about":[{"href":"https:\/\/roveyayinevi.com.tr\/index.php\/wp-json\/wp\/v2\/types\/product"}],"wp:attachment":[{"href":"https:\/\/roveyayinevi.com.tr\/index.php\/wp-json\/wp\/v2\/media?parent=718158"}],"wp:term":[{"taxonomy":"product_brand","embeddable":true,"href":"https:\/\/roveyayinevi.com.tr\/index.php\/wp-json\/wp\/v2\/product_brand?post=718158"},{"taxonomy":"product_cat","embeddable":true,"href":"https:\/\/roveyayinevi.com.tr\/index.php\/wp-json\/wp\/v2\/product_cat?post=718158"},{"taxonomy":"product_tag","embeddable":true,"href":"https:\/\/roveyayinevi.com.tr\/index.php\/wp-json\/wp\/v2\/product_tag?post=718158"}],"curies":[{"name":"wp","href":"https:\/\/api.w.org\/{rel}","templated":true}]}}