{"id":718145,"date":"2025-08-27T18:04:36","date_gmt":"2025-08-27T15:04:36","guid":{"rendered":"https:\/\/roveyayinevi.com.tr\/index.php\/urun\/kelebek-kapisi\/"},"modified":"2026-04-16T02:26:19","modified_gmt":"2026-04-15T23:26:19","slug":"kelebek-kapisi","status":"publish","type":"product","link":"https:\/\/roveyayinevi.com.tr\/index.php\/urun\/kelebek-kapisi\/","title":{"rendered":"Kelebek Kap\u0131s\u0131"},"content":{"rendered":"<p>\u201cYa\u015fad\u0131klar\u0131m\u0131z belki bir ill\u00fczyon\u2026 Hangisi r\u00fcya, hangisi ger\u00e7ek ayr\u0131m\u0131n\u0131 belki bizler yapam\u0131yoruz. Anlamam\u0131z i\u00e7in zaman arac\u0131 oluyor bizlere. Asl\u0131nda her \u015fey zamanda gizli\u2026\u201d Deniz, ku\u015f c\u0131v\u0131lt\u0131lar\u0131n\u0131n ilahiye benzedi\u011fi bir avluda y\u00fcr\u00fcyordu. \u201cBen nereye geldim?\u201d dedi kendi kendine. Etraf\u0131nda g\u00f6rd\u00fcklerini semazen gibi d\u00f6nerek g\u00f6zleriyle resmediyordu. \u0130lk defa buralara gelen birinin \u015fa\u015fk\u0131nl\u0131\u011f\u0131yla etraf\u0131na bakarken ruhu hi\u00e7 olmad\u0131\u011f\u0131 kadar huzur doluydu. Hep orada olmak ve neden orada oldu\u011funu bilmeden, sadece orada olmak iste\u011fi i\u00e7indeydi. Etraf\u0131na bak\u0131n\u0131rken kar\u015f\u0131 taraf\u0131nda duran iki kanatl\u0131 bir kap\u0131n\u0131n a\u00e7\u0131ld\u0131\u011f\u0131n\u0131 g\u00f6rd\u00fc. Kap\u0131ya do\u011fru y\u00fcr\u00fcmeye ba\u015flad\u0131. Kap\u0131n\u0131n \u00fczerinde; bir taht\u0131n \u00fcst\u00fcne oturtulmu\u015f bronz bir plakada, a\u00e7\u0131k bir kitap r\u00f6lyefi vard\u0131. \u00dczerinde ne yazd\u0131\u011f\u0131n\u0131 bilmiyordu ama i\u00e7inden bir ses \u201cBu kap\u0131dan ge\u00e7ersen meram\u0131n\u0131 bulacak ve kurtulacaks\u0131n.\u201d diyordu\u2026 Her yolcu yolculu\u011funu tamamlar. \u00d6nemli olan senin bu yolculu\u011fu nas\u0131l tamamlayaca\u011f\u0131n\u2026 Dalgal\u0131 denizin \u00fczerinden mi, dar patika yoldan m\u0131 yoksa ay \u0131\u015f\u0131\u011f\u0131n\u0131n e\u015flik etti\u011fi alacakaranl\u0131kta m\u0131? Ya da g\u00fcne\u015fin parlakl\u0131\u011f\u0131nda m\u0131?&#8230; Bu sana ba\u011fl\u0131. \u00d6l\u00fcm belki de sadece ba\u015fka bir ger\u00e7ekli\u011fe uyan\u0131\u015ft\u0131r. Kap\u0131dan ge\u00e7meden bunu asla bilemezsin! <\/p>\n","protected":false},"excerpt":{"rendered":"<p>\u201cYa\u015fad\u0131klar\u0131m\u0131z belki bir ill\u00fczyon\u2026 Hangisi r\u00fcya, hangisi ger\u00e7ek ayr\u0131m\u0131n\u0131 belki bizler yapam\u0131yoruz. Anlamam\u0131z i\u00e7in zaman arac\u0131 oluyor bizlere. Asl\u0131nda her \u015fey zamanda gizli\u2026\u201d Deniz, ku\u015f c\u0131v\u0131lt\u0131lar\u0131n\u0131n<span class=\"excerpt-hellip\"> [\u2026]<\/span><\/p>\n","protected":false},"featured_media":0,"template":"","meta":{"_monsterinsights_skip_tracking":false,"_monsterinsights_sitenote_active":false,"_monsterinsights_sitenote_note":"","_monsterinsights_sitenote_category":0},"product_brand":[],"product_cat":[12291,12711],"product_tag":[],"class_list":{"0":"post-718145","1":"product","2":"type-product","3":"status-publish","5":"product_cat-edebiyat","6":"product_cat-roman-oyku","7":"pa_cilt-ciltsiz","8":"pa_tur-kitap","9":"pa_yayinevi-yeni-insan-yayinlari","10":"pa_yazar-gulriz-aygul","12":"first","13":"instock","14":"sale","15":"shipping-taxable","16":"purchasable","17":"product-type-simple"},"_links":{"self":[{"href":"https:\/\/roveyayinevi.com.tr\/index.php\/wp-json\/wp\/v2\/product\/718145","targetHints":{"allow":["GET"]}}],"collection":[{"href":"https:\/\/roveyayinevi.com.tr\/index.php\/wp-json\/wp\/v2\/product"}],"about":[{"href":"https:\/\/roveyayinevi.com.tr\/index.php\/wp-json\/wp\/v2\/types\/product"}],"wp:attachment":[{"href":"https:\/\/roveyayinevi.com.tr\/index.php\/wp-json\/wp\/v2\/media?parent=718145"}],"wp:term":[{"taxonomy":"product_brand","embeddable":true,"href":"https:\/\/roveyayinevi.com.tr\/index.php\/wp-json\/wp\/v2\/product_brand?post=718145"},{"taxonomy":"product_cat","embeddable":true,"href":"https:\/\/roveyayinevi.com.tr\/index.php\/wp-json\/wp\/v2\/product_cat?post=718145"},{"taxonomy":"product_tag","embeddable":true,"href":"https:\/\/roveyayinevi.com.tr\/index.php\/wp-json\/wp\/v2\/product_tag?post=718145"}],"curies":[{"name":"wp","href":"https:\/\/api.w.org\/{rel}","templated":true}]}}