{"id":718129,"date":"2025-08-27T18:04:26","date_gmt":"2025-08-27T15:04:26","guid":{"rendered":"https:\/\/roveyayinevi.com.tr\/index.php\/urun\/ahlak-etik-ve-etikler\/"},"modified":"2026-04-16T02:26:19","modified_gmt":"2026-04-15T23:26:19","slug":"ahlak-etik-ve-etikler","status":"publish","type":"product","link":"https:\/\/roveyayinevi.com.tr\/index.php\/urun\/ahlak-etik-ve-etikler\/","title":{"rendered":"Ahlak, Etik ve Etikler"},"content":{"rendered":"<p>Son y\u0131llarda \u2018etik\u2019 s\u00f6zc\u00fc\u011f\u00fc moda oldu\u011fu halde, bu s\u00f6zc\u00fc\u011f\u00fc kullananlar ondan farkl\u0131 farkl\u0131 \u015feyler anl\u0131yor. B\u00f6ylece ayn\u0131 \u201c\u015feye\u201d farkl\u0131 adlar, farkl\u0131 \u201c\u015feylere\u201d de ayn\u0131 ad verilmi\u015f oluyor. Bu da, de\u011fer sorunlar\u0131 olan etik sorunlar\u0131 ya\u015famda g\u00f6rmeyi engelliyor, dolay\u0131s\u0131yla etik bilgisinin ayd\u0131nlatt\u0131\u011f\u0131 bir ya\u015fam s\u00fcrmek isteyenlere bu bilgiyi sa\u011flayam\u0131yor. \u00c7o\u011fu farkl\u0131 zamanlarda, \u015fu veya bu vesileyle yap\u0131lm\u0131\u015f konu\u015fmalar\u0131n metinleri olan bu kitaptaki yaz\u0131lar, Felsefenin di\u011fer alanlar\u0131 gibi bilgisel bir alan olan Eti\u011fin alan\u0131na giren de\u011ferlendirme, de\u011fer, de\u011ferler, anlam gibi kavramlara \u0131\u015f\u0131k tutmay\u0131 ve okuyan\u0131n bu kavramlar\u0131n bilgisine dayanarak olan bitenlere bakabilmesine yard\u0131mc\u0131 olmay\u0131 ama\u00e7l\u0131yor. <\/p>\n","protected":false},"excerpt":{"rendered":"<p>Son y\u0131llarda \u2018etik\u2019 s\u00f6zc\u00fc\u011f\u00fc moda oldu\u011fu halde, bu s\u00f6zc\u00fc\u011f\u00fc kullananlar ondan farkl\u0131 farkl\u0131 \u015feyler anl\u0131yor. B\u00f6ylece ayn\u0131 \u201c\u015feye\u201d farkl\u0131 adlar, farkl\u0131 \u201c\u015feylere\u201d de ayn\u0131 ad verilmi\u015f<span class=\"excerpt-hellip\"> [\u2026]<\/span><\/p>\n","protected":false},"featured_media":0,"template":"","meta":{"_monsterinsights_skip_tracking":false,"_monsterinsights_sitenote_active":false,"_monsterinsights_sitenote_note":"","_monsterinsights_sitenote_category":0},"product_brand":[],"product_cat":[15319,12388],"product_tag":[],"class_list":{"0":"post-718129","1":"product","2":"type-product","3":"status-publish","5":"product_cat-etik","6":"product_cat-felsefe","7":"pa_cilt-ciltsiz","8":"pa_tur-kitap","9":"pa_yayinevi-turkiye-felsefe-kurumu","10":"pa_yazar-ioanna-kucuradi","12":"first","13":"instock","14":"sale","15":"shipping-taxable","16":"purchasable","17":"product-type-simple"},"_links":{"self":[{"href":"https:\/\/roveyayinevi.com.tr\/index.php\/wp-json\/wp\/v2\/product\/718129","targetHints":{"allow":["GET"]}}],"collection":[{"href":"https:\/\/roveyayinevi.com.tr\/index.php\/wp-json\/wp\/v2\/product"}],"about":[{"href":"https:\/\/roveyayinevi.com.tr\/index.php\/wp-json\/wp\/v2\/types\/product"}],"wp:attachment":[{"href":"https:\/\/roveyayinevi.com.tr\/index.php\/wp-json\/wp\/v2\/media?parent=718129"}],"wp:term":[{"taxonomy":"product_brand","embeddable":true,"href":"https:\/\/roveyayinevi.com.tr\/index.php\/wp-json\/wp\/v2\/product_brand?post=718129"},{"taxonomy":"product_cat","embeddable":true,"href":"https:\/\/roveyayinevi.com.tr\/index.php\/wp-json\/wp\/v2\/product_cat?post=718129"},{"taxonomy":"product_tag","embeddable":true,"href":"https:\/\/roveyayinevi.com.tr\/index.php\/wp-json\/wp\/v2\/product_tag?post=718129"}],"curies":[{"name":"wp","href":"https:\/\/api.w.org\/{rel}","templated":true}]}}