{"id":718125,"date":"2025-08-27T18:04:23","date_gmt":"2025-08-27T15:04:23","guid":{"rendered":"https:\/\/roveyayinevi.com.tr\/index.php\/urun\/evsel-donusum\/"},"modified":"2026-04-16T02:26:19","modified_gmt":"2026-04-15T23:26:19","slug":"evsel-donusum","status":"publish","type":"product","link":"https:\/\/roveyayinevi.com.tr\/index.php\/urun\/evsel-donusum\/","title":{"rendered":"Evsel D\u00f6n\u00fc\u015f\u00fcm"},"content":{"rendered":"<p>Bir annenin ruh \u00e7a\u011f\u0131rma seans\u0131nda gelen ama geri gitmeyen ruhunun a\u00e7t\u0131\u011f\u0131 yaralar.Hayal\u00ee se\u00e7menlerin g\u00fcndelik hayatlar\u0131.Kentsel d\u00f6n\u00fc\u015f\u00fcm\u00fcn ev i\u00e7lerine kararl\u0131 giri\u015fi.Paras\u0131n\u0131 alamad\u0131k\u00e7a belaya bula\u015fan s\u0131vac\u0131lar.Ara sokaklarda kusarken a\u011flayan gen\u00e7ler.Her yenilgide bir daha a\u015fka inanan \u00e2\u015f\u0131klar.Moldoval\u0131 g\u00f6\u00e7menin evinde telefonunu unutan h\u0131rs\u0131z\u0131n \u00f6fkesi.Pek \u00e7ok incitici sevi\u015fme ve bin bir ba\u015fka insanl\u0131k durumu.S\u00fcreyyya Evren, T\u00fcrk\u00e7e edebiyat\u0131n en \u015fa\u015f\u0131rt\u0131c\u0131 ve \u00e7al\u0131\u015fkan sihirbazlar\u0131ndan biri. Evsel D\u00f6n\u00fc\u015f\u00fcm (Toplu \u00d6yk\u00fcler 1990-2019), onun kaleminden \u00e7\u0131km\u0131\u015f say\u0131s\u0131z tav\u015fan bar\u0131nd\u0131r\u0131yor.<\/p>\n","protected":false},"excerpt":{"rendered":"<p>Bir annenin ruh \u00e7a\u011f\u0131rma seans\u0131nda gelen ama geri gitmeyen ruhunun a\u00e7t\u0131\u011f\u0131 yaralar.Hayal\u00ee se\u00e7menlerin g\u00fcndelik hayatlar\u0131.Kentsel d\u00f6n\u00fc\u015f\u00fcm\u00fcn ev i\u00e7lerine kararl\u0131 giri\u015fi.Paras\u0131n\u0131 alamad\u0131k\u00e7a belaya bula\u015fan s\u0131vac\u0131lar.Ara sokaklarda kusarken<span class=\"excerpt-hellip\"> [\u2026]<\/span><\/p>\n","protected":false},"featured_media":0,"template":"","meta":{"_monsterinsights_skip_tracking":false,"_monsterinsights_sitenote_active":false,"_monsterinsights_sitenote_note":"","_monsterinsights_sitenote_category":0},"product_brand":[],"product_cat":[12291,12711],"product_tag":[],"class_list":{"0":"post-718125","1":"product","2":"type-product","3":"status-publish","5":"product_cat-edebiyat","6":"product_cat-roman-oyku","7":"pa_cilt-ciltsiz","8":"pa_tur-kitap","9":"pa_yayinevi-can-yayinlari","10":"pa_yazar-sureyyya-evren","12":"first","13":"instock","14":"sale","15":"shipping-taxable","16":"purchasable","17":"product-type-simple"},"_links":{"self":[{"href":"https:\/\/roveyayinevi.com.tr\/index.php\/wp-json\/wp\/v2\/product\/718125","targetHints":{"allow":["GET"]}}],"collection":[{"href":"https:\/\/roveyayinevi.com.tr\/index.php\/wp-json\/wp\/v2\/product"}],"about":[{"href":"https:\/\/roveyayinevi.com.tr\/index.php\/wp-json\/wp\/v2\/types\/product"}],"wp:attachment":[{"href":"https:\/\/roveyayinevi.com.tr\/index.php\/wp-json\/wp\/v2\/media?parent=718125"}],"wp:term":[{"taxonomy":"product_brand","embeddable":true,"href":"https:\/\/roveyayinevi.com.tr\/index.php\/wp-json\/wp\/v2\/product_brand?post=718125"},{"taxonomy":"product_cat","embeddable":true,"href":"https:\/\/roveyayinevi.com.tr\/index.php\/wp-json\/wp\/v2\/product_cat?post=718125"},{"taxonomy":"product_tag","embeddable":true,"href":"https:\/\/roveyayinevi.com.tr\/index.php\/wp-json\/wp\/v2\/product_tag?post=718125"}],"curies":[{"name":"wp","href":"https:\/\/api.w.org\/{rel}","templated":true}]}}