{"id":718123,"date":"2025-08-27T18:04:21","date_gmt":"2025-08-27T15:04:21","guid":{"rendered":"https:\/\/roveyayinevi.com.tr\/index.php\/urun\/ilk-ve-son-yaratilis\/"},"modified":"2025-11-21T05:19:17","modified_gmt":"2025-11-21T02:19:17","slug":"ilk-ve-son-yaratilis","status":"publish","type":"product","link":"https:\/\/roveyayinevi.com.tr\/index.php\/urun\/ilk-ve-son-yaratilis\/","title":{"rendered":"\u0130lk ve Son &#8211; Yarat\u0131l\u0131\u015f"},"content":{"rendered":"<p>\u201cSen Voyvoda Vlad\u2019\u0131 tan\u0131yor musun?En b\u00fcy\u00fck yan\u0131lg\u0131d\u0131r, tarihe birilerinin g\u00f6r\u00fc\u015f a\u00e7\u0131s\u0131ndan bakmak.\u201cEvet, do\u011fru duydun. Ben sizin bildi\u011finiz tarihin \u00e7ok \u00f6ncesinde yarat\u0131ld\u0131m.\u201dBildikleriniz, size anlat\u0131lan yalanlard\u0131. Siz yalanlar\u0131 ger\u00e7ek sand\u0131n\u0131z.\u201cTek \u015fart\u0131m var: Vampir \u0131rk\u0131n\u0131n benden geldi\u011fini sizden ba\u015fkas\u0131 bilmeyecek. Gerisini konu\u015faca\u011f\u0131z.\u201dVampirlerin babas\u0131 yoktur, annesi vard\u0131r ve sadece o ve sizler bileceksiniz.Birka\u00e7 diyalog al\u0131nt\u0131s\u0131 ve bunlar hakk\u0131nda d\u00fc\u015f\u00fcncelerimizi okudunuz. Anlat\u0131lmayan ger\u00e7eklerle dolu tarihi \u00f6\u011frendi\u011finizde kendinizi sorgulamak isteyeceksiniz. Kan Emiciler Anadolu\u2019da yarat\u0131ld\u0131.<\/p>\n","protected":false},"excerpt":{"rendered":"<p>\u201cSen Voyvoda Vlad\u2019\u0131 tan\u0131yor musun?En b\u00fcy\u00fck yan\u0131lg\u0131d\u0131r, tarihe birilerinin g\u00f6r\u00fc\u015f a\u00e7\u0131s\u0131ndan bakmak.\u201cEvet, do\u011fru duydun. Ben sizin bildi\u011finiz tarihin \u00e7ok \u00f6ncesinde yarat\u0131ld\u0131m.\u201dBildikleriniz, size anlat\u0131lan yalanlard\u0131. Siz yalanlar\u0131<span class=\"excerpt-hellip\"> [\u2026]<\/span><\/p>\n","protected":false},"featured_media":0,"template":"","meta":{"_monsterinsights_skip_tracking":false,"_monsterinsights_sitenote_active":false,"_monsterinsights_sitenote_note":"","_monsterinsights_sitenote_category":0},"product_brand":[],"product_cat":[12291,14777],"product_tag":[],"class_list":{"0":"post-718123","1":"product","2":"type-product","3":"status-publish","5":"product_cat-edebiyat","6":"product_cat-fantastik","7":"pa_cilt-ciltsiz","8":"pa_tur-kitap","9":"pa_yayinevi-vaveyla-yayincilik","10":"pa_yazar-umit-dagci","12":"first","13":"instock","14":"sale","15":"shipping-taxable","16":"purchasable","17":"product-type-simple"},"_links":{"self":[{"href":"https:\/\/roveyayinevi.com.tr\/index.php\/wp-json\/wp\/v2\/product\/718123","targetHints":{"allow":["GET"]}}],"collection":[{"href":"https:\/\/roveyayinevi.com.tr\/index.php\/wp-json\/wp\/v2\/product"}],"about":[{"href":"https:\/\/roveyayinevi.com.tr\/index.php\/wp-json\/wp\/v2\/types\/product"}],"wp:attachment":[{"href":"https:\/\/roveyayinevi.com.tr\/index.php\/wp-json\/wp\/v2\/media?parent=718123"}],"wp:term":[{"taxonomy":"product_brand","embeddable":true,"href":"https:\/\/roveyayinevi.com.tr\/index.php\/wp-json\/wp\/v2\/product_brand?post=718123"},{"taxonomy":"product_cat","embeddable":true,"href":"https:\/\/roveyayinevi.com.tr\/index.php\/wp-json\/wp\/v2\/product_cat?post=718123"},{"taxonomy":"product_tag","embeddable":true,"href":"https:\/\/roveyayinevi.com.tr\/index.php\/wp-json\/wp\/v2\/product_tag?post=718123"}],"curies":[{"name":"wp","href":"https:\/\/api.w.org\/{rel}","templated":true}]}}