{"id":718118,"date":"2025-08-27T18:04:18","date_gmt":"2025-08-27T15:04:18","guid":{"rendered":"https:\/\/roveyayinevi.com.tr\/index.php\/urun\/ebu-sina-anlatilari-metinsel-askin-bir-okuma-denemesi\/"},"modified":"2026-04-16T02:26:19","modified_gmt":"2026-04-15T23:26:19","slug":"ebu-sina-anlatilari-metinsel-askin-bir-okuma-denemesi","status":"publish","type":"product","link":"https:\/\/roveyayinevi.com.tr\/index.php\/urun\/ebu-sina-anlatilari-metinsel-askin-bir-okuma-denemesi\/","title":{"rendered":"Ebu Sina Anlat\u0131lar\u0131 Metinsel &#8211; A\u015fk\u0131n Bir Okuma Denemesi"},"content":{"rendered":"<p>Ebu Sina Anlat\u0131lar\u0131 Metinsel &#8211; A\u015fk\u0131n Bir Okuma Denemesi<\/p>\n","protected":false},"excerpt":{"rendered":"<p>Ebu Sina Anlat\u0131lar\u0131 Metinsel &#8211; A\u015fk\u0131n Bir Okuma Denemesi<\/p>\n","protected":false},"featured_media":0,"template":"","meta":{"_monsterinsights_skip_tracking":false,"_monsterinsights_sitenote_active":false,"_monsterinsights_sitenote_note":"","_monsterinsights_sitenote_category":0},"product_brand":[],"product_cat":[12777,12291],"product_tag":[],"class_list":{"0":"post-718118","1":"product","2":"type-product","3":"status-publish","5":"product_cat-deneme","6":"product_cat-edebiyat","7":"pa_cilt-ciltsiz","8":"pa_tur-kitap","9":"pa_yayinevi-soncag","10":"pa_yazar-mehmet-emin-bars","12":"first","13":"instock","14":"sale","15":"shipping-taxable","16":"purchasable","17":"product-type-simple"},"_links":{"self":[{"href":"https:\/\/roveyayinevi.com.tr\/index.php\/wp-json\/wp\/v2\/product\/718118","targetHints":{"allow":["GET"]}}],"collection":[{"href":"https:\/\/roveyayinevi.com.tr\/index.php\/wp-json\/wp\/v2\/product"}],"about":[{"href":"https:\/\/roveyayinevi.com.tr\/index.php\/wp-json\/wp\/v2\/types\/product"}],"wp:attachment":[{"href":"https:\/\/roveyayinevi.com.tr\/index.php\/wp-json\/wp\/v2\/media?parent=718118"}],"wp:term":[{"taxonomy":"product_brand","embeddable":true,"href":"https:\/\/roveyayinevi.com.tr\/index.php\/wp-json\/wp\/v2\/product_brand?post=718118"},{"taxonomy":"product_cat","embeddable":true,"href":"https:\/\/roveyayinevi.com.tr\/index.php\/wp-json\/wp\/v2\/product_cat?post=718118"},{"taxonomy":"product_tag","embeddable":true,"href":"https:\/\/roveyayinevi.com.tr\/index.php\/wp-json\/wp\/v2\/product_tag?post=718118"}],"curies":[{"name":"wp","href":"https:\/\/api.w.org\/{rel}","templated":true}]}}