{"id":718094,"date":"2025-08-27T18:04:02","date_gmt":"2025-08-27T15:04:02","guid":{"rendered":"https:\/\/roveyayinevi.com.tr\/index.php\/urun\/gizemli-kutuphaneci\/"},"modified":"2026-04-16T02:26:18","modified_gmt":"2026-04-15T23:26:18","slug":"gizemli-kutuphaneci","status":"publish","type":"product","link":"https:\/\/roveyayinevi.com.tr\/index.php\/urun\/gizemli-kutuphaneci\/","title":{"rendered":"Gizemli K\u00fct\u00fcphaneci"},"content":{"rendered":"<p>Gizemli k\u00fct\u00fcphaneci Bayan Charlotte, Saint-Anatole kasabas\u0131n\u0131n ardiyeden bozma k\u00fc\u00e7\u00fck k\u00fct\u00fcphanesinin ba\u015f\u0131na ge\u00e7er. Kasaba halk\u0131 onun i\u015fleri herkesten farkl\u0131 yapt\u0131\u011f\u0131n\u0131 g\u00f6r\u00fcp \u015fa\u015f\u0131r\u0131r. Uzun, tuhaf elbisesi ve devasa \u015fapkas\u0131yla Bayan Charlotte, kitaplar\u0131n\u0131 bir market arabas\u0131na koyup dola\u015ft\u0131rmaya \u00e7\u0131kar\u0131r ve \u00e7ocuklara okuman\u0131n e\u011flenceli olabilece\u011fini g\u00f6sterir. Bazen hik\u00e2yelerin b\u00fcy\u00fcs\u00fcne kendini \u00f6yle kapt\u0131r\u0131r ki ger\u00e7eklik alg\u0131s\u0131n\u0131 yitirir.\u00d6yle ki bir g\u00fcn bir hikayenin i\u00e7ine d\u00fc\u015f\u00fcp bilincini hepten kaybeder. \u015eimdi \u00e7ocuklar onu geri getirmenin bir yolunu bulmak zorundad\u0131r.Dominique Demers\u2019in sevilen serisi Bayan Charlotte\u2019un Maceralar\u0131 devam ediyor! Tony Ross\u2019un resimledi\u011fi Gizemli K\u00fct\u00fcphaneci, kitaplar\u0131n sihirli ve ilham verici g\u00fcc\u00fcyle ilgili muhte\u015fem bir hikaye!<\/p>\n","protected":false},"excerpt":{"rendered":"<p>Gizemli k\u00fct\u00fcphaneci Bayan Charlotte, Saint-Anatole kasabas\u0131n\u0131n ardiyeden bozma k\u00fc\u00e7\u00fck k\u00fct\u00fcphanesinin ba\u015f\u0131na ge\u00e7er. Kasaba halk\u0131 onun i\u015fleri herkesten farkl\u0131 yapt\u0131\u011f\u0131n\u0131 g\u00f6r\u00fcp \u015fa\u015f\u0131r\u0131r. Uzun, tuhaf elbisesi ve devasa<span class=\"excerpt-hellip\"> [\u2026]<\/span><\/p>\n","protected":false},"featured_media":0,"template":"","meta":{"_monsterinsights_skip_tracking":false,"_monsterinsights_sitenote_active":false,"_monsterinsights_sitenote_note":"","_monsterinsights_sitenote_category":0},"product_brand":[],"product_cat":[12291,12711],"product_tag":[],"class_list":{"0":"post-718094","1":"product","2":"type-product","3":"status-publish","5":"product_cat-edebiyat","6":"product_cat-roman-oyku","7":"pa_cilt-ciltsiz","8":"pa_tur-kitap","9":"pa_yayinevi-can-cocuk-yayinlari","10":"pa_yazar-dominique-demers","12":"first","13":"instock","14":"sale","15":"shipping-taxable","16":"purchasable","17":"product-type-simple"},"_links":{"self":[{"href":"https:\/\/roveyayinevi.com.tr\/index.php\/wp-json\/wp\/v2\/product\/718094","targetHints":{"allow":["GET"]}}],"collection":[{"href":"https:\/\/roveyayinevi.com.tr\/index.php\/wp-json\/wp\/v2\/product"}],"about":[{"href":"https:\/\/roveyayinevi.com.tr\/index.php\/wp-json\/wp\/v2\/types\/product"}],"wp:attachment":[{"href":"https:\/\/roveyayinevi.com.tr\/index.php\/wp-json\/wp\/v2\/media?parent=718094"}],"wp:term":[{"taxonomy":"product_brand","embeddable":true,"href":"https:\/\/roveyayinevi.com.tr\/index.php\/wp-json\/wp\/v2\/product_brand?post=718094"},{"taxonomy":"product_cat","embeddable":true,"href":"https:\/\/roveyayinevi.com.tr\/index.php\/wp-json\/wp\/v2\/product_cat?post=718094"},{"taxonomy":"product_tag","embeddable":true,"href":"https:\/\/roveyayinevi.com.tr\/index.php\/wp-json\/wp\/v2\/product_tag?post=718094"}],"curies":[{"name":"wp","href":"https:\/\/api.w.org\/{rel}","templated":true}]}}