{"id":718091,"date":"2025-08-27T18:03:59","date_gmt":"2025-08-27T15:03:59","guid":{"rendered":"https:\/\/roveyayinevi.com.tr\/index.php\/urun\/acik-yesil-teorisi-ve-pratigi-ile-bir-ekoloji-rehberi\/"},"modified":"2026-04-16T02:26:18","modified_gmt":"2026-04-15T23:26:18","slug":"acik-yesil-teorisi-ve-pratigi-ile-bir-ekoloji-rehberi","status":"publish","type":"product","link":"https:\/\/roveyayinevi.com.tr\/index.php\/urun\/acik-yesil-teorisi-ve-pratigi-ile-bir-ekoloji-rehberi\/","title":{"rendered":"A\u00e7\u0131k Ye\u015fil: Teorisi ve Prati\u011fi ile Bir Ekoloji Rehberi"},"content":{"rendered":"<p>On y\u0131l\u0131 a\u015fk\u0131n s\u00fcredir A\u00e7\u0131k Radyo\u2019da devam eden, T\u00fcrkiye ve d\u00fcnya \u00e7ap\u0131nda ekoloji m\u00fccadelesinin seyrini kay\u0131t alt\u0131na alan A\u00e7\u0131k Ye\u015fil\u2019den bir ekoloji rehberi. \u00dcstelik teorisi ve prati\u011fi ile.A\u00e7\u0131k Ye\u015fil\u2019in bu birinci kitab\u0131, her g\u00fcn 150 ila 200 canl\u0131 t\u00fcr\u00fcn\u00fcn yok oldu\u011fu, iklim krizinin t\u00fcm d\u00fcnyan\u0131n g\u00fcndemine oturdu\u011fu \u0130nsan \u00c7a\u011f\u0131\u2019nda (Antroposen) \u00e7evre ve iklim hareketlerinin teorik temellerini ortaya koyman\u0131n yan\u0131 s\u0131ra, T\u00fcrkiye\u2019nin ve d\u00fcnyan\u0131n d\u00f6rt bir yan\u0131ndan alan kay\u0131tlar\u0131 ve m\u00fclakatlara yer verilen bir ba\u015fvuru kayna\u011f\u0131 niteli\u011fi ta\u015f\u0131yor.Ye\u015fil d\u00fc\u015f\u00fcncenin k\u00f6kl\u00fc tarihinden d\u00fc\u015f\u00fcn\u00fcrler ve aktivistler hakk\u0131nda \u00f6zel dosyalar\u0131n da yer ald\u0131\u011f\u0131 bu rehber kitap, \u00e7evre muharibi ve grevci Greta Thunberg\u2019in, \u201cEvimiz yan\u0131yor!\u201d diyerek i\u015faret etti\u011fi iklim krizinden hep birlikte nas\u0131l \u00e7\u0131kabilece\u011fimize ili\u015fkin yeni bak\u0131\u015f a\u00e7\u0131lar\u0131na kaynakl\u0131k ederken, kainattaki yeg\u00e2ne evimize kar\u015f\u0131 sorumluluklar\u0131m\u0131z\u0131 da yeniden g\u00f6zden ge\u00e7irmeye davet ediyor.<\/p>\n","protected":false},"excerpt":{"rendered":"<p>On y\u0131l\u0131 a\u015fk\u0131n s\u00fcredir A\u00e7\u0131k Radyo\u2019da devam eden, T\u00fcrkiye ve d\u00fcnya \u00e7ap\u0131nda ekoloji m\u00fccadelesinin seyrini kay\u0131t alt\u0131na alan A\u00e7\u0131k Ye\u015fil\u2019den bir ekoloji rehberi. \u00dcstelik teorisi ve<span class=\"excerpt-hellip\"> [\u2026]<\/span><\/p>\n","protected":false},"featured_media":0,"template":"","meta":{"_monsterinsights_skip_tracking":false,"_monsterinsights_sitenote_active":false,"_monsterinsights_sitenote_note":"","_monsterinsights_sitenote_category":0},"product_brand":[],"product_cat":[15983,13488],"product_tag":[],"class_list":{"0":"post-718091","1":"product","2":"type-product","3":"status-publish","5":"product_cat-iletisim-ve-medya","6":"product_cat-toplum-ve-insan","7":"pa_cilt-ciltsiz","8":"pa_tur-kitap","9":"pa_yayinevi-can-yayinlari","10":"pa_yazar-kolektif","12":"first","13":"instock","14":"sale","15":"shipping-taxable","16":"purchasable","17":"product-type-simple"},"_links":{"self":[{"href":"https:\/\/roveyayinevi.com.tr\/index.php\/wp-json\/wp\/v2\/product\/718091","targetHints":{"allow":["GET"]}}],"collection":[{"href":"https:\/\/roveyayinevi.com.tr\/index.php\/wp-json\/wp\/v2\/product"}],"about":[{"href":"https:\/\/roveyayinevi.com.tr\/index.php\/wp-json\/wp\/v2\/types\/product"}],"wp:attachment":[{"href":"https:\/\/roveyayinevi.com.tr\/index.php\/wp-json\/wp\/v2\/media?parent=718091"}],"wp:term":[{"taxonomy":"product_brand","embeddable":true,"href":"https:\/\/roveyayinevi.com.tr\/index.php\/wp-json\/wp\/v2\/product_brand?post=718091"},{"taxonomy":"product_cat","embeddable":true,"href":"https:\/\/roveyayinevi.com.tr\/index.php\/wp-json\/wp\/v2\/product_cat?post=718091"},{"taxonomy":"product_tag","embeddable":true,"href":"https:\/\/roveyayinevi.com.tr\/index.php\/wp-json\/wp\/v2\/product_tag?post=718091"}],"curies":[{"name":"wp","href":"https:\/\/api.w.org\/{rel}","templated":true}]}}