{"id":718089,"date":"2025-08-27T18:03:58","date_gmt":"2025-08-27T15:03:58","guid":{"rendered":"https:\/\/roveyayinevi.com.tr\/index.php\/urun\/cogito-sayi-52-walter-benjamin\/"},"modified":"2026-04-16T02:26:18","modified_gmt":"2026-04-15T23:26:18","slug":"cogito-sayi-52-walter-benjamin","status":"publish","type":"product","link":"https:\/\/roveyayinevi.com.tr\/index.php\/urun\/cogito-sayi-52-walter-benjamin\/","title":{"rendered":"Cogito Say\u0131 52 &#8211; Walter Benjamin"},"content":{"rendered":"<p>Cogito&#8217;dan Walter Benjamin&#8217;in Cogito&#8217;su Besim F. Dellalo\u011flu Walter BenjaminBesim F. Dellalo\u011flu &#8211; Asl\u0131 Odman-Sibel Yard\u0131mc\u0131 Walter Benjamin&#8217;le ola\u011fan\u00fcst\u00fc Haller Walter Benjamin Eduard Fuchs: Koleksiyoncu ve Tarih\u00e7i O\u011fuz Demiralp Tuhaf Bir \u00c7ocuk Buket Okucu Huzursuz E. \u00c7i\u011fdem Artan Foto\u011fraf\u0131n Sanatsal De\u011ferinin \u00d6tesinde Kullan\u0131m Alanlar\u0131 \u00dczerine Bir Tart\u0131\u015fma: Bilgi mi, Propaganda m\u0131? Tu\u011fba Do\u011fan Walter Benjamin&#8217;de ve Yusuf At\u0131lgan&#8217;da Fl\u00e2neur \u0130mgesi \u00dczerine Bir Deneme Walter Benjamin Franz Kafka-\u00d6l\u00fcm\u00fcn\u00fcn Onuncu Y\u0131l D\u00f6n\u00fcm\u00fc \u0130\u00e7in T\u00fcker Armaner Port-Bou&#8217;da Susan Dil:Walter Benjamin Erkan T\u00fcz\u00fcn Benjamin, Deleuze, Nietzsche Stefan Gandler Tarih Mele\u011fi Neden Geriye Bak\u0131yor? Walter Benjamin Zentralpark Recep Alpya\u011f\u0131l Benjamin&#8217;in Mistisizmine &#8220;\u00dc\u00e7 Y\u00f6nl\u00fc Yol&#8221; Zeliha Burtek D\u00f6n\u00fc\u015f ve Cesaret: H\u00f6lderlin ve Benjamin S\u00fcreyya Su Foto\u011fraf ve Sanat F\u0131rat Mollaer Walter Benjamin&#8217;in \u00c7a\u011f\u0131m\u0131zda Tahayy\u00fcl Etmek T\u00fcrk\u00e7ede Walter Benjamin Bibliyografyas\u0131 <\/p>\n","protected":false},"excerpt":{"rendered":"<p>Cogito&#8217;dan Walter Benjamin&#8217;in Cogito&#8217;su Besim F. Dellalo\u011flu Walter BenjaminBesim F. Dellalo\u011flu &#8211; Asl\u0131 Odman-Sibel Yard\u0131mc\u0131 Walter Benjamin&#8217;le ola\u011fan\u00fcst\u00fc Haller Walter Benjamin Eduard Fuchs: Koleksiyoncu ve Tarih\u00e7i<span class=\"excerpt-hellip\"> [\u2026]<\/span><\/p>\n","protected":false},"featured_media":0,"template":"","meta":{"_monsterinsights_skip_tracking":false,"_monsterinsights_sitenote_active":false,"_monsterinsights_sitenote_note":"","_monsterinsights_sitenote_category":0},"product_brand":[],"product_cat":[30023,13527],"product_tag":[],"class_list":{"0":"post-718089","1":"product","2":"type-product","3":"status-publish","5":"product_cat-edebiyat-sureli-yayinlar","6":"product_cat-sureli-yayinlar","7":"pa_cilt-ciltsiz","8":"pa_tur-dergi","9":"pa_yayinevi-yapi-kredi-yayinlari-dergi","10":"pa_yazar-kolektif","12":"first","13":"instock","14":"sale","15":"shipping-taxable","16":"purchasable","17":"product-type-simple"},"_links":{"self":[{"href":"https:\/\/roveyayinevi.com.tr\/index.php\/wp-json\/wp\/v2\/product\/718089","targetHints":{"allow":["GET"]}}],"collection":[{"href":"https:\/\/roveyayinevi.com.tr\/index.php\/wp-json\/wp\/v2\/product"}],"about":[{"href":"https:\/\/roveyayinevi.com.tr\/index.php\/wp-json\/wp\/v2\/types\/product"}],"wp:attachment":[{"href":"https:\/\/roveyayinevi.com.tr\/index.php\/wp-json\/wp\/v2\/media?parent=718089"}],"wp:term":[{"taxonomy":"product_brand","embeddable":true,"href":"https:\/\/roveyayinevi.com.tr\/index.php\/wp-json\/wp\/v2\/product_brand?post=718089"},{"taxonomy":"product_cat","embeddable":true,"href":"https:\/\/roveyayinevi.com.tr\/index.php\/wp-json\/wp\/v2\/product_cat?post=718089"},{"taxonomy":"product_tag","embeddable":true,"href":"https:\/\/roveyayinevi.com.tr\/index.php\/wp-json\/wp\/v2\/product_tag?post=718089"}],"curies":[{"name":"wp","href":"https:\/\/api.w.org\/{rel}","templated":true}]}}

Cogito Sayı 52 &#8211; Walter Benjamin

<p>Cogito&#8217;dan Walter Benjamin&#8217;in Cogito&#8217;su Besim F. Dellaloğlu Walter BenjaminBesim F. Dellaloğlu &#8211; Aslı Odman-Sibel Yardımcı Walter Benjamin&#8217;le olağanüstü Haller Walter Benjamin Eduard Fuchs: Koleksiyoncu ve Tarihçi Oğuz Demiralp Tuhaf Bir Çocuk Buket Okucu Huzursuz E. Çiğdem Artan Fotoğrafın Sanatsal Değerinin Ötesinde Kullanım Alanları Üzerine Bir Tartışma: Bilgi mi, Propaganda mı? Tuğba Doğan Walter Benjamin&#8217;de ve Yusuf Atılgan&#8217;da Flâneur İmgesi Üzerine Bir Deneme Walter Benjamin Franz Kafka-Ölümünün Onuncu Yıl Dönümü İçin Tüker Armaner Port-Bou&#8217;da Susan Dil:Walter Benjamin Erkan Tüzün Benjamin, Deleuze, Nietzsche Stefan Gandler Tarih Meleği Neden Geriye Bakıyor? Walter Benjamin Zentralpark Recep Alpyağıl Benjamin&#8217;in Mistisizmine &#8220;Üç Yönlü Yol&#8221; Zeliha Burtek Dönüş ve Cesaret: Hölderlin ve Benjamin Süreyya Su Fotoğraf ve Sanat Fırat Mollaer Walter Benjamin&#8217;in Çağımızda Tahayyül Etmek Türkçede Walter Benjamin Bibliyografyası </p>

<p>Cogito&#8217;dan Walter Benjamin&#8217;in Cogito&#8217;su Besim F. Dellaloğlu Walter BenjaminBesim F. Dellaloğlu &#8211; Aslı Odman-Sibel Yardımcı Walter Benjamin&#8217;le olağanüstü Haller Walter Benjamin Eduard Fuchs: Koleksiyoncu ve Tarihçi<span class="excerpt-hellip"> […]</span></p>
