{"id":718086,"date":"2025-08-27T18:03:56","date_gmt":"2025-08-27T15:03:56","guid":{"rendered":"https:\/\/roveyayinevi.com.tr\/index.php\/urun\/kar-3\/"},"modified":"2026-04-16T02:26:18","modified_gmt":"2026-04-15T23:26:18","slug":"kar-3","status":"publish","type":"product","link":"https:\/\/roveyayinevi.com.tr\/index.php\/urun\/kar-3\/","title":{"rendered":"Kar"},"content":{"rendered":"<p>Y\u0131ld\u0131zlara s\u0131\u011f\u0131n\u0131p, sonsuzlu\u011fa yemin etti\u011fimiz o b\u00fcy\u00fcl\u00fc gecenin sahibiydi ilkbahar\u2026 Ve sonsuzlu\u011fumuza g\u00f6lge d\u00fc\u015f\u00fcren, karanl\u0131k g\u00fcnlerimizin sahibi yaz&#8230; Bir sonbahar g\u00fcn\u00fcyd\u00fc ya\u015fananlar\u0131 ard\u0131m\u0131zda b\u0131rak\u0131p her \u015feye ra\u011fmen s\u0131k\u0131 s\u0131k\u0131 sar\u0131ld\u0131\u011f\u0131m\u0131zda\u2026 Ve ellerimizi ay\u0131rmak isteyen kim varsa, onlara kar\u015f\u0131 var g\u00fcc\u00fcm\u00fczle sava\u015fmaya karar verdi\u011fimiz g\u00fcnlerin sahibiydi k\u0131\u015f\u2026 Hedefine ula\u015fmak ad\u0131na, kar\u015f\u0131s\u0131na \u00e7\u0131kan t\u00fcm engelleri ortadan kald\u0131rmak i\u00e7in g\u00f6z\u00fcn\u00fc iyice karartan mesajc\u0131, ak\u0131l almaz oyunlar\u0131yla istedi\u011fini elde edene kadar s\u0131n\u0131rlar\u0131 zorlamaya haz\u0131rd\u0131r. Kusursuz i\u015fleyen oyunlar\u0131yla bir labirent misali ikilinin etraf\u0131n\u0131 ku\u015fatm\u0131\u015ft\u0131r. Ancak \u00c7\u0131nar ve Bal\u0131n\u2019\u0131n her \u015feye kar\u015f\u0131 \u00e7areyi yine birbirlerine s\u0131\u011f\u0131nmakta bulmalar\u0131 mesajc\u0131n\u0131n hi\u00e7 ho\u015funa gitmeyecektir. \u0130kili, hayatlar\u0131n\u0131 bamba\u015fka bir noktaya ta\u015f\u0131yan mesajlar\u0131n ard\u0131ndaki ki\u015fiyi \u00f6\u011frendi\u011finde ne yapacakt\u0131r?   Mesajc\u0131yla tan\u0131\u015fmak onlar i\u00e7in hi\u00e7 kolay olmayacakt\u0131r\u2026   &#8220;Masal\u0131m\u0131z defalarca yabanc\u0131lar taraf\u0131ndan y\u0131rt\u0131ld\u0131 fakat hi\u00e7biri sar\u0131ld\u0131\u011f\u0131m\u0131z sayfalara dokunmaya cesaret edemedi.&#8221;  <\/p>\n","protected":false},"excerpt":{"rendered":"<p>Y\u0131ld\u0131zlara s\u0131\u011f\u0131n\u0131p, sonsuzlu\u011fa yemin etti\u011fimiz o b\u00fcy\u00fcl\u00fc gecenin sahibiydi ilkbahar\u2026 Ve sonsuzlu\u011fumuza g\u00f6lge d\u00fc\u015f\u00fcren, karanl\u0131k g\u00fcnlerimizin sahibi yaz&#8230; Bir sonbahar g\u00fcn\u00fcyd\u00fc ya\u015fananlar\u0131 ard\u0131m\u0131zda b\u0131rak\u0131p her \u015feye<span class=\"excerpt-hellip\"> [\u2026]<\/span><\/p>\n","protected":false},"featured_media":0,"template":"","meta":{"_monsterinsights_skip_tracking":false,"_monsterinsights_sitenote_active":false,"_monsterinsights_sitenote_note":"","_monsterinsights_sitenote_category":0},"product_brand":[],"product_cat":[14643,12291],"product_tag":[],"class_list":{"0":"post-718086","1":"product","2":"type-product","3":"status-publish","5":"product_cat-ask","6":"product_cat-edebiyat","7":"pa_cilt-ciltsiz","8":"pa_tur-kitap","9":"pa_yayinevi-ephesus-yayinlari","10":"pa_yazar-emre-gul","12":"first","13":"instock","14":"sale","15":"shipping-taxable","16":"purchasable","17":"product-type-simple"},"_links":{"self":[{"href":"https:\/\/roveyayinevi.com.tr\/index.php\/wp-json\/wp\/v2\/product\/718086","targetHints":{"allow":["GET"]}}],"collection":[{"href":"https:\/\/roveyayinevi.com.tr\/index.php\/wp-json\/wp\/v2\/product"}],"about":[{"href":"https:\/\/roveyayinevi.com.tr\/index.php\/wp-json\/wp\/v2\/types\/product"}],"wp:attachment":[{"href":"https:\/\/roveyayinevi.com.tr\/index.php\/wp-json\/wp\/v2\/media?parent=718086"}],"wp:term":[{"taxonomy":"product_brand","embeddable":true,"href":"https:\/\/roveyayinevi.com.tr\/index.php\/wp-json\/wp\/v2\/product_brand?post=718086"},{"taxonomy":"product_cat","embeddable":true,"href":"https:\/\/roveyayinevi.com.tr\/index.php\/wp-json\/wp\/v2\/product_cat?post=718086"},{"taxonomy":"product_tag","embeddable":true,"href":"https:\/\/roveyayinevi.com.tr\/index.php\/wp-json\/wp\/v2\/product_tag?post=718086"}],"curies":[{"name":"wp","href":"https:\/\/api.w.org\/{rel}","templated":true}]}}