{"id":718081,"date":"2025-08-27T18:03:53","date_gmt":"2025-08-27T15:03:53","guid":{"rendered":"https:\/\/roveyayinevi.com.tr\/index.php\/urun\/nizamul-mulk\/"},"modified":"2026-04-16T02:26:18","modified_gmt":"2026-04-15T23:26:18","slug":"nizamul-mulk","status":"publish","type":"product","link":"https:\/\/roveyayinevi.com.tr\/index.php\/urun\/nizamul-mulk\/","title":{"rendered":"Nizam\u00fcl M\u00fclk"},"content":{"rendered":"<p>B\u00fcy\u00fck Sel\u00e7uklu Devleti\u2019nin sultanlar\u0131na hem vezir hem atabeg olarak g\u00f6rev yapm\u0131\u015f olan Nizam\u00fclm\u00fclk, siyasi ki\u015fili\u011finin yan\u0131nda b\u00fcy\u00fck bir bilgedir. Sel\u00e7uklu Devleti\u2019nin m\u00fcesseselerinin te\u015fkilatlanmas\u0131 ve bu gelene\u011fin di\u011fer T\u00fcrk devletleri taraf\u0131ndan benimsenip gelenekselle\u015fmesi Nizam\u00fclm\u00fclk sayesinde olmu\u015ftur. Bilge Vezir\u2019in Do\u011fumunun 1000. y\u0131l\u0131na denk gelen bu y\u0131l, Tarihi \u0130nsan Yazar serisinde okurlar\u0131n ilgi ile okuyaca\u011f\u0131 bir kitap olarak yerini alm\u0131\u015ft\u0131r.<\/p>\n","protected":false},"excerpt":{"rendered":"<p>B\u00fcy\u00fck Sel\u00e7uklu Devleti\u2019nin sultanlar\u0131na hem vezir hem atabeg olarak g\u00f6rev yapm\u0131\u015f olan Nizam\u00fclm\u00fclk, siyasi ki\u015fili\u011finin yan\u0131nda b\u00fcy\u00fck bir bilgedir. Sel\u00e7uklu Devleti\u2019nin m\u00fcesseselerinin te\u015fkilatlanmas\u0131 ve bu gelene\u011fin<span class=\"excerpt-hellip\"> [\u2026]<\/span><\/p>\n","protected":false},"featured_media":0,"template":"","meta":{"_monsterinsights_skip_tracking":false,"_monsterinsights_sitenote_active":false,"_monsterinsights_sitenote_note":"","_monsterinsights_sitenote_category":0},"product_brand":[],"product_cat":[13946,12304],"product_tag":[],"class_list":{"0":"post-718081","1":"product","2":"type-product","3":"status-publish","5":"product_cat-biyografi-otobiyografi","6":"product_cat-tarih","7":"pa_cilt-ciltsiz","8":"pa_tur-kitap","9":"pa_yayinevi-erdem-yayinlari","10":"pa_yazar-erkan-goksu","12":"first","13":"instock","14":"sale","15":"shipping-taxable","16":"purchasable","17":"product-type-simple"},"_links":{"self":[{"href":"https:\/\/roveyayinevi.com.tr\/index.php\/wp-json\/wp\/v2\/product\/718081","targetHints":{"allow":["GET"]}}],"collection":[{"href":"https:\/\/roveyayinevi.com.tr\/index.php\/wp-json\/wp\/v2\/product"}],"about":[{"href":"https:\/\/roveyayinevi.com.tr\/index.php\/wp-json\/wp\/v2\/types\/product"}],"wp:attachment":[{"href":"https:\/\/roveyayinevi.com.tr\/index.php\/wp-json\/wp\/v2\/media?parent=718081"}],"wp:term":[{"taxonomy":"product_brand","embeddable":true,"href":"https:\/\/roveyayinevi.com.tr\/index.php\/wp-json\/wp\/v2\/product_brand?post=718081"},{"taxonomy":"product_cat","embeddable":true,"href":"https:\/\/roveyayinevi.com.tr\/index.php\/wp-json\/wp\/v2\/product_cat?post=718081"},{"taxonomy":"product_tag","embeddable":true,"href":"https:\/\/roveyayinevi.com.tr\/index.php\/wp-json\/wp\/v2\/product_tag?post=718081"}],"curies":[{"name":"wp","href":"https:\/\/api.w.org\/{rel}","templated":true}]}}