{"id":718080,"date":"2025-08-27T18:03:52","date_gmt":"2025-08-27T15:03:52","guid":{"rendered":"https:\/\/roveyayinevi.com.tr\/index.php\/urun\/esikteki-cocuk\/"},"modified":"2026-04-16T02:26:18","modified_gmt":"2026-04-15T23:26:18","slug":"esikteki-cocuk","status":"publish","type":"product","link":"https:\/\/roveyayinevi.com.tr\/index.php\/urun\/esikteki-cocuk\/","title":{"rendered":"E\u015fikteki \u00c7ocuk"},"content":{"rendered":"<p>Instagram\u2019da tween etiketi yaz\u0131ld\u0131\u011f\u0131nda yeti\u015fkinle\u015ftirilmi\u015f, cinselle\u015ftirilmi\u015f ve \u015f\u00f6hretle\u015ftirilmi\u015f y\u00fcz binlerce k\u0131z \u00e7ocu\u011funun payla\u015f\u0131mlar\u0131na rastlan\u0131r. Bijuteriden bikiniye, dudak parlat\u0131c\u0131s\u0131ndan gece uyuma g\u00f6zl\u00fc\u011f\u00fcne kadar her bir \u00fcr\u00fcn, cinsiyet\u00e7i bir \u201ck\u0131z \u00e7ocu\u011fu k\u00fclt\u00fcr\u00fc\u201dne  \u00f6zg\u00fc simgelerle bezelidir.\u015e\u00f6hret \u015fekerine bulan\u0131k payla\u015f\u0131mlarla #tween(s),\u2019 \u201cne \u00e7ocuk ne ergen\u201d arada s\u0131k\u0131\u015fm\u0131\u015f; \u201ce\u015fikteki \u00e7ocuk\u201dtur. T\u00fcrkiye\u2019de tween fenomen d\u00fcnyaya oranla \u00e7ok az, payla\u015f\u0131mlar daha \u00f6l\u00e7\u00fcl\u00fc; ama fenomen olma arzusu \u00e7ok y\u00fcksek! Keza elinizde tuttu\u011funuz bu kitap Insta\u015f\u00f6hret kimli\u011finin okullarda da taklit edildi\u011fini ve onun getirdi\u011fi sembolik kapitalin \u00f6zellikle de kolejdeki \u00e7ocu\u011fun sosyal stat\u00fcs\u00fcne transfer oldu\u011funu bulguluyor! Celebrity-end\u00fcstriyel kompleksinin bir \u00fcr\u00fcn\u00fcne d\u00f6n\u00fc\u015fen ve \u00e7ocuklu\u011fun masumiyetinden kopar\u0131larak feti\u015fle\u015ftirilen e\u015fikteki \u00e7ocu\u011fun g\u00f6sterdi\u011fi en \u00fcz\u00fcc\u00fc ger\u00e7ek ise: \u201c\u00c7ocuklu\u011fun yiti\u015fi\u201ddir.<\/p>\n","protected":false},"excerpt":{"rendered":"<p>Instagram\u2019da tween etiketi yaz\u0131ld\u0131\u011f\u0131nda yeti\u015fkinle\u015ftirilmi\u015f, cinselle\u015ftirilmi\u015f ve \u015f\u00f6hretle\u015ftirilmi\u015f y\u00fcz binlerce k\u0131z \u00e7ocu\u011funun payla\u015f\u0131mlar\u0131na rastlan\u0131r. Bijuteriden bikiniye, dudak parlat\u0131c\u0131s\u0131ndan gece uyuma g\u00f6zl\u00fc\u011f\u00fcne kadar her bir \u00fcr\u00fcn, cinsiyet\u00e7i<span class=\"excerpt-hellip\"> [\u2026]<\/span><\/p>\n","protected":false},"featured_media":0,"template":"","meta":{"_monsterinsights_skip_tracking":false,"_monsterinsights_sitenote_active":false,"_monsterinsights_sitenote_note":"","_monsterinsights_sitenote_category":0},"product_brand":[],"product_cat":[15983,13488],"product_tag":[],"class_list":{"0":"post-718080","1":"product","2":"type-product","3":"status-publish","5":"product_cat-iletisim-ve-medya","6":"product_cat-toplum-ve-insan","7":"pa_cilt-ciltsiz","8":"pa_tur-kitap","9":"pa_yayinevi-kirmizi-kedi-yayinevi","10":"pa_yazar-ebru-guzel","12":"first","13":"instock","14":"sale","15":"shipping-taxable","16":"purchasable","17":"product-type-simple"},"_links":{"self":[{"href":"https:\/\/roveyayinevi.com.tr\/index.php\/wp-json\/wp\/v2\/product\/718080","targetHints":{"allow":["GET"]}}],"collection":[{"href":"https:\/\/roveyayinevi.com.tr\/index.php\/wp-json\/wp\/v2\/product"}],"about":[{"href":"https:\/\/roveyayinevi.com.tr\/index.php\/wp-json\/wp\/v2\/types\/product"}],"wp:attachment":[{"href":"https:\/\/roveyayinevi.com.tr\/index.php\/wp-json\/wp\/v2\/media?parent=718080"}],"wp:term":[{"taxonomy":"product_brand","embeddable":true,"href":"https:\/\/roveyayinevi.com.tr\/index.php\/wp-json\/wp\/v2\/product_brand?post=718080"},{"taxonomy":"product_cat","embeddable":true,"href":"https:\/\/roveyayinevi.com.tr\/index.php\/wp-json\/wp\/v2\/product_cat?post=718080"},{"taxonomy":"product_tag","embeddable":true,"href":"https:\/\/roveyayinevi.com.tr\/index.php\/wp-json\/wp\/v2\/product_tag?post=718080"}],"curies":[{"name":"wp","href":"https:\/\/api.w.org\/{rel}","templated":true}]}}