{"id":718074,"date":"2025-08-27T18:03:49","date_gmt":"2025-08-27T15:03:49","guid":{"rendered":"https:\/\/roveyayinevi.com.tr\/index.php\/urun\/sarkilarla-turkulerle-keman-ogreniyorum-1\/"},"modified":"2026-04-16T02:26:18","modified_gmt":"2026-04-15T23:26:18","slug":"sarkilarla-turkulerle-keman-ogreniyorum-1","status":"publish","type":"product","link":"https:\/\/roveyayinevi.com.tr\/index.php\/urun\/sarkilarla-turkulerle-keman-ogreniyorum-1\/","title":{"rendered":"\u015eark\u0131larla T\u00fcrk\u00fclerle Keman \u00d6\u011freniyorum 1"},"content":{"rendered":"<p>I.Kitap 5 ad\u0131mdan olu\u015fmaktad\u0131r.Her ad\u0131mda yeni bir \u00f6\u011frenme alan\u0131 olu\u015fturulmu\u015ftur. Ad\u0131mlar ilerlerken, keman \u00f6\u011frenme yolculu\u011funun ba\u015f\u0131nda olan \u00f6\u011frencinin, tekerleme, \u015fark\u0131 ve t\u00fcrk\u00fclerle keman e\u011fitiminden zevk alabilece\u011fi bir ba\u015flang\u0131\u00e7 yapabilmesi ama\u00e7lanm\u0131\u015ft\u0131r.\u00c7ocuklar\u0131n \u00e7alacaklar\u0131 par\u00e7ay\u0131 rahat seslendirebilmeleri amac\u0131yla \u201cre\u201d teli ile ba\u015flang\u0131\u00e7 yap\u0131lm\u0131\u015ft\u0131rI. KitapRe ve la tellerinde 1.,2.ve 3. parma\u011f\u0131n kullan\u0131m\u0131n\u0131 \u0130kilik, d\u00f6rtl\u00fck ve sekizlik nota de\u011ferlerini kapsamaktad\u0131r.14 Tane \u00d6zg\u00fcn Par\u00e7a- S\u00f6zl\u00fc10 Tane Tekerleme-( S\u00f6zl\u00fc)6 Tane Aktarma \u015eark\u0131-( S\u00f6zl\u00fc)5 Tane Dizisel Al\u0131\u015ft\u0131rma-( S\u00f6zl\u00fc)1 Tane T\u00fcrk\u00fc-( S\u00f6zl\u00fc) kemana ba\u015flang\u0131\u00e7 seviyesi i\u00e7in uyarlanm\u0131\u015ft\u0131r.Ba\u011fl\u0131 \u00e7al\u0131\u015fmalara ve onalt\u0131l\u0131k tart\u0131mlara II.kitapta yer verilmi\u015ftir.T\u00fcm \u00e7ocuklara m\u00fczik dolu g\u00fcnler &#8230;<\/p>\n","protected":false},"excerpt":{"rendered":"<p>I.Kitap 5 ad\u0131mdan olu\u015fmaktad\u0131r.Her ad\u0131mda yeni bir \u00f6\u011frenme alan\u0131 olu\u015fturulmu\u015ftur. Ad\u0131mlar ilerlerken, keman \u00f6\u011frenme yolculu\u011funun ba\u015f\u0131nda olan \u00f6\u011frencinin, tekerleme, \u015fark\u0131 ve t\u00fcrk\u00fclerle keman e\u011fitiminden zevk alabilece\u011fi<span class=\"excerpt-hellip\"> [\u2026]<\/span><\/p>\n","protected":false},"featured_media":0,"template":"","meta":{"_monsterinsights_skip_tracking":false,"_monsterinsights_sitenote_active":false,"_monsterinsights_sitenote_note":"","_monsterinsights_sitenote_category":0},"product_brand":[],"product_cat":[14556,20810],"product_tag":[],"class_list":{"0":"post-718074","1":"product","2":"type-product","3":"status-publish","5":"product_cat-muzik","6":"product_cat-ogrenim-kitaplari","7":"pa_cilt-ciltsiz","8":"pa_tur-kitap","9":"pa_yayinevi-soncag-akademik-kitaplar","10":"pa_yazar-dilek-ozcelik-herdem","12":"first","13":"instock","14":"sale","15":"shipping-taxable","16":"purchasable","17":"product-type-simple"},"_links":{"self":[{"href":"https:\/\/roveyayinevi.com.tr\/index.php\/wp-json\/wp\/v2\/product\/718074","targetHints":{"allow":["GET"]}}],"collection":[{"href":"https:\/\/roveyayinevi.com.tr\/index.php\/wp-json\/wp\/v2\/product"}],"about":[{"href":"https:\/\/roveyayinevi.com.tr\/index.php\/wp-json\/wp\/v2\/types\/product"}],"wp:attachment":[{"href":"https:\/\/roveyayinevi.com.tr\/index.php\/wp-json\/wp\/v2\/media?parent=718074"}],"wp:term":[{"taxonomy":"product_brand","embeddable":true,"href":"https:\/\/roveyayinevi.com.tr\/index.php\/wp-json\/wp\/v2\/product_brand?post=718074"},{"taxonomy":"product_cat","embeddable":true,"href":"https:\/\/roveyayinevi.com.tr\/index.php\/wp-json\/wp\/v2\/product_cat?post=718074"},{"taxonomy":"product_tag","embeddable":true,"href":"https:\/\/roveyayinevi.com.tr\/index.php\/wp-json\/wp\/v2\/product_tag?post=718074"}],"curies":[{"name":"wp","href":"https:\/\/api.w.org\/{rel}","templated":true}]}}